{"id":946,"date":"2016-07-10T14:38:49","date_gmt":"2016-07-10T14:38:49","guid":{"rendered":"http:\/\/elbschule.hamburg.de\/?page_id=946"},"modified":"2016-07-12T10:43:03","modified_gmt":"2016-07-12T10:43:03","slug":"sport-st-pauli-ganz-oben","status":"publish","type":"page","link":"https:\/\/elbschule.hamburg.de\/?page_id=946","title":{"rendered":"Liebe &#8211; Sch\u00fclerzeitung Kl. 8I"},"content":{"rendered":"<h4><strong>Beziehungen <\/strong><strong>\u00a0<\/strong>von Marike Rybka<\/h4>\n<p>Die meisten Menschen sind in einer Beziehung. Das kann das Leben <a href=\"https:\/\/elbschule.hamburg.de\/wp-content\/uploads\/sites\/127\/2016\/07\/Herzen.jpg\" data-rel=\"lightbox\" data-rl_title=\"\" data-rl_caption=\"\" title=\"\"><img loading=\"lazy\" decoding=\"async\" class=\"alignleft size-full wp-image-955\" src=\"https:\/\/elbschule.hamburg.de\/wp-content\/uploads\/sites\/127\/2016\/07\/Herzen.jpg\" alt=\"Herzen\" width=\"157\" height=\"89\" \/><\/a>viel sch\u00f6ner machen, wenn man sich gut versteht und nicht st\u00e4ndig streitet. Daran muss man arbeiten.<\/p>\n<p>In einer Beziehung muss man sich M\u00fche geben und Kompromisse eingehen. Streit geh\u00f6rt trotzdem dazu. Aber man muss miteinander reden und um die Beziehung k\u00e4mpfen. Man muss der Person zeigen, dass man sie liebt und ihr Kompliment machen.<\/p>\n<p>Beide Seiten haben Verantwortung, damit die Beziehung gut funktioniert. Alle Menschen haben Probleme, die nicht einfach weggehen, nur weil man einen Freund oder eine Freundin hat. Man muss selbst daf\u00fcr sorgen, dass man gl\u00fccklich ist. Wenn man seinen Partner \u00e4ndern m\u00f6chte, klappt die Beziehung nicht. Man muss den Partner so nehmen wie er ist. Man muss aufpassen, dass die Beziehung einen selbst nicht ver\u00e4ndert. Denn dann kann man eigene Freunde verlieren. Manchmal sollte man auch auf den Rat der besten Freunde h\u00f6ren.<\/p>\n<p>Aber das Wichtigste ist das Vertrauen. Das Vertrauen ist das A &amp; O in einer Beziehung. L\u00fcgen k\u00f6nnen die Beziehung kaputt machen. Man sollte seinen Freunden den Rat geben, nicht fremd zu gehen.<\/p>\n<p>Wenn man mich fragt, sollte man in der Beziehung gut miteinander umgehen. Also versuchen sich nicht zu streiten.<\/p>\n<p>___________________________________________________________________________<\/p>\n<h4><strong>Freundschaft <\/strong>von Sarah<\/h4>\n<p>Es gibt viele Arten von Freundschaft.<\/p>\n<p>Jeder hat mindestens von jeder Art einen Freund: Ob verr\u00fcckt, ruhig, nervig usw. Freundschaft ist Gl\u00fcck und nicht alle Freunde, die man hat sind wahre Freunde. Man erkennt wahre Freunde dann, wenn man Hilfe braucht. Wenn sie helfen und dir zuh\u00f6ren, sind sie wahre Freunde, aber wenn sie dir nicht helfen, sind es keine wahre Freunde.<\/p>\n<p>\u201eMenschen sind wie Farbe, nicht jeder wird dich m\u00f6gen, aber es wird immer jemanden geben, deren Lieblingsfarbe du bist!\u201c<\/p>\n<p>Jeder hat einen besten Freund oder eine beste Freundin, die immer f\u00fcr dich da ist. Sie wird ein Teil von dir, ein Teil im Leben, ein Teil im Herz. Sie h\u00f6rt dir zu und sie will nur das Beste f\u00fcr dich.<\/p>\n<p>Es gab mal 2 Freundinnen. Die eine fragte die andere<\/p>\n<p>\u201eWas ist dir wichtiger: Ich oder dein Leben?\u201c<\/p>\n<p>Das andere M\u00e4dchen sagte \u201eMein Leben\u201c<\/p>\n<p>Das andere M\u00e4dchen ist gegangen, ohne zu wissen dass, sie ihr Leben ist.<\/p>\n<p>Aber was man nicht machen sollte in einer Freundschaft, ist l\u00e4stern und l\u00fcgen.<\/p>\n<p>Ich rate euch eins: Seid ehrlich und offen mit euren Freunden und sagt ihnen, wenn euch etwas st\u00f6rt an der Person.<\/p>\n<p>___________________________________________________________________________<\/p>\n<h4><strong>Die teils wahre Liebesgeschichte eines Sch\u00fclers<\/strong><\/h4>\n<p><strong>&#8211;Vor einem halben Jahr\u2014<\/strong><\/p>\n<p>Es gab mal ein Sch\u00fcler aus der Elbschule, der sich vor einem halben Jahr in eine neue Sch\u00fclerin verliebt hat. Er versuchte ihr Herz zu gewinnen, aber sie sagte, dass sie keinen neuen Freund haben will.<\/p>\n<p>Er holt Hilfe von einer Klassenfreundin und seinem besten Freund. Die beiden sagten ihm sp\u00e4ter, dass er zu jung f\u00fcr sie ist. Er wurde traurig, aber h\u00f6rte nie auf, ihr Herz zu gewinnen.<\/p>\n<p>Sie hatte mal einen Freund, mit dem sie 3 Monate zusammen war.<\/p>\n<p><strong>&#8211;Vor ein paar Monaten&#8211;<\/strong><\/p>\n<p>Der Sch\u00fcler schrieb mit ihr fast jeden Tag. Er hat ihr eine Schokoladenschachtel mit Schokolade geschenkt. Sie hat sich gefreut und umarmte ihn. Nat\u00fcrlich freute er sich auch, als sie ihn umarmte.<\/p>\n<p>Er versuchte, mit ihr auszugehen, ins Kino zu gehen. Aber sie hatte viel zu tun. Nat\u00fcrlich schrieben sie noch viel.<\/p>\n<p>Sie sahen sich an manchen Unterrichtzeiten, in den Pausen und nach der Schule.<\/p>\n<p><strong>&#8211;Jetzt&#8211;<\/strong><\/p>\n<p>Er schaut auf seinem Handy nach sch\u00f6nen Texten und Fakten. Er machte ein paar Screenshots und sendet ihr ein paar Bilder.<\/p>\n<p>Die Verabredung ins Kino zu gehen hat nicht funktioniert. Sie haben das auf die n\u00e4chsten vier Wochen verschoben.<\/p>\n<p>Ein besonderer Tag r\u00fcckt n\u00e4her. Sie findet am Freitag statt.<\/p>\n<p>Der Sch\u00fcler hatte einen Traum, wo sie bei ihm war und die beiden die ganze Zeit gekuschelt haben. Es wurde Abend und die beiden liegen im Bett. Als er aufwachte, erz\u00e4hlte er ihr das Ganze, was er getr\u00e4umt hatte. Sie fand das s\u00fc\u00df.<\/p>\n<p><strong>&#8211;Nach ein paar Monaten&#8211;<\/strong><\/p>\n<p>Sie verl\u00e4sst die Schule, weil sie in der Abschlussklasse war, und er wurde ganz traurig. Er \u00fcberlegt immer noch, ob sie zusammen geh\u00f6ren oder nicht. Das Leben ist nie einfach.<\/p>\n<p><strong>&#8211;15 Jahre sp\u00e4ter&#8211;<\/strong><\/p>\n<p>Sie leben gl\u00fccklich zusammen. Sie haben 2 Kinder und ein Haustier. Bis jetzt haben sie selten Streit. L\u00dcGE!! FAKE!!! ALS OOOOOB!!!!!\u00a0\u00a0\u00a0\u00a0\u00a0\u00a0 \u00a0\u00a0\u00a0\u00a0\u00a0\u00a0\u00a0\u00a0\u00a0\u00a0\u00a0\u00a0\u00a0\u00a0\u00a0\u00a0\u00a0\u00a0\u00a0\u00a0\u00a0\u00a0\u00a0\u00a0\u00a0\u00a0\u00a0\u00a0\u00a0\u00a0\u00a0\u00a0\u00a0\u00a0\u00a0\u00a0\u00a0\u00a0\u00a0\u00a0\u00a0\u00a0\u00a0\u00a0\u00a0Von Moritz L\u00fcdeke<\/p>\n<p>___________________________________________________________________________<\/p>\n<h4><strong>Interview mit Philip<a href=\"https:\/\/elbschule.hamburg.de\/wp-content\/uploads\/sites\/127\/2016\/07\/Herzen.jpg\" data-rel=\"lightbox\" data-rl_title=\"\" data-rl_caption=\"\" title=\"\"><img loading=\"lazy\" decoding=\"async\" class=\" wp-image-955 alignright\" src=\"https:\/\/elbschule.hamburg.de\/wp-content\/uploads\/sites\/127\/2016\/07\/Herzen.jpg\" alt=\"Herzen\" width=\"203\" height=\"115\" \/><\/a><\/strong><\/h4>\n<p>Thema: Liebe<\/p>\n<p>N: <strong>Macht dich Liebe gl\u00fccklich?<\/strong><\/p>\n<p>Philip : Ja<\/p>\n<p>N: <strong>Wie lern<\/strong><strong>t man jemanden kennen? Hast du <\/strong><strong>Tipps?<\/strong><\/p>\n<p>Philip: Leute ansprechen.<\/p>\n<p>N: <strong>Warst du schon mal eifers\u00fcchtig?<\/strong><\/p>\n<p>Philip: Ja.<\/p>\n<p>N: <strong>Magst du die Liebe?<\/strong><\/p>\n<p>Philip: Ja.<\/p>\n<p>N: <strong>Warum magst du die Liebe?<\/strong><\/p>\n<p>Philip: Ja, ich kann nicht erkl\u00e4ren.<\/p>\n<p>N: <strong>Weshalb trennen sich Liebespaare?<\/strong><\/p>\n<p>Philip: Es kann Streit sein oder Beziehungsprobleme.<\/p>\n<p>N: <strong>Hattest du schon mal eine Beziehung? Wenn ja, wie lange?<\/strong><\/p>\n<p>Philip: Ja, zwei Jahre<\/p>\n<p>N: <strong>Wie soll deine Traumfrau aussehen?<\/strong><\/p>\n<p>Philip: H\u00fcbsch, gef\u00e4rbt ist nicht gut, gut riechen in einer Disco.<\/p>\n","protected":false},"excerpt":{"rendered":"<p>Beziehungen \u00a0von Marike Rybka Die meisten Menschen sind in einer Beziehung. Das kann das Leben viel sch\u00f6ner machen, wenn man sich gut versteht und nicht st\u00e4ndig streitet. Daran muss man arbeiten. In einer Beziehung muss man sich M\u00fche geben und Kompromisse eingehen. Streit geh\u00f6rt trotzdem dazu. Aber man muss miteinander reden und um die Beziehung &hellip; <a href=\"https:\/\/elbschule.hamburg.de\/?page_id=946\" class=\"more-link\"><span class=\"screen-reader-text\">Liebe &#8211; Sch\u00fclerzeitung Kl. 8I<\/span> weiterlesen <span class=\"meta-nav\">&rarr;<\/span><\/a><\/p>\n","protected":false},"author":207,"featured_media":0,"parent":0,"menu_order":0,"comment_status":"closed","ping_status":"closed","template":"","meta":{"_acf_changed":false,"footnotes":""},"class_list":["post-946","page","type-page","status-publish","hentry"],"acf":[],"_links":{"self":[{"href":"https:\/\/elbschule.hamburg.de\/index.php?rest_route=\/wp\/v2\/pages\/946","targetHints":{"allow":["GET"]}}],"collection":[{"href":"https:\/\/elbschule.hamburg.de\/index.php?rest_route=\/wp\/v2\/pages"}],"about":[{"href":"https:\/\/elbschule.hamburg.de\/index.php?rest_route=\/wp\/v2\/types\/page"}],"author":[{"embeddable":true,"href":"https:\/\/elbschule.hamburg.de\/index.php?rest_route=\/wp\/v2\/users\/207"}],"replies":[{"embeddable":true,"href":"https:\/\/elbschule.hamburg.de\/index.php?rest_route=%2Fwp%2Fv2%2Fcomments&post=946"}],"version-history":[{"count":1,"href":"https:\/\/elbschule.hamburg.de\/index.php?rest_route=\/wp\/v2\/pages\/946\/revisions"}],"predecessor-version":[{"id":954,"href":"https:\/\/elbschule.hamburg.de\/index.php?rest_route=\/wp\/v2\/pages\/946\/revisions\/954"}],"wp:attachment":[{"href":"https:\/\/elbschule.hamburg.de\/index.php?rest_route=%2Fwp%2Fv2%2Fmedia&parent=946"}],"curies":[{"name":"wp","href":"https:\/\/api.w.org\/{rel}","templated":true}]}}