{"id":887,"date":"2016-05-02T10:47:07","date_gmt":"2016-05-02T10:47:07","guid":{"rendered":"http:\/\/elbschule.hamburg.de\/?page_id=887"},"modified":"2016-05-02T10:47:07","modified_gmt":"2016-05-02T10:47:07","slug":"fussball-turnier-in-der-sporthalle","status":"publish","type":"page","link":"https:\/\/elbschule.hamburg.de\/?page_id=887","title":{"rendered":"Fu\u00dfball-Turnier in der Sporthalle"},"content":{"rendered":"<p><u><\/u>Am Dienstag, den 8. Dezember 2015 war in der Sporthalle ein Fu\u00dfballtunier. Vormittags haben die Klassen 1 bis 6 gespielt. Am Mittag waren die Klassen 7 bis 10 an der Reihe. Es waren sch\u00f6ne Freundschaftsspiele.<br \/>\nBei den 7. bis 10. Klassen nahmen 8 Klassen teil und jede Mannschaft hat sich einen eigenen Mannschafts-Namen ausgedacht.<br \/>\nDie Mannschaften hei\u00dfen :<\/p>\n<p>-FC Sanf<\/p>\n<p>&#8211; Freshplayer<\/p>\n<p>-Bananenflanke<\/p>\n<p>-FC Wunder Butz<\/p>\n<p>-FC Barcelona<\/p>\n<p>-BVB 1<\/p>\n<p>-BVB 2<\/p>\n<p>&#8211; FC Pauli<\/p>\n<p>4 Stunden war in der Sporthalle ein tolles Turnier.<\/p>\n<p>Alle Mannschaften spielten abwechseln gegeneinander und es hat viel Spa\u00df gemacht. Viele Sch\u00fclerinnen und Sch\u00fcler w\u00fcnschen sich noch einmal so ein Fu\u00dfball Turnier im n\u00e4chsten Jahr-2016.<\/p>\n<p>Es hat viel Spa\u00df gemacht!!!!!!!!<\/p>\n<p>Von Heinrich Peter aus Klasse 7b.<\/p>\n","protected":false},"excerpt":{"rendered":"<p>Am Dienstag, den 8. Dezember 2015 war in der Sporthalle ein Fu\u00dfballtunier. Vormittags haben die Klassen 1 bis 6 gespielt. Am Mittag waren die Klassen 7 bis 10 an der Reihe. Es waren sch\u00f6ne Freundschaftsspiele. Bei den 7. bis 10. Klassen nahmen 8 Klassen teil und jede Mannschaft hat sich einen eigenen Mannschafts-Namen ausgedacht. Die &hellip; <a href=\"https:\/\/elbschule.hamburg.de\/?page_id=887\" class=\"more-link\"><span class=\"screen-reader-text\">Fu\u00dfball-Turnier in der Sporthalle<\/span> weiterlesen <span class=\"meta-nav\">&rarr;<\/span><\/a><\/p>\n","protected":false},"author":207,"featured_media":0,"parent":0,"menu_order":0,"comment_status":"closed","ping_status":"closed","template":"","meta":{"_acf_changed":false,"footnotes":""},"class_list":["post-887","page","type-page","status-publish","hentry"],"acf":[],"_links":{"self":[{"href":"https:\/\/elbschule.hamburg.de\/index.php?rest_route=\/wp\/v2\/pages\/887","targetHints":{"allow":["GET"]}}],"collection":[{"href":"https:\/\/elbschule.hamburg.de\/index.php?rest_route=\/wp\/v2\/pages"}],"about":[{"href":"https:\/\/elbschule.hamburg.de\/index.php?rest_route=\/wp\/v2\/types\/page"}],"author":[{"embeddable":true,"href":"https:\/\/elbschule.hamburg.de\/index.php?rest_route=\/wp\/v2\/users\/207"}],"replies":[{"embeddable":true,"href":"https:\/\/elbschule.hamburg.de\/index.php?rest_route=%2Fwp%2Fv2%2Fcomments&post=887"}],"version-history":[{"count":0,"href":"https:\/\/elbschule.hamburg.de\/index.php?rest_route=\/wp\/v2\/pages\/887\/revisions"}],"wp:attachment":[{"href":"https:\/\/elbschule.hamburg.de\/index.php?rest_route=%2Fwp%2Fv2%2Fmedia&parent=887"}],"curies":[{"name":"wp","href":"https:\/\/api.w.org\/{rel}","templated":true}]}}