{"id":86,"date":"2015-04-11T15:55:19","date_gmt":"2015-04-11T15:55:19","guid":{"rendered":"http:\/\/elbschule.schulhomepages.hamburg.de\/?page_id=86"},"modified":"2019-12-06T15:00:21","modified_gmt":"2019-12-06T15:00:21","slug":"verbindungslehrerinnen","status":"publish","type":"page","link":"https:\/\/elbschule.hamburg.de\/?page_id=86","title":{"rendered":"Verbindungslehrer und Schulsprecherteam"},"content":{"rendered":"<h3><strong><span style=\"text-decoration: underline\">Verbindungslehrer\/innen<\/span><\/strong><\/h3>\n<p><strong><span style=\"text-decoration: underline\">Unsere T\u00e4tigkeiten und Aufgaben<br \/>\n<\/span><\/strong>Die Aufgaben der Verbindungslehrer\/innen haben sich grunds\u00e4tzlich ver\u00e4ndert. Sie unterscheiden sich deutlich von denen des fr\u00fcheren Vertrauenslehrers und des Beratungslehrers.<br \/>\nDas Ziel unserer Arbeit als Verbindungslehrer\/innen ist, die Sch\u00fclerinnen und Sch\u00fcler hinsichtlich ihrer Mitwirkungsrechte, Pflichten und M\u00f6glichkeiten zu beraten. Sie sollen das Schulleben, den Unterricht und die Arbeit in den Gremien m\u00f6glichst auf\u00a0<strong>eigene<\/strong><strong>Initiative, selbstst\u00e4ndig und kreativ<\/strong>\u00a0mitgestalten.<\/p>\n<div class=\"maintext\">\n<p><span style=\"text-decoration: underline\"><strong>Als Verbindungslehrer\/innen wollen wir an unserer Schule:<br \/>\n<\/strong><\/span><strong>Informieren und beraten<br \/>\n<\/strong>Schulsprecher-Team und Sch\u00fclerrat sollen ihre Beteiligungsrechte und M\u00f6glichkeiten im Schulleben kennen.<br \/>\n<strong>Beobachten<br \/>\n<\/strong>Die Sch\u00fclerinnen und Sch\u00fcler sollen ihre Beteiligungsrechte und M\u00f6glichkeiten wahrnehmen und nutzen.<br \/>\n<strong>Verbinden<br \/>\n<\/strong>Die Verbindungslehrer\/innen sollen den Austausch zwischen Sch\u00fclerrat, Schulsprecher-Team, Schulleitung, Lehrerkonferenz und Elternrat unterst\u00fctzen. Daf\u00fcr sollten die Verbindungslehrerinnen \u00fcber Gremien, Aktivit\u00e4ten, Planungen informiert und ggf. hinzugezogen werden, wenn es um Mitwirkungsrechte, Pflichten und W\u00fcnsche der Sch\u00fcler\/innen geht.<\/p>\n<\/div>\n<p>Zu unserem Sch\u00fclerrat geh\u00f6ren die Klassensprecherinnen und Klassensprecher ab Klasse 5.<\/p>\n<h3><span style=\"text-decoration: underline\"><strong><br \/>\nSchulsprecher-Team<\/strong><\/span><\/h3>\n<p><strong><span style=\"text-decoration: underline\">Das Schulsprecher-Team<\/span><\/strong><br \/>\nUnsere Schule hat ein Schulsprecher-Team, welches ab Klasse 5 in geheimer Wahl gew\u00e4hlt wird.\u00a0Ein Schulsprecher-Team besteht aus 4-6 Sch\u00fcler\/innen aus Klasse 5-10 gemischt aus Abteilung I und Abteilung II.\u00a0Jedes Jahr wird ein neues Team gew\u00e4hlt.<br \/>\nDas Schulsprecher-Team l\u00e4dt zur Sch\u00fclerratssitzung ein und organisiert diese mit Hilfe der Verbindungslehrer\/innen. Die erste Sch\u00fclerratsitzung im Schuljahr ist eine gemeinsame Sitzung mit allen Klassensprecher\/innen. Da werden Schulvertreter f\u00fcr den Findungsausschuss, die Schulkonferenz und den Kreissch\u00fclerrat gew\u00e4hlt.<\/p>\n<p><span style=\"text-decoration: underline\"><strong>Was sind die Aufgaben des Schulsprecher-Teams?<\/strong><\/span><br \/>\nDas Schulsprecher-Team organisiert verschiedene Projekte, die von der Sch\u00fclerschaft gew\u00fcnscht wurden oder die sich das Schulsprecher-Team \u00fcberlegt hat. Die Schulsprecher bereiten die Sch\u00fclerratssitzungen vor. Auf dieser werden dann wichtige Themen besprochen, wie z.B.<\/p>\n<p>\u2013 Projektwochen<br \/>\n\u2013 Sch\u00fclerdisco<br \/>\n\u2013 Stellungnahme zu Vorschl\u00e4gen von Lehrern, Eltern und Aktionen<br \/>\n\u2013 Turniere<br \/>\n\u2013 und vieles mehr \u2026<\/p>\n<p><span style=\"text-decoration: underline\"><strong>Welche Rechte hat das Schulsprecher-Team?<\/strong><\/span><br \/>\nDas Schulsprecher-Team darf bis zu 20 Unterrichtsstunden f\u00fcr Sitzungen des Sch\u00fclerrates und bis zu 10 Stunden pro Schuljahr f\u00fcr Versammlungen f\u00fcr alle Sch\u00fcler\/innen nutzen.<\/p>\n","protected":false},"excerpt":{"rendered":"<p>Verbindungslehrer\/innen Unsere T\u00e4tigkeiten und Aufgaben Die Aufgaben der Verbindungslehrer\/innen haben sich grunds\u00e4tzlich ver\u00e4ndert. Sie unterscheiden sich deutlich von denen des fr\u00fcheren Vertrauenslehrers und des Beratungslehrers. Das Ziel unserer Arbeit als Verbindungslehrer\/innen ist, die Sch\u00fclerinnen und Sch\u00fcler hinsichtlich ihrer Mitwirkungsrechte, Pflichten und M\u00f6glichkeiten zu beraten. Sie sollen das Schulleben, den Unterricht und die Arbeit in den &hellip; <a href=\"https:\/\/elbschule.hamburg.de\/?page_id=86\" class=\"more-link\"><span class=\"screen-reader-text\">Verbindungslehrer und Schulsprecherteam<\/span> weiterlesen <span class=\"meta-nav\">&rarr;<\/span><\/a><\/p>\n","protected":false},"author":207,"featured_media":0,"parent":0,"menu_order":0,"comment_status":"closed","ping_status":"closed","template":"","meta":{"_acf_changed":false,"footnotes":""},"class_list":["post-86","page","type-page","status-publish","hentry"],"acf":[],"_links":{"self":[{"href":"https:\/\/elbschule.hamburg.de\/index.php?rest_route=\/wp\/v2\/pages\/86","targetHints":{"allow":["GET"]}}],"collection":[{"href":"https:\/\/elbschule.hamburg.de\/index.php?rest_route=\/wp\/v2\/pages"}],"about":[{"href":"https:\/\/elbschule.hamburg.de\/index.php?rest_route=\/wp\/v2\/types\/page"}],"author":[{"embeddable":true,"href":"https:\/\/elbschule.hamburg.de\/index.php?rest_route=\/wp\/v2\/users\/207"}],"replies":[{"embeddable":true,"href":"https:\/\/elbschule.hamburg.de\/index.php?rest_route=%2Fwp%2Fv2%2Fcomments&post=86"}],"version-history":[{"count":2,"href":"https:\/\/elbschule.hamburg.de\/index.php?rest_route=\/wp\/v2\/pages\/86\/revisions"}],"predecessor-version":[{"id":307,"href":"https:\/\/elbschule.hamburg.de\/index.php?rest_route=\/wp\/v2\/pages\/86\/revisions\/307"}],"wp:attachment":[{"href":"https:\/\/elbschule.hamburg.de\/index.php?rest_route=%2Fwp%2Fv2%2Fmedia&parent=86"}],"curies":[{"name":"wp","href":"https:\/\/api.w.org\/{rel}","templated":true}]}}