{"id":80,"date":"2015-04-11T15:53:00","date_gmt":"2015-04-11T15:53:00","guid":{"rendered":"http:\/\/elbschule.schulhomepages.hamburg.de\/?page_id=80"},"modified":"2023-11-22T10:26:35","modified_gmt":"2023-11-22T10:26:35","slug":"nachmittag","status":"publish","type":"page","link":"https:\/\/elbschule.hamburg.de\/?page_id=80","title":{"rendered":"Nachmittag"},"content":{"rendered":"<p>Der Infofilm ist online:<\/p>\n<p><iframe loading=\"lazy\" src=\"https:\/\/www.youtube.com\/embed\/NJGuxNNMCp8\" width=\"700\" height=\"394\" frameborder=\"0\" allowfullscreen=\"allowfullscreen\"><\/iframe><\/p>\n<p>Die Grundschulklassen werden von ihrer vertrauten Erzieherin oder Sozialp\u00e4dagogin (s. Mittagessen) an drei Tagen durch den Nachmittag gef\u00fchrt. Auch Honorarkr\u00e4fte machen zum Teil Angebote. Die Angebote sind auf die Neigungen der Kinder ausgerichtet. An einem Tag in der Woche wird der Nachmittag von der Klassenleitung gestaltet.<\/p>\n<p>Die Stadtteilsch\u00fcler:innen haben nachmittags an einem Dienstag oder Donnerstag Neigungskurse. Sie beginnen um 14.15 Uhr.<\/p>\n<p>Die Elbschule bem\u00fcht sich um ein vielf\u00e4ltiges und abwechslungsreiches Angebot.<\/p>\n<p>&nbsp;<\/p>\n<p>F\u00fcr unser Neigungskursangebot suchen wir stets engagierte Menschen, die mit h\u00f6rgesch\u00e4digten Menschen kommunizieren k\u00f6nnen und ein interessantes Hobby oder Thema mit unseren Sch\u00fclerinnen und Sch\u00fclern teilen m\u00f6chten. Weitere Informationen erhalten Sie bei Herrn A\u00dfmann.<\/p>\n<p>E-Mail: <a href=\"mailto:ganztag@elbschule-hamburg.de\" target=\"_blank\" rel=\"noopener\">holger.assmann@bzhk.hamburg.de<\/a><\/p>\n","protected":false},"excerpt":{"rendered":"<p>Der Infofilm ist online: Die Grundschulklassen werden von ihrer vertrauten Erzieherin oder Sozialp\u00e4dagogin (s. Mittagessen) an drei Tagen durch den Nachmittag gef\u00fchrt. Auch Honorarkr\u00e4fte machen zum Teil Angebote. Die Angebote sind auf die Neigungen der Kinder ausgerichtet. An einem Tag in der Woche wird der Nachmittag von der Klassenleitung gestaltet. Die Stadtteilsch\u00fcler:innen haben nachmittags an &hellip; <a href=\"https:\/\/elbschule.hamburg.de\/?page_id=80\" class=\"more-link\"><span class=\"screen-reader-text\">Nachmittag<\/span> weiterlesen <span class=\"meta-nav\">&rarr;<\/span><\/a><\/p>\n","protected":false},"author":207,"featured_media":0,"parent":0,"menu_order":0,"comment_status":"closed","ping_status":"closed","template":"","meta":{"_acf_changed":false,"footnotes":""},"class_list":["post-80","page","type-page","status-publish","hentry"],"acf":[],"_links":{"self":[{"href":"https:\/\/elbschule.hamburg.de\/index.php?rest_route=\/wp\/v2\/pages\/80","targetHints":{"allow":["GET"]}}],"collection":[{"href":"https:\/\/elbschule.hamburg.de\/index.php?rest_route=\/wp\/v2\/pages"}],"about":[{"href":"https:\/\/elbschule.hamburg.de\/index.php?rest_route=\/wp\/v2\/types\/page"}],"author":[{"embeddable":true,"href":"https:\/\/elbschule.hamburg.de\/index.php?rest_route=\/wp\/v2\/users\/207"}],"replies":[{"embeddable":true,"href":"https:\/\/elbschule.hamburg.de\/index.php?rest_route=%2Fwp%2Fv2%2Fcomments&post=80"}],"version-history":[{"count":4,"href":"https:\/\/elbschule.hamburg.de\/index.php?rest_route=\/wp\/v2\/pages\/80\/revisions"}],"predecessor-version":[{"id":4379,"href":"https:\/\/elbschule.hamburg.de\/index.php?rest_route=\/wp\/v2\/pages\/80\/revisions\/4379"}],"wp:attachment":[{"href":"https:\/\/elbschule.hamburg.de\/index.php?rest_route=%2Fwp%2Fv2%2Fmedia&parent=80"}],"curies":[{"name":"wp","href":"https:\/\/api.w.org\/{rel}","templated":true}]}}