{"id":58,"date":"2015-04-11T15:45:56","date_gmt":"2015-04-11T15:45:56","guid":{"rendered":"http:\/\/elbschule.schulhomepages.hamburg.de\/?page_id=58"},"modified":"2025-09-10T15:55:35","modified_gmt":"2025-09-10T15:55:35","slug":"abteilung-i","status":"publish","type":"page","link":"https:\/\/elbschule.hamburg.de\/?page_id=58","title":{"rendered":"Abteilung I"},"content":{"rendered":"<h1>Abteilung f\u00fcr lautsprachlichen Unterricht<\/h1>\n<p>Die Abteilung I wird von Sch\u00fclerinnen und Sch\u00fclern besucht, die Sprache mit Hilfe ihrer H\u00f6rger\u00e4te oder Cochlea-Implantate \u00fcber das Ohr wahrnehmen k\u00f6nnen. Als besonderer Schwerpunkt ist entsprechend eine gezielte H\u00f6r-, Sprach- und Sprechf\u00f6rderung zu benennen.<\/p>\n<p>Zur Abteilung geh\u00f6ren neben einer Vorschulkasse die Klassenstufen 1 \u2013 10. Es wird der Erste allgemeinbildende Schulabschluss sowie der Mittlere Schulabschluss vermittelt. Seit 2016 gibt es auch inklusive Klassen f\u00fcr Sch\u00fcler:innen mit und ohne H\u00f6rbehinderung \u2013 mittlerweile in allen Klassenstufe jeweils eine Klasse. Weiterhin werden Sch\u00fclerinnen und Sch\u00fcler mit zus\u00e4tzlichen F\u00f6rderschwerpunkten beschult.<\/p>\n<p><span style=\"text-decoration: underline\"><strong>Ziel und Grundlage<\/strong><\/span><\/p>\n<ul>\n<li>Ziel unserer Arbeit ist es, den einzelnen h\u00f6rgesch\u00e4digten Menschen in einem soweit m\u00f6glich\u00a0selbstbestimmten und erfolgreichen Umgang mit seinen individuellen\u00a0Entwicklungsm\u00f6glichkeiten und Grenzen zu unterst\u00fctzen.<\/li>\n<li>Grundlage unserer h\u00f6rgesch\u00e4digtenp\u00e4dagogischen Arbeit ist eine vom Kind bzw. Jugendlichen\u00a0ausgehende, ganzheitliche F\u00f6rderung der H\u00f6r- und Lautsprachkompetenz im Zusammenhang\u00a0mit der sozialen, emotionalen und kognitiven Entwicklung.<\/li>\n<li>Grundlage des Unterrichts und der F\u00f6rderung in den Regelklassen sind die Bildungspl\u00e4ne der\u00a0Allgemeinen Schulen, die in modifizierten Stoffverteilungspl\u00e4nen realisiert werden.<\/li>\n<\/ul>\n<p>Grundlage des Unterrichts und der F\u00f6rderung in den Sonderklassen sind die Bildungspl\u00e4ne f\u00fcr\u00a0Schulen mit den F\u00f6rderschwerpunkten\u00a0Lernen und Geistige Entwicklung.<\/p>\n<p><span style=\"text-decoration: underline\"><strong>Methodische Grunds\u00e4tze und Schwerpunkte<\/strong><\/span><\/p>\n<ul>\n<li>Veranschaulichung durch Visualisierung als Unterrichtsprinzip<\/li>\n<li>Einsatz offener Unterrichtsformen<\/li>\n<li>Weitgehende Verkn\u00fcpfung von Unterricht, Diagnostik, F\u00f6rderung und Therapie<\/li>\n<li>Informationsabsicherung durch den Einsatz vielf\u00e4ltiger methodischer Wege<\/li>\n<li>Differenziertes Lernen durch klasseninterne oder jahrgangs\u00fcbergreifende Organisation<\/li>\n<li>Grundschulunterricht unter Ber\u00fccksichtigung der Montessorip\u00e4dagogik<\/li>\n<li>Psychomotorik<\/li>\n<\/ul>\n<p><span style=\"text-decoration: underline\"><strong>Berufliche Orientierung<\/strong><\/span><\/p>\n<p>Individuelle berufliche Orientierung durch\u2026<\/p>\n<ul>\n<li>\u00d6konomische und wirtschaftliche Bildung im Fach \u201eArbeit und Beruf\u201c<\/li>\n<li>F\u00f6rderung lebenspraktischer F\u00e4higkeiten<\/li>\n<li>Regelm\u00e4\u00dfige Werkstatttage ab Klasse 7<\/li>\n<li>Zahlreiche Betriebspraktika in Berufsbildungswerken sowie Betrieben<\/li>\n<li>M\u00f6glichkeit eines \u201eSchulbegleitenden Praktikums\u201c im letzten Schuljahr<\/li>\n<li>Module der \u201eServicestelle BO\u201c (Berufliche Orientierung) Hamburg<\/li>\n<li>Individuelle Anschluss- und Abschlussorientierung<\/li>\n<li>Beratung durch schulische Lehrkr\u00e4fte und externe Berater:innen von der Agentur f\u00fcr Arbeit und dem HIBB (Hamburger Institut f\u00fcr Berufliche Bildung)<\/li>\n<li>Im Rahmen des <u><a href=\"https:\/\/elbschule.hamburg.de\/?page_id=310\">Beratungszentrums Berufliche Schulen (BZBS)<\/a><\/u>: Beratung und Unterst\u00fctzung w\u00e4hrend des Berufsschulbesuchs<\/li>\n<\/ul>\n<p><span style=\"text-decoration: underline\"><strong>Schnuppertage<\/strong><\/span><\/p>\n<p>F\u00fcr alle zur Einschulung anstehenden Kinder und deren Eltern besteht im November an zwei Vormittagen in der Woche das Angebot, in kleinen Gruppen (bis 10 Kinder) &#8222;Schulluft zu schnuppern&#8220;. Es wird unter Anleitung unseres Diagnostikteams gelernt, geturnt, gemalt und gespielt. Die Eltern haben in dieser Zeit die M\u00f6glichkeit unsere Schule zu besichtigen. Im Januar erhalten\u00a0 die Eltern dann ein Gutachten, in dem wir den aus unserer Sicht besten Lernort f\u00fcr das Kind empfehlen. Das k\u00f6nnen unsere Schule (Abteilung I oder II, Schulkindergarten, die Vorschulklasse), die inklusive Beschulung, eine Schule mit anderem F\u00f6rderschwerpunkt oder der Verbleib in der Kita sein.<\/p>\n<p><a href=\"https:\/\/elbschule.hamburg.de\/wp-content\/uploads\/sites\/127\/2020\/03\/Schnaiter.jpg\" data-rel=\"lightbox\" data-rl_title=\"\" data-rl_caption=\"\" title=\"\"><img loading=\"lazy\" decoding=\"async\" class=\"alignleft wp-image-2333 size-full\" src=\"https:\/\/elbschule.hamburg.de\/wp-content\/uploads\/sites\/127\/2020\/03\/Schnaiter.jpg\" alt=\"\" width=\"370\" height=\"191\" srcset=\"https:\/\/elbschule.hamburg.de\/wp-content\/uploads\/sites\/127\/2020\/03\/Schnaiter.jpg 370w, https:\/\/elbschule.hamburg.de\/wp-content\/uploads\/sites\/127\/2020\/03\/Schnaiter-300x155.jpg 300w\" sizes=\"auto, (max-width: 370px) 100vw, 370px\" \/><\/a><\/p>\n<p>&nbsp;<\/p>\n<p><strong>Silke Schnaiter<\/strong><br \/>\nLeiterin der Abteilung I<br \/>\n040 \u2013 428 485-0<br \/>\nSilke.Schnaiter(at)bsfb.hamburg.de<\/p>\n","protected":false},"excerpt":{"rendered":"<p>Abteilung f\u00fcr lautsprachlichen Unterricht Die Abteilung I wird von Sch\u00fclerinnen und Sch\u00fclern besucht, die Sprache mit Hilfe ihrer H\u00f6rger\u00e4te oder Cochlea-Implantate \u00fcber das Ohr wahrnehmen k\u00f6nnen. Als besonderer Schwerpunkt ist entsprechend eine gezielte H\u00f6r-, Sprach- und Sprechf\u00f6rderung zu benennen. Zur Abteilung geh\u00f6ren neben einer Vorschulkasse die Klassenstufen 1 \u2013 10. Es wird der Erste allgemeinbildende &hellip; <a href=\"https:\/\/elbschule.hamburg.de\/?page_id=58\" class=\"more-link\"><span class=\"screen-reader-text\">Abteilung I<\/span> weiterlesen <span class=\"meta-nav\">&rarr;<\/span><\/a><\/p>\n","protected":false},"author":207,"featured_media":0,"parent":0,"menu_order":0,"comment_status":"closed","ping_status":"closed","template":"","meta":{"_acf_changed":false,"footnotes":""},"class_list":["post-58","page","type-page","status-publish","hentry"],"acf":[],"_links":{"self":[{"href":"https:\/\/elbschule.hamburg.de\/index.php?rest_route=\/wp\/v2\/pages\/58","targetHints":{"allow":["GET"]}}],"collection":[{"href":"https:\/\/elbschule.hamburg.de\/index.php?rest_route=\/wp\/v2\/pages"}],"about":[{"href":"https:\/\/elbschule.hamburg.de\/index.php?rest_route=\/wp\/v2\/types\/page"}],"author":[{"embeddable":true,"href":"https:\/\/elbschule.hamburg.de\/index.php?rest_route=\/wp\/v2\/users\/207"}],"replies":[{"embeddable":true,"href":"https:\/\/elbschule.hamburg.de\/index.php?rest_route=%2Fwp%2Fv2%2Fcomments&post=58"}],"version-history":[{"count":11,"href":"https:\/\/elbschule.hamburg.de\/index.php?rest_route=\/wp\/v2\/pages\/58\/revisions"}],"predecessor-version":[{"id":5185,"href":"https:\/\/elbschule.hamburg.de\/index.php?rest_route=\/wp\/v2\/pages\/58\/revisions\/5185"}],"wp:attachment":[{"href":"https:\/\/elbschule.hamburg.de\/index.php?rest_route=%2Fwp%2Fv2%2Fmedia&parent=58"}],"curies":[{"name":"wp","href":"https:\/\/api.w.org\/{rel}","templated":true}]}}