{"id":5445,"date":"2026-04-01T15:41:25","date_gmt":"2026-04-01T13:41:25","guid":{"rendered":"https:\/\/elbschule.hamburg.de\/?page_id=5445"},"modified":"2026-04-01T15:42:40","modified_gmt":"2026-04-01T13:42:40","slug":"medienscouts-bilden-lehrkraefte-fort","status":"publish","type":"page","link":"https:\/\/elbschule.hamburg.de\/?page_id=5445","title":{"rendered":"Medienscouts bilden Lehrkr\u00e4fte fort"},"content":{"rendered":"<p><a href=\"https:\/\/elbschule.hamburg.de\/wp-content\/uploads\/sites\/127\/2026\/04\/2.jpg\" data-rel=\"lightbox\" data-rl_title=\"\" data-rl_caption=\"\" title=\"\"><img loading=\"lazy\" decoding=\"async\" class=\"aligncenter size-full wp-image-5447\" src=\"https:\/\/elbschule.hamburg.de\/wp-content\/uploads\/sites\/127\/2026\/04\/2.jpg\" alt=\"\" width=\"640\" height=\"480\" srcset=\"https:\/\/elbschule.hamburg.de\/wp-content\/uploads\/sites\/127\/2026\/04\/2.jpg 640w, https:\/\/elbschule.hamburg.de\/wp-content\/uploads\/sites\/127\/2026\/04\/2-300x225.jpg 300w\" sizes=\"auto, (max-width: 640px) 100vw, 640px\" \/><\/a><\/p>\n<p>Am 24.4.26 veranstalteten die Medienscouts Tara, Amelie, Clara und Marie unter der Leitung von Christian Grulich eine Fortbildung f\u00fcr Lehrkr\u00e4fte. Die Medienscouts wurden w\u00e4hrend des Schuljahres ausgebildet, um Sch\u00fclern und Sch\u00fclerinnen Workshops zu verschiedenen Themen anzubieten und so deren Medienkompetenz zu f\u00f6rdern \u00a0\u2013 nun auch f\u00fcr die Lehrkr\u00e4fte, die sich fortbilden wollten.<\/p>\n<p><a href=\"https:\/\/elbschule.hamburg.de\/wp-content\/uploads\/sites\/127\/2026\/04\/1.jpg\" data-rel=\"lightbox\" data-rl_title=\"\" data-rl_caption=\"\" title=\"\"><img loading=\"lazy\" decoding=\"async\" class=\"aligncenter size-full wp-image-5448\" src=\"https:\/\/elbschule.hamburg.de\/wp-content\/uploads\/sites\/127\/2026\/04\/1.jpg\" alt=\"\" width=\"640\" height=\"480\" srcset=\"https:\/\/elbschule.hamburg.de\/wp-content\/uploads\/sites\/127\/2026\/04\/1.jpg 640w, https:\/\/elbschule.hamburg.de\/wp-content\/uploads\/sites\/127\/2026\/04\/1-300x225.jpg 300w\" sizes=\"auto, (max-width: 640px) 100vw, 640px\" \/><\/a><\/p>\n<p>Die Medienscouts treffen sich einmal die Woche mit Herrn Grulich und planen die Durchf\u00fchrung der Workshops zu verschiedenen Schwerpunkten wie Cybermobbing, Verhalten im Internet usw. mit dem Ziel, einen kompetenten Umgang mit den sozialen Medien zu vermitteln und ins Gespr\u00e4ch mit den Mitsch\u00fcler:innen zu kommen.<\/p>\n<p>Die Veranstaltung wurde abwechslungsreich unter Einbeziehung der Zuh\u00f6rer:innen durch Aktivit\u00e4ten und Abfragen vom eigenen social-media-Verhalten gestaltet. Sehr interessiert verfolgten sie den Schilderungen der Medienscouts \u00fcber die Gefahren und deren eigenen Erfahrungen im Internet. Sie gaben einen aufschlussreichen Einblick in die M\u00f6glichkeiten der T\u00e4uschung und die Folgen durch den Einsatz von KI. Weiterhin kl\u00e4rten sie \u00fcber die drei Plattformen Instagram, TikTok und Snapchat und deren Gefahren auf. Beim durchweg positiven Feedback f\u00fcr die Medienscouts wurde deutlich, wie wichtig diese Aufkl\u00e4rung f\u00fcr alle ist und der Wunsch nach einer weiteren Fortbildung klar ge\u00e4u\u00dfert. F\u00fcr die Medienscouts selbst war es eine spannende Erfahrung, dass sie \u201eden Spie\u00df einmal umgedreht haben und den Lehrer:innen etwas beibringen konnten. Aber etwas nerv\u00f6s war ich schon!\u201c (Clara).<\/p>\n<p>Katharina von Puttkamer<\/p>\n","protected":false},"excerpt":{"rendered":"<p>Am 24.4.26 veranstalteten die Medienscouts Tara, Amelie, Clara und Marie unter der Leitung von Christian Grulich eine Fortbildung f\u00fcr Lehrkr\u00e4fte. Die Medienscouts wurden w\u00e4hrend des Schuljahres ausgebildet, um Sch\u00fclern und Sch\u00fclerinnen Workshops zu verschiedenen Themen anzubieten und so deren Medienkompetenz zu f\u00f6rdern \u00a0\u2013 nun auch f\u00fcr die Lehrkr\u00e4fte, die sich fortbilden wollten. Die Medienscouts treffen &hellip; <a href=\"https:\/\/elbschule.hamburg.de\/?page_id=5445\" class=\"more-link\"><span class=\"screen-reader-text\">Medienscouts bilden Lehrkr\u00e4fte fort<\/span> weiterlesen <span class=\"meta-nav\">&rarr;<\/span><\/a><\/p>\n","protected":false},"author":207,"featured_media":0,"parent":0,"menu_order":0,"comment_status":"closed","ping_status":"closed","template":"","meta":{"_acf_changed":false,"footnotes":""},"class_list":["post-5445","page","type-page","status-publish","hentry"],"acf":[],"_links":{"self":[{"href":"https:\/\/elbschule.hamburg.de\/index.php?rest_route=\/wp\/v2\/pages\/5445","targetHints":{"allow":["GET"]}}],"collection":[{"href":"https:\/\/elbschule.hamburg.de\/index.php?rest_route=\/wp\/v2\/pages"}],"about":[{"href":"https:\/\/elbschule.hamburg.de\/index.php?rest_route=\/wp\/v2\/types\/page"}],"author":[{"embeddable":true,"href":"https:\/\/elbschule.hamburg.de\/index.php?rest_route=\/wp\/v2\/users\/207"}],"replies":[{"embeddable":true,"href":"https:\/\/elbschule.hamburg.de\/index.php?rest_route=%2Fwp%2Fv2%2Fcomments&post=5445"}],"version-history":[{"count":3,"href":"https:\/\/elbschule.hamburg.de\/index.php?rest_route=\/wp\/v2\/pages\/5445\/revisions"}],"predecessor-version":[{"id":5450,"href":"https:\/\/elbschule.hamburg.de\/index.php?rest_route=\/wp\/v2\/pages\/5445\/revisions\/5450"}],"wp:attachment":[{"href":"https:\/\/elbschule.hamburg.de\/index.php?rest_route=%2Fwp%2Fv2%2Fmedia&parent=5445"}],"curies":[{"name":"wp","href":"https:\/\/api.w.org\/{rel}","templated":true}]}}