{"id":5314,"date":"2025-12-29T16:21:18","date_gmt":"2025-12-29T15:21:18","guid":{"rendered":"https:\/\/elbschule.hamburg.de\/?page_id=5314"},"modified":"2025-12-29T17:02:39","modified_gmt":"2025-12-29T16:02:39","slug":"weihnachtsmaerchen-einmal-anders-elbschule-barrierefrei-im-kino","status":"publish","type":"page","link":"https:\/\/elbschule.hamburg.de\/?page_id=5314","title":{"rendered":"Weihnachtsm\u00e4rchen einmal anders \u2013 Elbschule barrierefrei im Kino"},"content":{"rendered":"<p>Am letzten Schultag vor den Weihnachtsferien kamen die Stadtteilsch\u00fcler:innen in den Genuss einer ganz besonderen, inklusiven Kinovorstellung mit einem Thema, das alle ber\u00fchrte: \u201aKein Wort f\u00fcr die Liebe\u2018.<\/p>\n<p>Trailer: https:\/\/www.youtube.com\/watch?v=PUJO8p_ofOc<\/p>\n<p>Der Film erz\u00e4hlt von einer beginnenden Liebe zwischen einer h\u00f6renden, jungen Frau und einem tauben Mann. Dieser wurde von dem tauben Schauspieler Nils Rohwedder authentisch dargestellt und das Konfliktpotenzial zwischen der h\u00f6renden und tauben Welt wurde anhand der Kommunikationsschwierigkeiten deutlich. F\u00fcr eine barrierefreie Kommunikation war dagegen im Kino gesorgt durch DGS-Dolmetscher:innen und Untertitel. Das alles organisierte die Schulleitung mit Hilfe des Regisseurs Lukas Kotthaus, des Schauspielers Nils Rohwedder und des Kinos \u201aStudio\u2018, die es erm\u00f6glichten, dass der Film ausgeliehen und der Kinosaal exklusiv an die Elbschule vermietet werden konnte. Der Film wurde bereits in vielen deutschen St\u00e4dten gezeigt, jedoch nicht in Hamburg.<\/p>\n<div id=\"metaslider-id-5325\" style=\"width: 100%;\" class=\"ml-slider-3-109-0 metaslider metaslider-flex metaslider-5325 ml-slider has-dots-nav ms-theme-default-base\" role=\"region\" aria-label=\"Weihnachtskino\" data-height=\"640\" data-width=\"640\">\n    <div id=\"metaslider_container_5325\">\n        <div id=\"metaslider_5325\">\n            <ul aria-live='off' class='slides'>\n                <li style=\"display: block; width: 100%;\" class=\"slide-5326 ms-image \" aria-roledescription=\"slide\" data-date=\"2025-12-29 16:32:39\" data-filename=\"Kino-Elbschule-0-512x512.jpeg\" data-slide-type=\"image\"><img loading=\"lazy\" decoding=\"async\" src=\"https:\/\/elbschule.hamburg.de\/wp-content\/uploads\/sites\/127\/2025\/12\/Kino-Elbschule-0-512x512.jpeg\" height=\"640\" width=\"640\" alt=\"\" class=\"slider-5325 slide-5326 msDefaultImage\" title=\"Kino-Elbschule (0)\" \/><\/li>\n                <li style=\"display: none; width: 100%;\" class=\"slide-5327 ms-image \" aria-roledescription=\"slide\" data-date=\"2025-12-29 16:32:40\" data-filename=\"Kino-Elbschule-2-rotated-480x480.jpeg\" data-slide-type=\"image\"><img loading=\"lazy\" decoding=\"async\" src=\"https:\/\/elbschule.hamburg.de\/wp-content\/uploads\/sites\/127\/2025\/12\/Kino-Elbschule-2-rotated-480x480.jpeg\" height=\"640\" width=\"640\" alt=\"\" class=\"slider-5325 slide-5327 msDefaultImage\" title=\"Kino-Elbschule (2)\" \/><\/li>\n                <li style=\"display: none; width: 100%;\" class=\"slide-5328 ms-image \" aria-roledescription=\"slide\" data-date=\"2025-12-29 16:32:40\" data-filename=\"Kino-Elbschule-1-475x476.jpg\" data-slide-type=\"image\"><img loading=\"lazy\" decoding=\"async\" src=\"https:\/\/elbschule.hamburg.de\/wp-content\/uploads\/sites\/127\/2025\/12\/Kino-Elbschule-1-475x476.jpg\" height=\"640\" width=\"640\" alt=\"\" class=\"slider-5325 slide-5328 msDefaultImage\" title=\"Kino-Elbschule (1)\" \/><\/li>\n                <li style=\"display: none; width: 100%;\" class=\"slide-5329 ms-image \" aria-roledescription=\"slide\" data-date=\"2025-12-29 16:32:40\" data-filename=\"Kino-Elbschule-2-rotated-480x480.jpg\" data-slide-type=\"image\"><img loading=\"lazy\" decoding=\"async\" src=\"https:\/\/elbschule.hamburg.de\/wp-content\/uploads\/sites\/127\/2025\/12\/Kino-Elbschule-2-rotated-480x480.jpg\" height=\"640\" width=\"640\" alt=\"\" class=\"slider-5325 slide-5329 msDefaultImage\" title=\"Kino-Elbschule (2)\" \/><\/li>\n                <li style=\"display: none; width: 100%;\" class=\"slide-5330 ms-image \" aria-roledescription=\"slide\" data-date=\"2025-12-29 16:32:40\" data-filename=\"Kino-Elbschule-3-rotated-480x480.jpg\" data-slide-type=\"image\"><img loading=\"lazy\" decoding=\"async\" src=\"https:\/\/elbschule.hamburg.de\/wp-content\/uploads\/sites\/127\/2025\/12\/Kino-Elbschule-3-rotated-480x480.jpg\" height=\"640\" width=\"640\" alt=\"\" class=\"slider-5325 slide-5330 msDefaultImage\" title=\"Kino-Elbschule (3)\" \/><\/li>\n                <li style=\"display: none; width: 100%;\" class=\"slide-5331 ms-image \" aria-roledescription=\"slide\" data-date=\"2025-12-29 16:32:40\" data-filename=\"Kino-Elbschule-3-rotated-480x480.jpeg\" data-slide-type=\"image\"><img loading=\"lazy\" decoding=\"async\" src=\"https:\/\/elbschule.hamburg.de\/wp-content\/uploads\/sites\/127\/2025\/12\/Kino-Elbschule-3-rotated-480x480.jpeg\" height=\"640\" width=\"640\" alt=\"\" class=\"slider-5325 slide-5331 msDefaultImage\" title=\"Kino-Elbschule (3)\" \/><\/li>\n                <li style=\"display: none; width: 100%;\" class=\"slide-5332 ms-image \" aria-roledescription=\"slide\" data-date=\"2025-12-29 16:32:40\" data-filename=\"Kino-Elbschule-5-rotated-480x480.jpg\" data-slide-type=\"image\"><img loading=\"lazy\" decoding=\"async\" src=\"https:\/\/elbschule.hamburg.de\/wp-content\/uploads\/sites\/127\/2025\/12\/Kino-Elbschule-5-rotated-480x480.jpg\" height=\"640\" width=\"640\" alt=\"\" class=\"slider-5325 slide-5332 msDefaultImage\" title=\"Kino-Elbschule (5)\" \/><\/li>\n                <li style=\"display: none; width: 100%;\" class=\"slide-5333 ms-image \" aria-roledescription=\"slide\" data-date=\"2025-12-29 16:32:40\" data-filename=\"Kino-Elbschule-4-480x480.jpg\" data-slide-type=\"image\"><img loading=\"lazy\" decoding=\"async\" src=\"https:\/\/elbschule.hamburg.de\/wp-content\/uploads\/sites\/127\/2025\/12\/Kino-Elbschule-4-480x480.jpg\" height=\"640\" width=\"640\" alt=\"\" class=\"slider-5325 slide-5333 msDefaultImage\" title=\"Kino-Elbschule (4)\" \/><\/li>\n                <li style=\"display: none; width: 100%;\" class=\"slide-5335 ms-image \" aria-roledescription=\"slide\" data-date=\"2025-12-29 16:32:40\" data-filename=\"Kino-Elbschule-6-rotated-480x480.jpg\" data-slide-type=\"image\"><img loading=\"lazy\" decoding=\"async\" src=\"https:\/\/elbschule.hamburg.de\/wp-content\/uploads\/sites\/127\/2025\/12\/Kino-Elbschule-6-rotated-480x480.jpg\" height=\"640\" width=\"640\" alt=\"\" class=\"slider-5325 slide-5335 msDefaultImage\" title=\"Kino-Elbschule (6)\" \/><\/li>\n                <li style=\"display: none; width: 100%;\" class=\"slide-5334 ms-image \" aria-roledescription=\"slide\" data-date=\"2025-12-29 16:32:40\" data-filename=\"Kino-Elbschule-7-rotated-480x480.jpg\" data-slide-type=\"image\"><img loading=\"lazy\" decoding=\"async\" src=\"https:\/\/elbschule.hamburg.de\/wp-content\/uploads\/sites\/127\/2025\/12\/Kino-Elbschule-7-rotated-480x480.jpg\" height=\"640\" width=\"640\" alt=\"\" class=\"slider-5325 slide-5334 msDefaultImage\" title=\"Kino-Elbschule (7)\" \/><\/li>\n                <li style=\"display: none; width: 100%;\" class=\"slide-5336 ms-image \" aria-roledescription=\"slide\" data-date=\"2025-12-29 16:32:40\" data-filename=\"Kino-Elbschule-9-480x480.jpg\" data-slide-type=\"image\"><img loading=\"lazy\" decoding=\"async\" src=\"https:\/\/elbschule.hamburg.de\/wp-content\/uploads\/sites\/127\/2025\/12\/Kino-Elbschule-9-480x480.jpg\" height=\"640\" width=\"640\" alt=\"\" class=\"slider-5325 slide-5336 msDefaultImage\" title=\"Kino-Elbschule (9)\" \/><\/li>\n                <li style=\"display: none; width: 100%;\" class=\"slide-5337 ms-image \" aria-roledescription=\"slide\" data-date=\"2025-12-29 16:32:40\" data-filename=\"Kino-Elbschule-8-480x480.jpg\" data-slide-type=\"image\"><img loading=\"lazy\" decoding=\"async\" src=\"https:\/\/elbschule.hamburg.de\/wp-content\/uploads\/sites\/127\/2025\/12\/Kino-Elbschule-8-480x480.jpg\" height=\"640\" width=\"640\" alt=\"\" class=\"slider-5325 slide-5337 msDefaultImage\" title=\"Kino-Elbschule (8)\" \/><\/li>\n                <li style=\"display: none; width: 100%;\" class=\"slide-5338 ms-image \" aria-roledescription=\"slide\" data-date=\"2025-12-29 16:32:40\" data-filename=\"Kino-Elbschule-10-480x480.jpg\" data-slide-type=\"image\"><img loading=\"lazy\" decoding=\"async\" src=\"https:\/\/elbschule.hamburg.de\/wp-content\/uploads\/sites\/127\/2025\/12\/Kino-Elbschule-10-480x480.jpg\" height=\"640\" width=\"640\" alt=\"\" class=\"slider-5325 slide-5338 msDefaultImage\" title=\"Kino-Elbschule (10)\" \/><\/li>\n            <\/ul>\n        <\/div>\n        \n    <\/div>\n<\/div>\n<p>Da der Schauspieler Nils Rohwedder ein ehemaliger Sch\u00fcler der Elbschule ist, entstand diese Idee, den Film in Hamburg zu zeigen und ihn zur Vorf\u00fchrung und einer anschlie\u00dfenden Frage- und Autogrammstunde einzuladen. Die vielfachen Fragen nach dem Kuss und der Freundin im Film zeigten das besondere Interesse an dem Liebesfilm.<br \/>\nAnschlie\u00dfend wurden alle mit gro\u00dfer Freude in die Ferien verabschiedet\u2026<\/p>\n<p>Vielen Dank dem Schulverein, der die H\u00e4lfte der Kosten f\u00fcr dieses besondere Erlebnis beigesteuert hat!<\/p>\n<p>Katharina von Puttkamer<\/p>\n","protected":false},"excerpt":{"rendered":"<p>Am letzten Schultag vor den Weihnachtsferien kamen die Stadtteilsch\u00fcler:innen in den Genuss einer ganz besonderen, inklusiven Kinovorstellung mit einem Thema, das alle ber\u00fchrte: \u201aKein Wort f\u00fcr die Liebe\u2018. Trailer: https:\/\/www.youtube.com\/watch?v=PUJO8p_ofOc Der Film erz\u00e4hlt von einer beginnenden Liebe zwischen einer h\u00f6renden, jungen Frau und einem tauben Mann. Dieser wurde von dem tauben Schauspieler Nils Rohwedder authentisch &hellip; <a href=\"https:\/\/elbschule.hamburg.de\/?page_id=5314\" class=\"more-link\"><span class=\"screen-reader-text\">Weihnachtsm\u00e4rchen einmal anders \u2013 Elbschule barrierefrei im Kino<\/span> weiterlesen <span class=\"meta-nav\">&rarr;<\/span><\/a><\/p>\n","protected":false},"author":195,"featured_media":0,"parent":0,"menu_order":0,"comment_status":"closed","ping_status":"closed","template":"","meta":{"_acf_changed":false,"footnotes":""},"class_list":["post-5314","page","type-page","status-publish","hentry"],"acf":[],"_links":{"self":[{"href":"https:\/\/elbschule.hamburg.de\/index.php?rest_route=\/wp\/v2\/pages\/5314","targetHints":{"allow":["GET"]}}],"collection":[{"href":"https:\/\/elbschule.hamburg.de\/index.php?rest_route=\/wp\/v2\/pages"}],"about":[{"href":"https:\/\/elbschule.hamburg.de\/index.php?rest_route=\/wp\/v2\/types\/page"}],"author":[{"embeddable":true,"href":"https:\/\/elbschule.hamburg.de\/index.php?rest_route=\/wp\/v2\/users\/195"}],"replies":[{"embeddable":true,"href":"https:\/\/elbschule.hamburg.de\/index.php?rest_route=%2Fwp%2Fv2%2Fcomments&post=5314"}],"version-history":[{"count":10,"href":"https:\/\/elbschule.hamburg.de\/index.php?rest_route=\/wp\/v2\/pages\/5314\/revisions"}],"predecessor-version":[{"id":5351,"href":"https:\/\/elbschule.hamburg.de\/index.php?rest_route=\/wp\/v2\/pages\/5314\/revisions\/5351"}],"wp:attachment":[{"href":"https:\/\/elbschule.hamburg.de\/index.php?rest_route=%2Fwp%2Fv2%2Fmedia&parent=5314"}],"curies":[{"name":"wp","href":"https:\/\/api.w.org\/{rel}","templated":true}]}}