{"id":5109,"date":"2025-07-16T11:55:40","date_gmt":"2025-07-16T11:55:40","guid":{"rendered":"https:\/\/elbschule.hamburg.de\/?page_id=5109"},"modified":"2025-07-16T12:06:26","modified_gmt":"2025-07-16T12:06:26","slug":"elbschulkulturtag-2025-einfach-wunderbar","status":"publish","type":"page","link":"https:\/\/elbschule.hamburg.de\/?page_id=5109","title":{"rendered":"Elbschulkulturtag 2025 &#8211; einfach WUNDERbar"},"content":{"rendered":"<div id=\"metaslider-id-5124\" style=\"width: 100%;\" class=\"ml-slider-3-107-0 metaslider metaslider-flex metaslider-5124 ml-slider has-dots-nav ms-theme-default-base\" role=\"region\" aria-label=\"Elbschulkulturtag 2025\" data-height=\"480\" data-width=\"640\">\n    <div id=\"metaslider_container_5124\">\n        <div id=\"metaslider_5124\">\n            <ul class='slides'>\n                <li style=\"display: block; width: 100%;\" class=\"slide-5125 ms-image \" aria-roledescription=\"slide\" data-date=\"2025-07-16 12:02:34\" data-filename=\"IMG_5781.jpg\" data-slide-type=\"image\"><img loading=\"lazy\" decoding=\"async\" src=\"https:\/\/elbschule.hamburg.de\/wp-content\/uploads\/sites\/127\/2025\/07\/IMG_5781.jpg\" height=\"480\" width=\"640\" alt=\"\" class=\"slider-5124 slide-5125 msDefaultImage\" title=\"IMG_5781\" \/><\/li>\n                <li style=\"display: none; width: 100%;\" class=\"slide-5126 ms-image \" aria-roledescription=\"slide\" data-date=\"2025-07-16 12:02:34\" data-filename=\"IMG_5782.jpg\" data-slide-type=\"image\"><img loading=\"lazy\" decoding=\"async\" src=\"https:\/\/elbschule.hamburg.de\/wp-content\/uploads\/sites\/127\/2025\/07\/IMG_5782.jpg\" height=\"480\" width=\"640\" alt=\"\" class=\"slider-5124 slide-5126 msDefaultImage\" title=\"IMG_5782\" \/><\/li>\n                <li style=\"display: none; width: 100%;\" class=\"slide-5127 ms-image \" aria-roledescription=\"slide\" data-date=\"2025-07-16 12:02:34\" data-filename=\"IMG_5787.jpg\" data-slide-type=\"image\"><img loading=\"lazy\" decoding=\"async\" src=\"https:\/\/elbschule.hamburg.de\/wp-content\/uploads\/sites\/127\/2025\/07\/IMG_5787.jpg\" height=\"480\" width=\"640\" alt=\"\" class=\"slider-5124 slide-5127 msDefaultImage\" title=\"IMG_5787\" \/><\/li>\n                <li style=\"display: none; width: 100%;\" class=\"slide-5128 ms-image \" aria-roledescription=\"slide\" data-date=\"2025-07-16 12:02:34\" data-filename=\"IMG_5789.jpg\" data-slide-type=\"image\"><img loading=\"lazy\" decoding=\"async\" src=\"https:\/\/elbschule.hamburg.de\/wp-content\/uploads\/sites\/127\/2025\/07\/IMG_5789.jpg\" height=\"480\" width=\"640\" alt=\"\" class=\"slider-5124 slide-5128 msDefaultImage\" title=\"IMG_5789\" \/><\/li>\n                <li style=\"display: none; width: 100%;\" class=\"slide-5129 ms-image \" aria-roledescription=\"slide\" data-date=\"2025-07-16 12:02:34\" data-filename=\"IMG_5779.jpg\" data-slide-type=\"image\"><img loading=\"lazy\" decoding=\"async\" src=\"https:\/\/elbschule.hamburg.de\/wp-content\/uploads\/sites\/127\/2025\/07\/IMG_5779.jpg\" height=\"480\" width=\"640\" alt=\"\" class=\"slider-5124 slide-5129 msDefaultImage\" title=\"IMG_5779\" \/><\/li>\n                <li style=\"display: none; width: 100%;\" class=\"slide-5130 ms-image \" aria-roledescription=\"slide\" data-date=\"2025-07-16 12:02:34\" data-filename=\"IMG_5794.jpg\" data-slide-type=\"image\"><img loading=\"lazy\" decoding=\"async\" src=\"https:\/\/elbschule.hamburg.de\/wp-content\/uploads\/sites\/127\/2025\/07\/IMG_5794.jpg\" height=\"480\" width=\"640\" alt=\"\" class=\"slider-5124 slide-5130 msDefaultImage\" title=\"IMG_5794\" \/><\/li>\n                <li style=\"display: none; width: 100%;\" class=\"slide-5131 ms-image \" aria-roledescription=\"slide\" data-date=\"2025-07-16 12:02:34\" data-filename=\"IMG_5802.jpg\" data-slide-type=\"image\"><img loading=\"lazy\" decoding=\"async\" src=\"https:\/\/elbschule.hamburg.de\/wp-content\/uploads\/sites\/127\/2025\/07\/IMG_5802.jpg\" height=\"480\" width=\"640\" alt=\"\" class=\"slider-5124 slide-5131 msDefaultImage\" title=\"IMG_5802\" \/><\/li>\n                <li style=\"display: none; width: 100%;\" class=\"slide-5132 ms-image \" aria-roledescription=\"slide\" data-date=\"2025-07-16 12:02:34\" data-filename=\"IMG_5793.jpg\" data-slide-type=\"image\"><img loading=\"lazy\" decoding=\"async\" src=\"https:\/\/elbschule.hamburg.de\/wp-content\/uploads\/sites\/127\/2025\/07\/IMG_5793.jpg\" height=\"480\" width=\"640\" alt=\"\" class=\"slider-5124 slide-5132 msDefaultImage\" title=\"IMG_5793\" \/><\/li>\n                <li style=\"display: none; width: 100%;\" class=\"slide-5133 ms-image \" aria-roledescription=\"slide\" data-date=\"2025-07-16 12:02:34\" data-filename=\"IMG_5792.jpg\" data-slide-type=\"image\"><img loading=\"lazy\" decoding=\"async\" src=\"https:\/\/elbschule.hamburg.de\/wp-content\/uploads\/sites\/127\/2025\/07\/IMG_5792.jpg\" height=\"480\" width=\"640\" alt=\"\" class=\"slider-5124 slide-5133 msDefaultImage\" title=\"IMG_5792\" \/><\/li>\n                <li style=\"display: none; width: 100%;\" class=\"slide-5134 ms-image \" aria-roledescription=\"slide\" data-date=\"2025-07-16 12:02:34\" data-filename=\"Titelbild.jpg\" data-slide-type=\"image\"><img loading=\"lazy\" decoding=\"async\" src=\"https:\/\/elbschule.hamburg.de\/wp-content\/uploads\/sites\/127\/2025\/07\/Titelbild.jpg\" height=\"480\" width=\"640\" alt=\"\" class=\"slider-5124 slide-5134 msDefaultImage\" title=\"Titelbild\" \/><\/li>\n                <li style=\"display: none; width: 100%;\" class=\"slide-5135 ms-image \" aria-roledescription=\"slide\" data-date=\"2025-07-16 12:02:34\" data-filename=\"IMG_5806.jpg\" data-slide-type=\"image\"><img loading=\"lazy\" decoding=\"async\" src=\"https:\/\/elbschule.hamburg.de\/wp-content\/uploads\/sites\/127\/2025\/07\/IMG_5806.jpg\" height=\"480\" width=\"640\" alt=\"\" class=\"slider-5124 slide-5135 msDefaultImage\" title=\"IMG_5806\" \/><\/li>\n                <li style=\"display: none; width: 100%;\" class=\"slide-5136 ms-image \" aria-roledescription=\"slide\" data-date=\"2025-07-16 12:02:34\" data-filename=\"IMG_5807.jpg\" data-slide-type=\"image\"><img loading=\"lazy\" decoding=\"async\" src=\"https:\/\/elbschule.hamburg.de\/wp-content\/uploads\/sites\/127\/2025\/07\/IMG_5807.jpg\" height=\"480\" width=\"640\" alt=\"\" class=\"slider-5124 slide-5136 msDefaultImage\" title=\"IMG_5807\" \/><\/li>\n                <li style=\"display: none; width: 100%;\" class=\"slide-5137 ms-image \" aria-roledescription=\"slide\" data-date=\"2025-07-16 12:02:35\" data-filename=\"IMG_5803.jpg\" data-slide-type=\"image\"><img loading=\"lazy\" decoding=\"async\" src=\"https:\/\/elbschule.hamburg.de\/wp-content\/uploads\/sites\/127\/2025\/07\/IMG_5803.jpg\" height=\"480\" width=\"640\" alt=\"\" class=\"slider-5124 slide-5137 msDefaultImage\" title=\"IMG_5803\" \/><\/li>\n            <\/ul>\n        <\/div>\n        \n    <\/div>\n<\/div>\n<p>Am vierten Juli 2025 gab der Elbschulkulturtag nach langer pandemiebedingter Pause allen Eingeladenen die M\u00f6glichkeit, die <strong>wunder<\/strong>baren Werke der Sch\u00fcler*innen zu be<strong>wunder<\/strong>n. Das Trommelteam empfing die G\u00e4ste lautstark mit seinem K\u00f6nnen am Eingang der Elbschule. Die Darbietungen waren vielf\u00e4ltig: Manche Klassen hatten in Projekten Theaterst\u00fccke, T\u00e4nze, Perfomances und Musikst\u00fccke einstudiert und dem Publikum vorgef\u00fchrt. Die Grundschule begeisterte die Anwesenden in der Aula mit einem Begr\u00fc\u00dfungslied \u201aHallo, Moin moin\u2018, einem weiteren Lied mit der Forderung \u201aDas ist unser Wald\u2018, einer Darstellung der Buchstaben aus Menschen und mit einer \u201aTanzreise durch Europa\u2018, die alle zum Mitmachen animierte. In der Sporthalle wurde die Akrobatikauff\u00fchrung \u201aVariety\u2018 von zwei Klassen der Stadtteilschule gezeigt, die ihre beeindruckenden Leistungen u.a. im Teambasketballwerfen, am Boden, Barren und Reck und auch in einem selbst choreografierten Tanz darboten.<\/p>\n<p>Im ganzen Schulhaus verteilt konnte man die ideenreichen Ausstellungen wie \u201aKleine Z\u00fcge, gro\u00dfe <strong>Wunder<\/strong>\u2018, zahlreiche Kunstwerke mit Skulpturen, Fotografien, Graffiti, <strong>wunder<\/strong>baren Filmen, Sieb- und Linoldruckarbeiten, den Fashion Day 2025, Mode aus Papier und recycelte Werke be<strong>wunder<\/strong>n. Bei den vielf\u00e4ltigen Mitmachaktionen wie <strong>Wunder<\/strong>blumen basteln und beim \u201a<strong>Wunder<\/strong> der Freundschaft\u2018 konnte man sich einbringen, im Projekt Zirkusschule Tellerdrehen \u00fcben, bei der \u201alebenden Slotmaschine\u2018 sein Gl\u00fcck probieren, mit einem Stempelset des Fingeralphabets seinen Namen drucken, sich an Tonarbeiten versuchen oder am W\u00fcnschebaum sich etwas <strong>Wunder<\/strong>bares w\u00fcnschen.<\/p>\n<p>Mehrere Klassen hatten f\u00fcr eine <strong>wunder<\/strong>bare kulinarische Reise in ihre Herkunftsl\u00e4nder unter dem Motto \u201aEine Prise Heimat\u2018 gesorgt. Aus den vielf\u00e4ltigen Rezepten entstand nicht nur ein <strong>wunder<\/strong>bares Buffet mit K\u00f6stlichkeiten, sondern auch ein Kochbuch mit den spannenden Rezepten, welches zu erwerben war. Zwei andere Klassen hatten ihr Lieblingsessen aus ihrer Heimat in Form von Skulpturen aus verschiedenen Materialien dargestellt, die teilweise zum Reinbei\u00dfen verlockten, so echt waren sie nachgebildet.<\/p>\n<p>Am Ende dieses <strong>wunde<\/strong>rvollen Elbschulkulturtages begleitete erneut das schlagkr\u00e4ftige Trommelteam die G\u00e4ste beim Hinausgehen und bekam fr\u00f6hlichen Applaus.<\/p>\n<p>Dieser Tag in der Elbschule zeigte allen: <strong>Wunder<\/strong> gibt es immer wieder und sind <strong>wunder<\/strong>bar!<\/p>\n<p>Katharina von Puttkamer<\/p>\n","protected":false},"excerpt":{"rendered":"<p>Am vierten Juli 2025 gab der Elbschulkulturtag nach langer pandemiebedingter Pause allen Eingeladenen die M\u00f6glichkeit, die wunderbaren Werke der Sch\u00fcler*innen zu bewundern. Das Trommelteam empfing die G\u00e4ste lautstark mit seinem K\u00f6nnen am Eingang der Elbschule. Die Darbietungen waren vielf\u00e4ltig: Manche Klassen hatten in Projekten Theaterst\u00fccke, T\u00e4nze, Perfomances und Musikst\u00fccke einstudiert und dem Publikum vorgef\u00fchrt. Die &hellip; <a href=\"https:\/\/elbschule.hamburg.de\/?page_id=5109\" class=\"more-link\"><span class=\"screen-reader-text\">Elbschulkulturtag 2025 &#8211; einfach WUNDERbar<\/span> weiterlesen <span class=\"meta-nav\">&rarr;<\/span><\/a><\/p>\n","protected":false},"author":207,"featured_media":0,"parent":0,"menu_order":0,"comment_status":"closed","ping_status":"closed","template":"","meta":{"_acf_changed":false,"footnotes":""},"class_list":["post-5109","page","type-page","status-publish","hentry"],"acf":[],"_links":{"self":[{"href":"https:\/\/elbschule.hamburg.de\/index.php?rest_route=\/wp\/v2\/pages\/5109","targetHints":{"allow":["GET"]}}],"collection":[{"href":"https:\/\/elbschule.hamburg.de\/index.php?rest_route=\/wp\/v2\/pages"}],"about":[{"href":"https:\/\/elbschule.hamburg.de\/index.php?rest_route=\/wp\/v2\/types\/page"}],"author":[{"embeddable":true,"href":"https:\/\/elbschule.hamburg.de\/index.php?rest_route=\/wp\/v2\/users\/207"}],"replies":[{"embeddable":true,"href":"https:\/\/elbschule.hamburg.de\/index.php?rest_route=%2Fwp%2Fv2%2Fcomments&post=5109"}],"version-history":[{"count":2,"href":"https:\/\/elbschule.hamburg.de\/index.php?rest_route=\/wp\/v2\/pages\/5109\/revisions"}],"predecessor-version":[{"id":5138,"href":"https:\/\/elbschule.hamburg.de\/index.php?rest_route=\/wp\/v2\/pages\/5109\/revisions\/5138"}],"wp:attachment":[{"href":"https:\/\/elbschule.hamburg.de\/index.php?rest_route=%2Fwp%2Fv2%2Fmedia&parent=5109"}],"curies":[{"name":"wp","href":"https:\/\/api.w.org\/{rel}","templated":true}]}}