{"id":5075,"date":"2025-06-07T18:28:48","date_gmt":"2025-06-07T18:28:48","guid":{"rendered":"https:\/\/elbschule.hamburg.de\/?page_id=5075"},"modified":"2025-06-07T18:28:48","modified_gmt":"2025-06-07T18:28:48","slug":"das-war-schoen-fruehjahrsfest-der-fruehfoerderung","status":"publish","type":"page","link":"https:\/\/elbschule.hamburg.de\/?page_id=5075","title":{"rendered":"Das war sch\u00f6n!! Fr\u00fchjahrsfest der Fr\u00fchf\u00f6rderung"},"content":{"rendered":"<p><a href=\"https:\/\/elbschule.hamburg.de\/wp-content\/uploads\/sites\/127\/2025\/06\/Pferde-scaled.jpg\" data-rel=\"lightbox\" data-rl_title=\"\" data-rl_caption=\"\" title=\"\"><img loading=\"lazy\" decoding=\"async\" class=\"size-large wp-image-5079 aligncenter\" src=\"https:\/\/elbschule.hamburg.de\/wp-content\/uploads\/sites\/127\/2025\/06\/Pferde-1024x768.jpg\" alt=\"\" width=\"474\" height=\"356\" srcset=\"https:\/\/elbschule.hamburg.de\/wp-content\/uploads\/sites\/127\/2025\/06\/Pferde-1024x768.jpg 1024w, https:\/\/elbschule.hamburg.de\/wp-content\/uploads\/sites\/127\/2025\/06\/Pferde-300x225.jpg 300w, https:\/\/elbschule.hamburg.de\/wp-content\/uploads\/sites\/127\/2025\/06\/Pferde-768x576.jpg 768w, https:\/\/elbschule.hamburg.de\/wp-content\/uploads\/sites\/127\/2025\/06\/Pferde-1536x1152.jpg 1536w, https:\/\/elbschule.hamburg.de\/wp-content\/uploads\/sites\/127\/2025\/06\/Pferde-2048x1536.jpg 2048w\" sizes=\"auto, (max-width: 474px) 100vw, 474px\" \/><\/a><\/p>\n<p>Der Regenguss mit Hagelschauer p\u00fcnktlich zur Abschlussrunde konnten der guten Stimmung unseres diesj\u00e4hrigen Fr\u00fchjahrsfestes der Fr\u00fchf\u00f6rderung keinen Abbruch tun J<\/p>\n<p><a href=\"https:\/\/elbschule.hamburg.de\/wp-content\/uploads\/sites\/127\/2025\/06\/Schminktisch-scaled.jpg\" data-rel=\"lightbox\" data-rl_title=\"\" data-rl_caption=\"\" title=\"\"><img loading=\"lazy\" decoding=\"async\" class=\"alignright size-medium wp-image-5080\" src=\"https:\/\/elbschule.hamburg.de\/wp-content\/uploads\/sites\/127\/2025\/06\/Schminktisch-225x300.jpg\" alt=\"\" width=\"225\" height=\"300\" srcset=\"https:\/\/elbschule.hamburg.de\/wp-content\/uploads\/sites\/127\/2025\/06\/Schminktisch-225x300.jpg 225w, https:\/\/elbschule.hamburg.de\/wp-content\/uploads\/sites\/127\/2025\/06\/Schminktisch-768x1024.jpg 768w, https:\/\/elbschule.hamburg.de\/wp-content\/uploads\/sites\/127\/2025\/06\/Schminktisch-1152x1536.jpg 1152w, https:\/\/elbschule.hamburg.de\/wp-content\/uploads\/sites\/127\/2025\/06\/Schminktisch-1536x2048.jpg 1536w, https:\/\/elbschule.hamburg.de\/wp-content\/uploads\/sites\/127\/2025\/06\/Schminktisch-scaled.jpg 1920w\" sizes=\"auto, (max-width: 225px) 100vw, 225px\" \/><\/a>Rund 70 Personen von \u201enoch-winzig-klein\u201c (4 Monate) bis in die Gro\u00dfelterngeneration haben zusammen gesungen, gespielt, gebastelt und gefeiert. \u201ePferde\u201c war das Motto des Tages \u2013 und viele der kurzen Beine sind galant \u00fcber H\u00fcrden gesprungen und durch Parcours gelaufen. Am Schminktisch gab es die M\u00f6glichkeit, sich selber zum Pferdchen verwandeln zu lassen, M\u00f6hrchen wurden gesucht und gefunden und neu in Futterdosen verstaut. Das wunderbare mitgebrachte Buffet hat den Vormittag schmackhaft werden lassen.<\/p>\n<p><a href=\"https:\/\/elbschule.hamburg.de\/wp-content\/uploads\/sites\/127\/2025\/06\/Basteltisch.jpg\" data-rel=\"lightbox\" data-rl_title=\"\" data-rl_caption=\"\" title=\"\"><img loading=\"lazy\" decoding=\"async\" class=\"alignleft size-medium wp-image-5078\" src=\"https:\/\/elbschule.hamburg.de\/wp-content\/uploads\/sites\/127\/2025\/06\/Basteltisch-225x300.jpg\" alt=\"\" width=\"225\" height=\"300\" srcset=\"https:\/\/elbschule.hamburg.de\/wp-content\/uploads\/sites\/127\/2025\/06\/Basteltisch-225x300.jpg 225w, https:\/\/elbschule.hamburg.de\/wp-content\/uploads\/sites\/127\/2025\/06\/Basteltisch-768x1024.jpg 768w, https:\/\/elbschule.hamburg.de\/wp-content\/uploads\/sites\/127\/2025\/06\/Basteltisch-1152x1536.jpg 1152w, https:\/\/elbschule.hamburg.de\/wp-content\/uploads\/sites\/127\/2025\/06\/Basteltisch.jpg 1536w\" sizes=\"auto, (max-width: 225px) 100vw, 225px\" \/><\/a>Was uns besonders freut ist, dass die M\u00f6glichkeit der Begegnung und des Gespr\u00e4ches untereinander genutzt wurde und viele der Kinder sich in diesem fr\u00f6hlichen Rahmen kennen lernen konnten. Tja,\u2026 und dann gab es mit dem Wolkenbruch das Signal zum raschen Ende.<\/p>\n<p>Vielen Dank an all die helfenden H\u00e4nde &#8211;<\/p>\n<p>Auf ein Neues dann im Fr\u00fchjahr 2026!<\/p>\n<p>&nbsp;<\/p>\n<p>Christiane Garvs<\/p>\n","protected":false},"excerpt":{"rendered":"<p>Der Regenguss mit Hagelschauer p\u00fcnktlich zur Abschlussrunde konnten der guten Stimmung unseres diesj\u00e4hrigen Fr\u00fchjahrsfestes der Fr\u00fchf\u00f6rderung keinen Abbruch tun J Rund 70 Personen von \u201enoch-winzig-klein\u201c (4 Monate) bis in die Gro\u00dfelterngeneration haben zusammen gesungen, gespielt, gebastelt und gefeiert. \u201ePferde\u201c war das Motto des Tages \u2013 und viele der kurzen Beine sind galant \u00fcber H\u00fcrden gesprungen &hellip; <a href=\"https:\/\/elbschule.hamburg.de\/?page_id=5075\" class=\"more-link\"><span class=\"screen-reader-text\">Das war sch\u00f6n!! Fr\u00fchjahrsfest der Fr\u00fchf\u00f6rderung<\/span> weiterlesen <span class=\"meta-nav\">&rarr;<\/span><\/a><\/p>\n","protected":false},"author":207,"featured_media":0,"parent":0,"menu_order":0,"comment_status":"closed","ping_status":"closed","template":"","meta":{"_acf_changed":false,"footnotes":""},"class_list":["post-5075","page","type-page","status-publish","hentry"],"acf":[],"_links":{"self":[{"href":"https:\/\/elbschule.hamburg.de\/index.php?rest_route=\/wp\/v2\/pages\/5075","targetHints":{"allow":["GET"]}}],"collection":[{"href":"https:\/\/elbschule.hamburg.de\/index.php?rest_route=\/wp\/v2\/pages"}],"about":[{"href":"https:\/\/elbschule.hamburg.de\/index.php?rest_route=\/wp\/v2\/types\/page"}],"author":[{"embeddable":true,"href":"https:\/\/elbschule.hamburg.de\/index.php?rest_route=\/wp\/v2\/users\/207"}],"replies":[{"embeddable":true,"href":"https:\/\/elbschule.hamburg.de\/index.php?rest_route=%2Fwp%2Fv2%2Fcomments&post=5075"}],"version-history":[{"count":6,"href":"https:\/\/elbschule.hamburg.de\/index.php?rest_route=\/wp\/v2\/pages\/5075\/revisions"}],"predecessor-version":[{"id":5084,"href":"https:\/\/elbschule.hamburg.de\/index.php?rest_route=\/wp\/v2\/pages\/5075\/revisions\/5084"}],"wp:attachment":[{"href":"https:\/\/elbschule.hamburg.de\/index.php?rest_route=%2Fwp%2Fv2%2Fmedia&parent=5075"}],"curies":[{"name":"wp","href":"https:\/\/api.w.org\/{rel}","templated":true}]}}