{"id":5044,"date":"2025-05-20T15:08:51","date_gmt":"2025-05-20T15:08:51","guid":{"rendered":"https:\/\/elbschule.hamburg.de\/?page_id=5044"},"modified":"2025-05-20T15:08:51","modified_gmt":"2025-05-20T15:08:51","slug":"wichtig-ist-die-vernetzung","status":"publish","type":"page","link":"https:\/\/elbschule.hamburg.de\/?page_id=5044","title":{"rendered":"\u201eWichtig ist die Vernetzung\u201c"},"content":{"rendered":"<p><strong>Bericht \u00fcber den 4. Expertentag Beruf an der Elbschule<\/strong><\/p>\n<p>Anfang M\u00e4rz 2025 war es wieder so weit. Zum vierten Mal kamen Expert:innen aus sechs unterschiedlichen beruflichen Bereichen in die Elbschule. Sie berichteten den Sch\u00fcler:innen von ihrem Werdegang, ihren Erfahrungen mit ihrer H\u00f6rsch\u00e4digung und von ihrem beruflichen Alltag. Neben diversen anderen, auch au\u00dferschulisch stattfindenden Veranstaltungen, die im Rahmen der beruflichen Orientierung an der Elbschule stattfinden, stellt dieser Tag Vorbilder mit einer H\u00f6rsch\u00e4digung in den Fokus.<\/p>\n<p>Die Klassen 7\u201310 hatten an dem Tag die M\u00f6glichkeit jeweils drei Vortr\u00e4ge von Expert:innen zu besuchen und nat\u00fcrlich unz\u00e4hlige Fragen zu stellen.<\/p>\n<p>Den Auftakt machte der ehemalige Sch\u00fcler der Elbschule Julius <a href=\"https:\/\/elbschule.hamburg.de\/wp-content\/uploads\/sites\/127\/2025\/05\/IMG_01-Julius-Wendel-scaled.jpg\" data-rel=\"lightbox\" data-rl_title=\"\" data-rl_caption=\"\" title=\"\"><img loading=\"lazy\" decoding=\"async\" class=\"alignright size-medium wp-image-5049\" src=\"https:\/\/elbschule.hamburg.de\/wp-content\/uploads\/sites\/127\/2025\/05\/IMG_01-Julius-Wendel-300x225.jpg\" alt=\"\" width=\"300\" height=\"225\" srcset=\"https:\/\/elbschule.hamburg.de\/wp-content\/uploads\/sites\/127\/2025\/05\/IMG_01-Julius-Wendel-300x225.jpg 300w, https:\/\/elbschule.hamburg.de\/wp-content\/uploads\/sites\/127\/2025\/05\/IMG_01-Julius-Wendel-1024x768.jpg 1024w, https:\/\/elbschule.hamburg.de\/wp-content\/uploads\/sites\/127\/2025\/05\/IMG_01-Julius-Wendel-768x576.jpg 768w, https:\/\/elbschule.hamburg.de\/wp-content\/uploads\/sites\/127\/2025\/05\/IMG_01-Julius-Wendel-1536x1152.jpg 1536w, https:\/\/elbschule.hamburg.de\/wp-content\/uploads\/sites\/127\/2025\/05\/IMG_01-Julius-Wendel-2048x1536.jpg 2048w\" sizes=\"auto, (max-width: 300px) 100vw, 300px\" \/><\/a>Wendel. Er berichtete von seiner Ausbildung und seinem Beruf als Pflegefachmann. Seine Erz\u00e4hlungen aus dem Alltag in der Pflege ging den Sch\u00fcler:innen sehr nahe. So, als Julius davon erz\u00e4hlte, dass es sein k\u00f6nne, dass \u201edie Person, die du abends noch gepflegt hast, am n\u00e4chsten Morgen verstorben ist\u201c. Auf die Frage, wie er mit psychischen Problemen der Patienten und deren Schicksalen umgehe, antwortet Julius, dass es wichtig sei, \u201esich die Sachen nicht zu Herzen nehmen, sonst frisst es einen innerlich auf\u201c. Es gebe aber auch sch\u00f6ne Momente, wenn man beispielsweise eine 105 Jahre alte Damen versorge und im n\u00e4chsten Moment ein Neugeborenes, dass gerade erst 2 Stunden alt sei. Seine H\u00f6rsch\u00e4digung habe ihn vor neue Herausforderungen gestellt. Zwei Bewerbungen seien aufgrund seiner H\u00f6rsch\u00e4digung abgelehnt worden. In der Berufsschule musste er seine Lehrer so lange nerven, bis sie die eigens organisierte \u00dcbertragungsanlage verwendeten. Die Ausbildung sei anstrengend ebenso wie das Schichtsystem, trotzdem w\u00fcrde er \u201ekeinen anderen Beruf w\u00e4hlen\u201c. Das beeindruckte die Sch\u00fcler:innen sichtlich.<\/p>\n<p><a href=\"https:\/\/elbschule.hamburg.de\/wp-content\/uploads\/sites\/127\/2025\/05\/IMG_02-Sabrina-und-Walaa--scaled.jpg\" data-rel=\"lightbox\" data-rl_title=\"\" data-rl_caption=\"\" title=\"\"><img loading=\"lazy\" decoding=\"async\" class=\"size-medium wp-image-5053 alignleft\" src=\"https:\/\/elbschule.hamburg.de\/wp-content\/uploads\/sites\/127\/2025\/05\/IMG_02-Sabrina-und-Walaa--300x192.jpg\" alt=\"\" width=\"300\" height=\"192\" srcset=\"https:\/\/elbschule.hamburg.de\/wp-content\/uploads\/sites\/127\/2025\/05\/IMG_02-Sabrina-und-Walaa--300x192.jpg 300w, https:\/\/elbschule.hamburg.de\/wp-content\/uploads\/sites\/127\/2025\/05\/IMG_02-Sabrina-und-Walaa--1024x656.jpg 1024w, https:\/\/elbschule.hamburg.de\/wp-content\/uploads\/sites\/127\/2025\/05\/IMG_02-Sabrina-und-Walaa--768x492.jpg 768w, https:\/\/elbschule.hamburg.de\/wp-content\/uploads\/sites\/127\/2025\/05\/IMG_02-Sabrina-und-Walaa--1536x984.jpg 1536w, https:\/\/elbschule.hamburg.de\/wp-content\/uploads\/sites\/127\/2025\/05\/IMG_02-Sabrina-und-Walaa--2048x1313.jpg 2048w\" sizes=\"auto, (max-width: 300px) 100vw, 300px\" \/><\/a>Im parallel stattfindenden Vortrag berichten Sabrina Todorovic und Walaa Ali Ahmad (ebenfalls ehemalige Elbsch\u00fclerinnen) mit ihrem Lehrer Frank Fokken \u00fcber die Ausbildung zur Verk\u00e4uferin im Einzelhandel am Berufsbildungswerk (BBW) Eidelstedt. Im Alltag m\u00fcssten beide oft nachfragen, um z.B. Kund:innen zu verstehen. Das sei f\u00fcr sie jedoch kein Problem. Au\u00dferdem verwenden sie Mikrofone, um besser zu verstehen. Auch bei diesen Expert:innen schauten die Sch\u00fcler:innen begeistert zu.<\/p>\n<p>Elisabeth Majnik (Verwaltungsangestellte) und Franziska <a href=\"https:\/\/elbschule.hamburg.de\/wp-content\/uploads\/sites\/127\/2025\/05\/IMG_03-Elisabeth-Majnik-scaled.jpg\" data-rel=\"lightbox\" data-rl_title=\"\" data-rl_caption=\"\" title=\"\"><img loading=\"lazy\" decoding=\"async\" class=\"alignright size-medium wp-image-5050\" src=\"https:\/\/elbschule.hamburg.de\/wp-content\/uploads\/sites\/127\/2025\/05\/IMG_03-Elisabeth-Majnik-300x199.jpg\" alt=\"\" width=\"300\" height=\"199\" srcset=\"https:\/\/elbschule.hamburg.de\/wp-content\/uploads\/sites\/127\/2025\/05\/IMG_03-Elisabeth-Majnik-300x199.jpg 300w, https:\/\/elbschule.hamburg.de\/wp-content\/uploads\/sites\/127\/2025\/05\/IMG_03-Elisabeth-Majnik-1024x679.jpg 1024w, https:\/\/elbschule.hamburg.de\/wp-content\/uploads\/sites\/127\/2025\/05\/IMG_03-Elisabeth-Majnik-768x509.jpg 768w, https:\/\/elbschule.hamburg.de\/wp-content\/uploads\/sites\/127\/2025\/05\/IMG_03-Elisabeth-Majnik-1536x1018.jpg 1536w, https:\/\/elbschule.hamburg.de\/wp-content\/uploads\/sites\/127\/2025\/05\/IMG_03-Elisabeth-Majnik-2048x1357.jpg 2048w\" sizes=\"auto, (max-width: 300px) 100vw, 300px\" \/><\/a>Westerfeld\u00a0 (Psychologin) arbeiten beide bei DESY und haben von ihren sehr unterschiedlichen Arbeitsbereichen und Erfahrungen mit ihrer H\u00f6rsch\u00e4digung (auch w\u00e4hrend der Ausbildung\/Studium) berichtet. Elisabeth Majnik erz\u00e4hlte von ihren Barrieren aufgrund ihrer Taubheit: \u201eIch wollte in Hamburg an die Berufsschule gehen. Daf\u00fcr habe ich gek\u00e4mpft. Mit einem Anwalt hatte ich Erfolg. Also durfte ich an die richtige Berufsschule und auf dem gleichen Niveau (wie h\u00f6rende) lernen\u201c. Mit Dolmetschern habe sie dann verstanden. Ihre drei Impulse an die Sch\u00fcler:innen: Nicht aufgeben! Jeder Mensch sei es Wert, egal welchen H\u00f6rstatus man habe. Au\u00dferdem sei eine gute Vernetzung mit Kolleg:innen, im Team und mit der Teamleitung sehr wichtig und zu guter Letzt: gute Deutschkenntnisse.<\/p>\n<p><a href=\"https:\/\/elbschule.hamburg.de\/wp-content\/uploads\/sites\/127\/2025\/05\/IMG_04-Franziska-Westerfeld-1-scaled.jpg\" data-rel=\"lightbox\" data-rl_title=\"\" data-rl_caption=\"\" title=\"\"><img loading=\"lazy\" decoding=\"async\" class=\"size-medium wp-image-5048 alignleft\" src=\"https:\/\/elbschule.hamburg.de\/wp-content\/uploads\/sites\/127\/2025\/05\/IMG_04-Franziska-Westerfeld-1-300x185.jpg\" alt=\"\" width=\"300\" height=\"185\" srcset=\"https:\/\/elbschule.hamburg.de\/wp-content\/uploads\/sites\/127\/2025\/05\/IMG_04-Franziska-Westerfeld-1-300x185.jpg 300w, https:\/\/elbschule.hamburg.de\/wp-content\/uploads\/sites\/127\/2025\/05\/IMG_04-Franziska-Westerfeld-1-1024x630.jpg 1024w, https:\/\/elbschule.hamburg.de\/wp-content\/uploads\/sites\/127\/2025\/05\/IMG_04-Franziska-Westerfeld-1-768x473.jpg 768w, https:\/\/elbschule.hamburg.de\/wp-content\/uploads\/sites\/127\/2025\/05\/IMG_04-Franziska-Westerfeld-1-1536x945.jpg 1536w, https:\/\/elbschule.hamburg.de\/wp-content\/uploads\/sites\/127\/2025\/05\/IMG_04-Franziska-Westerfeld-1-2048x1260.jpg 2048w\" sizes=\"auto, (max-width: 300px) 100vw, 300px\" \/><\/a>Franziska Westerfeld wurde von den Sch\u00fcler:innen besonders intensiv zu ihrer Ertaubung befragt und wie sie diese erlebe. Au\u00dferdem herrschte gro\u00dfes Erstaunen dar\u00fcber, dass Frau Westerfeld als Psychologin nicht in einer Praxis arbeite, sondern in einem Unternehmen. Wie vielf\u00e4ltig oft die Arbeitsfelder eines Berufes (hier am Beispiel der Psychologin) sind, wurde den Sch\u00fcler:innen hierdurch deutlich.<\/p>\n<p><a href=\"https:\/\/elbschule.hamburg.de\/wp-content\/uploads\/sites\/127\/2025\/05\/IMG_05-Manuel-Gnerlich-1-scaled.jpg\" data-rel=\"lightbox\" data-rl_title=\"\" data-rl_caption=\"\" title=\"\"><img loading=\"lazy\" decoding=\"async\" class=\"alignright size-medium wp-image-5051\" src=\"https:\/\/elbschule.hamburg.de\/wp-content\/uploads\/sites\/127\/2025\/05\/IMG_05-Manuel-Gnerlich-1-200x300.jpg\" alt=\"\" width=\"200\" height=\"300\" srcset=\"https:\/\/elbschule.hamburg.de\/wp-content\/uploads\/sites\/127\/2025\/05\/IMG_05-Manuel-Gnerlich-1-200x300.jpg 200w, https:\/\/elbschule.hamburg.de\/wp-content\/uploads\/sites\/127\/2025\/05\/IMG_05-Manuel-Gnerlich-1-683x1024.jpg 683w, https:\/\/elbschule.hamburg.de\/wp-content\/uploads\/sites\/127\/2025\/05\/IMG_05-Manuel-Gnerlich-1-768x1151.jpg 768w, https:\/\/elbschule.hamburg.de\/wp-content\/uploads\/sites\/127\/2025\/05\/IMG_05-Manuel-Gnerlich-1-1025x1536.jpg 1025w, https:\/\/elbschule.hamburg.de\/wp-content\/uploads\/sites\/127\/2025\/05\/IMG_05-Manuel-Gnerlich-1-1367x2048.jpg 1367w, https:\/\/elbschule.hamburg.de\/wp-content\/uploads\/sites\/127\/2025\/05\/IMG_05-Manuel-Gnerlich-1-scaled.jpg 1709w\" sizes=\"auto, (max-width: 200px) 100vw, 200px\" \/><\/a>Den Abschluss des Tages machten Achim Zier (Vorsitzender des Hamburger Geh\u00f6rlosen Sportvereins HGSV) und Manuel Gnerlich (Informatiker). Herr Gnerlich berichtet von seiner Arbeit als Softwareentwickler und Gesch\u00e4ftsf\u00fchrer von Open Mind Software GmbH. Eine seiner Leidenschaften liege darin, innovative Softwarel\u00f6sungen zu entwickeln, in der Geb\u00e4rdensprache eingesetzt oder Gegenstand sei, wie beispielsweise das BMAS-Projekt Sign4All, dem digitalen beruflichen Fachgeb\u00e4rdenlexika.<\/p>\n<p>Herr Zier referierte ausf\u00fchrlich \u00fcber seine fr\u00fchere Zeit als einzige Taube Person in einer Firma mit h\u00f6renden Mitarbeiter:innen. \u201eDurch meine Eltern habe ich ein bisschen sprechen gelernt. Aber haupts\u00e4chlich habe ich in der Firma schriftlich kommuniziert. Allein <a href=\"https:\/\/elbschule.hamburg.de\/wp-content\/uploads\/sites\/127\/2025\/05\/IMG_06-Achim-Zier-scaled.jpg\" data-rel=\"lightbox\" data-rl_title=\"\" data-rl_caption=\"\" title=\"\"><img loading=\"lazy\" decoding=\"async\" class=\"size-medium wp-image-5052 alignleft\" src=\"https:\/\/elbschule.hamburg.de\/wp-content\/uploads\/sites\/127\/2025\/05\/IMG_06-Achim-Zier-300x225.jpg\" alt=\"\" width=\"300\" height=\"225\" srcset=\"https:\/\/elbschule.hamburg.de\/wp-content\/uploads\/sites\/127\/2025\/05\/IMG_06-Achim-Zier-300x225.jpg 300w, https:\/\/elbschule.hamburg.de\/wp-content\/uploads\/sites\/127\/2025\/05\/IMG_06-Achim-Zier-1024x768.jpg 1024w, https:\/\/elbschule.hamburg.de\/wp-content\/uploads\/sites\/127\/2025\/05\/IMG_06-Achim-Zier-768x576.jpg 768w, https:\/\/elbschule.hamburg.de\/wp-content\/uploads\/sites\/127\/2025\/05\/IMG_06-Achim-Zier-1536x1152.jpg 1536w, https:\/\/elbschule.hamburg.de\/wp-content\/uploads\/sites\/127\/2025\/05\/IMG_06-Achim-Zier-2048x1536.jpg 2048w\" sizes=\"auto, (max-width: 300px) 100vw, 300px\" \/><\/a>mit h\u00f6renden zu arbeiten und zu kommunizieren war zu Anfang echt anstrengend und hart, weil die Mimik sich von geh\u00f6rlosen und h\u00f6renden bei der Kommunikation unterscheiden. Wenn h\u00f6rende laut gesprochen haben, hatten sie oft ein angestrengtes Gesicht und da habe ich mich immer gefragt, ob sie jetzt sauer auf mich sind?\u201c. Heute als Vorsitzender und einziger Festangestellter Mitarbeiter des HGSV sei sein beruflicher Alltag komplett anders. F\u00fcr die Korrespondenz und Kommunikation beispielsweise mit Beh\u00f6rden habe er eine Arbeitsassistenz, die in beide Richtungen (Deutsche Geb\u00e4rdensprache\/Deutsch) \u00fcbersetze.<\/p>\n<p>So hat der vierte Expertentag wieder einmal den Sch\u00fcler:innen die vielf\u00e4ltigen beruflichen M\u00f6glichkeiten mit einer H\u00f6rsch\u00e4digung aufgezeigt. Macht euch auf den Weg, lasst euch von Steinen, die euch scheinbar den Weg versperren nicht entmutigen, vernetzt euch, ihr seid es Wert.<\/p>\n","protected":false},"excerpt":{"rendered":"<p>Bericht \u00fcber den 4. Expertentag Beruf an der Elbschule Anfang M\u00e4rz 2025 war es wieder so weit. Zum vierten Mal kamen Expert:innen aus sechs unterschiedlichen beruflichen Bereichen in die Elbschule. Sie berichteten den Sch\u00fcler:innen von ihrem Werdegang, ihren Erfahrungen mit ihrer H\u00f6rsch\u00e4digung und von ihrem beruflichen Alltag. Neben diversen anderen, auch au\u00dferschulisch stattfindenden Veranstaltungen, die &hellip; <a href=\"https:\/\/elbschule.hamburg.de\/?page_id=5044\" class=\"more-link\"><span class=\"screen-reader-text\">\u201eWichtig ist die Vernetzung\u201c<\/span> weiterlesen <span class=\"meta-nav\">&rarr;<\/span><\/a><\/p>\n","protected":false},"author":207,"featured_media":0,"parent":0,"menu_order":0,"comment_status":"closed","ping_status":"closed","template":"","meta":{"_acf_changed":false,"footnotes":""},"class_list":["post-5044","page","type-page","status-publish","hentry"],"acf":[],"_links":{"self":[{"href":"https:\/\/elbschule.hamburg.de\/index.php?rest_route=\/wp\/v2\/pages\/5044","targetHints":{"allow":["GET"]}}],"collection":[{"href":"https:\/\/elbschule.hamburg.de\/index.php?rest_route=\/wp\/v2\/pages"}],"about":[{"href":"https:\/\/elbschule.hamburg.de\/index.php?rest_route=\/wp\/v2\/types\/page"}],"author":[{"embeddable":true,"href":"https:\/\/elbschule.hamburg.de\/index.php?rest_route=\/wp\/v2\/users\/207"}],"replies":[{"embeddable":true,"href":"https:\/\/elbschule.hamburg.de\/index.php?rest_route=%2Fwp%2Fv2%2Fcomments&post=5044"}],"version-history":[{"count":7,"href":"https:\/\/elbschule.hamburg.de\/index.php?rest_route=\/wp\/v2\/pages\/5044\/revisions"}],"predecessor-version":[{"id":5059,"href":"https:\/\/elbschule.hamburg.de\/index.php?rest_route=\/wp\/v2\/pages\/5044\/revisions\/5059"}],"wp:attachment":[{"href":"https:\/\/elbschule.hamburg.de\/index.php?rest_route=%2Fwp%2Fv2%2Fmedia&parent=5044"}],"curies":[{"name":"wp","href":"https:\/\/api.w.org\/{rel}","templated":true}]}}