{"id":5027,"date":"2025-04-16T14:47:50","date_gmt":"2025-04-16T14:47:50","guid":{"rendered":"https:\/\/elbschule.hamburg.de\/?page_id=5027"},"modified":"2025-06-08T10:50:29","modified_gmt":"2025-06-08T10:50:29","slug":"klassen-9a-und-9d-laden-am-24-04-25-zur-blitzausstellung-ein","status":"publish","type":"page","link":"https:\/\/elbschule.hamburg.de\/?page_id=5027","title":{"rendered":"Klassen 9a und 9d laden zur Blitzausstellung ein &#8211; jetzt auch online!"},"content":{"rendered":"<p><a href=\"https:\/\/www.kunstpioniere.de\/ausstellung\/auch-uns-geht-essen-was-an\/\"><img loading=\"lazy\" decoding=\"async\" class=\"aligncenter wp-image-5099 size-full\" src=\"https:\/\/elbschule.hamburg.de\/wp-content\/uploads\/sites\/127\/2025\/06\/Elbschule-Online-Ausstellung-Markk-Tausend-Toepfe.jpg\" alt=\"\" width=\"1200\" height=\"960\" srcset=\"https:\/\/elbschule.hamburg.de\/wp-content\/uploads\/sites\/127\/2025\/06\/Elbschule-Online-Ausstellung-Markk-Tausend-Toepfe.jpg 1200w, https:\/\/elbschule.hamburg.de\/wp-content\/uploads\/sites\/127\/2025\/06\/Elbschule-Online-Ausstellung-Markk-Tausend-Toepfe-300x240.jpg 300w, https:\/\/elbschule.hamburg.de\/wp-content\/uploads\/sites\/127\/2025\/06\/Elbschule-Online-Ausstellung-Markk-Tausend-Toepfe-1024x819.jpg 1024w, https:\/\/elbschule.hamburg.de\/wp-content\/uploads\/sites\/127\/2025\/06\/Elbschule-Online-Ausstellung-Markk-Tausend-Toepfe-768x614.jpg 768w\" sizes=\"auto, (max-width: 1200px) 100vw, 1200px\" \/><\/a>Mit viel Geschmack: Lieblingsessen in klein und gro\u00df<\/p>\n<p>Unsere Kunstpioniere der Elbschule pr\u00e4sentierten ihre farbenfrohen Arbeiten zu der Ausstellung TAUSEND T\u00d6PFE &#8211; Was Essen uns angeht im MARKK (Museum am Rothenbaum). Gro\u00dfformatige Bilder und Mini-Skulpturen des jeweiligen Lieblingsessens der Sch\u00fcler:innen erfreuten sich eines gro\u00dfen Interesses seitens der zahlreichen Besucher:innen der Blitzausstellung&#8230;<\/p>\n<p>MUFFINS, FAMILIENESSEN UND PIZZAOFEN<\/p>\n<p>Alle w\u00e4hrend einer Blitzausstellung pr\u00e4sentierten Werke unserer Kunstpioniere sind nun im Anschluss auf der Website der Kunstpioniere zu finden.<\/p>\n<blockquote class=\"wp-embedded-content\" data-secret=\"48kQCYM6c6\"><p><a href=\"https:\/\/www.kunstpioniere.de\/ausstellung\/auch-uns-geht-essen-was-an\">Auch uns geht Essen was an!<\/a><\/p><\/blockquote>\n<p><iframe loading=\"lazy\" class=\"wp-embedded-content\" sandbox=\"allow-scripts\" security=\"restricted\" style=\"position: absolute; visibility: hidden;\" title=\"&#8222;Auch uns geht Essen was an!&#8220; &#8212; Kunstpioniere\" src=\"https:\/\/www.kunstpioniere.de\/ausstellung\/auch-uns-geht-essen-was-an\/embed\/#?secret=D2aNuaW2aw#?secret=48kQCYM6c6\" data-secret=\"48kQCYM6c6\" width=\"474\" height=\"267\" frameborder=\"0\" marginwidth=\"0\" marginheight=\"0\" scrolling=\"no\"><\/iframe><\/p>\n<p>&#8212;&#8212;&#8212;&#8212;&#8212;&#8212;&#8212;&#8212;&#8212;&#8212;&#8212;&#8212;&#8212;&#8212;&#8212;&#8212;&#8212;&#8212;&#8212;&#8212;&#8212;&#8212;&#8212;&#8212;&#8212;&#8212;&#8212;&#8212;-<\/p>\n<p><a href=\"https:\/\/elbschule.hamburg.de\/wp-content\/uploads\/sites\/127\/2025\/04\/Kunstpioniere-Karte-scaled.jpg\" data-rel=\"lightbox\" data-rl_title=\"\" data-rl_caption=\"\" title=\"\"><img loading=\"lazy\" decoding=\"async\" class=\"aligncenter wp-image-5035\" src=\"https:\/\/elbschule.hamburg.de\/wp-content\/uploads\/sites\/127\/2025\/04\/Kunstpioniere-Karte-300x214.jpg\" alt=\"\" width=\"640\" height=\"456\" srcset=\"https:\/\/elbschule.hamburg.de\/wp-content\/uploads\/sites\/127\/2025\/04\/Kunstpioniere-Karte-300x214.jpg 300w, https:\/\/elbschule.hamburg.de\/wp-content\/uploads\/sites\/127\/2025\/04\/Kunstpioniere-Karte-1024x729.jpg 1024w, https:\/\/elbschule.hamburg.de\/wp-content\/uploads\/sites\/127\/2025\/04\/Kunstpioniere-Karte-768x547.jpg 768w, https:\/\/elbschule.hamburg.de\/wp-content\/uploads\/sites\/127\/2025\/04\/Kunstpioniere-Karte-1536x1094.jpg 1536w, https:\/\/elbschule.hamburg.de\/wp-content\/uploads\/sites\/127\/2025\/04\/Kunstpioniere-Karte-2048x1458.jpg 2048w\" sizes=\"auto, (max-width: 640px) 100vw, 640px\" \/><\/a><\/p>\n<p>Bald ist es soweit, die 9a und 9d stellen ihre Werke im MARKK \u2013 Museum am Rothenbaum Kulturen und K\u00fcnste der Welt aus.<br \/>\nIn einer beeindruckenden Blitzausstellung pr\u00e4sentieren die Sch\u00fcler*innen der Klassen 9a und 9d ihre Kunstwerke, die in der Auseinandersetzung mit der Ausstellung \u201eTausend T\u00f6pfe \u2013 was<br \/>\nEssen uns angeht\u201c entstanden sind.<br \/>\nEs sind alle herzlich eingeladen zur feierlichen Er\u00f6ffnung der Blitzausstellung im MARKK <strong>am Donnerstag, 24.04.2025 von 16:00-18:30 Uhr<\/strong> zu kommen.<br \/>\nDort gibt es auch Gelegenheit, mit den K\u00fcnstler*innen pers\u00f6nlich \u00fcber ihre Werke ins Gespr\u00e4ch zu kommen.<\/p>\n<p>Wir freuen uns auf zahlreiches Kommen!<\/p>\n<p>Herzliche Gr\u00fc\u00dfe<br \/>\nKlasse 9a, Klasse 9d, C. Hubert und B. Visser<\/p>\n<p>&#8212;&#8212;&#8212;&#8212;&#8212;&#8212;&#8212;&#8212;&#8212;&#8212;&#8212;&#8212;&#8212;&#8212;&#8212;&#8212;&#8212;&#8212;&#8212;&#8212;&#8212;&#8212;&#8211;<\/p>\n<p>Der Making-Off-Bericht der Kunstpioniere der Klassen 9a und 9d ist nun auch online:<\/p>\n<p><a href=\"https:\/\/www.kunstpioniere.de\/wie-schmeckt-es-in-indien-was-brutzelt-auf-dem-grill-in-libanon-und-syrien-wie-bereitet-man-einen-argentinischen-tee-zu-warum-sollte-man-jede-einzelne-pistazie-wertschaetzen\/\" target=\"_blank\" rel=\"noopener\">https:\/\/www.kunstpioniere.de\/wie-schmeckt-es-in-indien-was-brutzelt-auf-dem-grill-in-libanon-und-syrien-wie-bereitet-man-einen-argentinischen-tee-zu-warum-sollte-man-jede-einzelne-pistazie-wertschaetzen\/<\/a><\/p>\n<p>Die Sch\u00fclerinnen und Sch\u00fcler und wir freuen uns schon auf unsere Ausstellung im MARKK. Am Donnerstag, den 17.04. kommt nochmals Si-Ying Fung in die Schule und wir machen eine Probepr\u00e4sentation.<\/p>\n","protected":false},"excerpt":{"rendered":"<p>Mit viel Geschmack: Lieblingsessen in klein und gro\u00df Unsere Kunstpioniere der Elbschule pr\u00e4sentierten ihre farbenfrohen Arbeiten zu der Ausstellung TAUSEND T\u00d6PFE &#8211; Was Essen uns angeht im MARKK (Museum am Rothenbaum). Gro\u00dfformatige Bilder und Mini-Skulpturen des jeweiligen Lieblingsessens der Sch\u00fcler:innen erfreuten sich eines gro\u00dfen Interesses seitens der zahlreichen Besucher:innen der Blitzausstellung&#8230; MUFFINS, FAMILIENESSEN UND PIZZAOFEN &hellip; <a href=\"https:\/\/elbschule.hamburg.de\/?page_id=5027\" class=\"more-link\"><span class=\"screen-reader-text\">Klassen 9a und 9d laden zur Blitzausstellung ein &#8211; jetzt auch online!<\/span> weiterlesen <span class=\"meta-nav\">&rarr;<\/span><\/a><\/p>\n","protected":false},"author":195,"featured_media":0,"parent":0,"menu_order":0,"comment_status":"closed","ping_status":"closed","template":"","meta":{"_acf_changed":false,"footnotes":""},"class_list":["post-5027","page","type-page","status-publish","hentry"],"acf":[],"_links":{"self":[{"href":"https:\/\/elbschule.hamburg.de\/index.php?rest_route=\/wp\/v2\/pages\/5027","targetHints":{"allow":["GET"]}}],"collection":[{"href":"https:\/\/elbschule.hamburg.de\/index.php?rest_route=\/wp\/v2\/pages"}],"about":[{"href":"https:\/\/elbschule.hamburg.de\/index.php?rest_route=\/wp\/v2\/types\/page"}],"author":[{"embeddable":true,"href":"https:\/\/elbschule.hamburg.de\/index.php?rest_route=\/wp\/v2\/users\/195"}],"replies":[{"embeddable":true,"href":"https:\/\/elbschule.hamburg.de\/index.php?rest_route=%2Fwp%2Fv2%2Fcomments&post=5027"}],"version-history":[{"count":10,"href":"https:\/\/elbschule.hamburg.de\/index.php?rest_route=\/wp\/v2\/pages\/5027\/revisions"}],"predecessor-version":[{"id":5101,"href":"https:\/\/elbschule.hamburg.de\/index.php?rest_route=\/wp\/v2\/pages\/5027\/revisions\/5101"}],"wp:attachment":[{"href":"https:\/\/elbschule.hamburg.de\/index.php?rest_route=%2Fwp%2Fv2%2Fmedia&parent=5027"}],"curies":[{"name":"wp","href":"https:\/\/api.w.org\/{rel}","templated":true}]}}