{"id":49,"date":"2015-04-11T15:42:34","date_gmt":"2015-04-11T15:42:34","guid":{"rendered":"http:\/\/elbschule.schulhomepages.hamburg.de\/?page_id=49"},"modified":"2017-07-18T09:52:44","modified_gmt":"2017-07-18T09:52:44","slug":"links","status":"publish","type":"page","link":"https:\/\/elbschule.hamburg.de\/?page_id=49","title":{"rendered":"Links"},"content":{"rendered":"<table style=\"border: none\">\n<tbody>\n<tr>\n<td style=\"border: none;vertical-align: middle\"><img loading=\"lazy\" decoding=\"async\" class=\" wp-image-546 alignleft\" src=\"https:\/\/elbschule.hamburg.de\/wp-content\/uploads\/sites\/127\/2015\/08\/Bildschirmfoto-2015-08-30-um-19.06.25.png\" alt=\"Links Kindernachrichten in Geb\u00e4rdensprache\" width=\"78\" height=\"64\" srcset=\"https:\/\/elbschule.hamburg.de\/wp-content\/uploads\/sites\/127\/2015\/08\/Bildschirmfoto-2015-08-30-um-19.06.25.png 592w, https:\/\/elbschule.hamburg.de\/wp-content\/uploads\/sites\/127\/2015\/08\/Bildschirmfoto-2015-08-30-um-19.06.25-300x247.png 300w\" sizes=\"auto, (max-width: 78px) 100vw, 78px\" \/><\/td>\n<td style=\"border: none;vertical-align: middle\"><strong>Kindernachrichten in Geb\u00e4rdensprache<\/strong><br \/>\n<a href=\"http:\/\/www.ndr.de\/kindernachrichten\" target=\"_blank\" rel=\"noopener\">http:\/\/www.ndr.de\/kindernachrichten<\/a><\/td>\n<\/tr>\n<tr>\n<td style=\"border: none;vertical-align: middle\"><img loading=\"lazy\" decoding=\"async\" class=\" wp-image-547 alignleft\" src=\"https:\/\/elbschule.hamburg.de\/wp-content\/uploads\/sites\/127\/2015\/08\/Bildschirmfoto-2015-08-30-um-19.08.25.png\" alt=\"Links Guckmichtv\" width=\"79\" height=\"44\" srcset=\"https:\/\/elbschule.hamburg.de\/wp-content\/uploads\/sites\/127\/2015\/08\/Bildschirmfoto-2015-08-30-um-19.08.25.png 1123w, https:\/\/elbschule.hamburg.de\/wp-content\/uploads\/sites\/127\/2015\/08\/Bildschirmfoto-2015-08-30-um-19.08.25-300x168.png 300w, https:\/\/elbschule.hamburg.de\/wp-content\/uploads\/sites\/127\/2015\/08\/Bildschirmfoto-2015-08-30-um-19.08.25-1024x574.png 1024w, https:\/\/elbschule.hamburg.de\/wp-content\/uploads\/sites\/127\/2015\/08\/Bildschirmfoto-2015-08-30-um-19.08.25-672x372.png 672w, https:\/\/elbschule.hamburg.de\/wp-content\/uploads\/sites\/127\/2015\/08\/Bildschirmfoto-2015-08-30-um-19.08.25-1038x576.png 1038w\" sizes=\"auto, (max-width: 79px) 100vw, 79px\" \/><\/td>\n<td style=\"border: none;vertical-align: middle\"><strong>GuckmichTV:<\/strong> Jeden Monat zwei neue lustige Wissensfilme in DGS, mit Untertiteln und Stimme<br \/>\n<a href=\"http:\/\/www.guckmich.tv\/\" target=\"_blank\" rel=\"noopener\">www.guckmich.tv<\/a><\/td>\n<\/tr>\n<tr>\n<td style=\"border: none;vertical-align: middle\"><img loading=\"lazy\" decoding=\"async\" class=\" wp-image-548 alignleft\" src=\"https:\/\/elbschule.hamburg.de\/wp-content\/uploads\/sites\/127\/2015\/08\/Bildschirmfoto-2015-08-30-um-19.10.17.png\" alt=\"Links Kinderbuecher in Geb\u00e4rdensprache\" width=\"72\" height=\"70\" \/><\/td>\n<td style=\"border: none;vertical-align: middle\"><strong>Kinderb\u00fccher in Geb\u00e4rdensprache und Schrift:<\/strong><br \/>\n<a href=\"http:\/\/www.kinderbuecher.gmu.de\" target=\"_blank\" rel=\"noopener\">kinderbuecher.gmu.de<\/a><\/td>\n<\/tr>\n<tr>\n<td style=\"border: none;vertical-align: middle\"><img loading=\"lazy\" decoding=\"async\" class=\" size-full wp-image-325 alignleft\" src=\"https:\/\/elbschule.hamburg.de\/wp-content\/uploads\/sites\/127\/2015\/08\/Gehoerlosenverband_HH.gif\" alt=\"links Gehoerlosenverband_HH\" width=\"75\" height=\"75\" \/><\/td>\n<td style=\"border: none;vertical-align: middle\"><strong>Geh\u00f6rlosenverband Hamburg<\/strong><br \/>\nDer Geh\u00f6rlosenverband Hamburg e.V. ist die Interessenvertretung der Geh\u00f6rlosen, Schwerh\u00f6rigen und Sp\u00e4tertaubten.<br \/>\n<a href=\"http:\/\/www.gehoerlosenverband-hamburg.de\" target=\"_blank\" rel=\"noopener\">www.gehoerlosenverband-hamburg.de<br \/>\n<\/a><\/td>\n<\/tr>\n<tr>\n<td style=\"border: none;vertical-align: middle\"><img loading=\"lazy\" decoding=\"async\" class=\" wp-image-326 alignleft\" src=\"https:\/\/elbschule.hamburg.de\/wp-content\/uploads\/sites\/127\/2015\/08\/logo_bds.jpg\" alt=\"llinks ogo_bds\" width=\"80\" height=\"58\" srcset=\"https:\/\/elbschule.hamburg.de\/wp-content\/uploads\/sites\/127\/2015\/08\/logo_bds.jpg 610w, https:\/\/elbschule.hamburg.de\/wp-content\/uploads\/sites\/127\/2015\/08\/logo_bds-300x219.jpg 300w\" sizes=\"auto, (max-width: 80px) 100vw, 80px\" \/><\/td>\n<td style=\"border: none;vertical-align: middle\"><strong>Bund der Schwerh\u00f6rigen e.V. Hamurg<\/strong><br \/>\nDer Verein vertritt die Schwerh\u00f6rigen und Ertaubten in Hamburg. Der Verein unterh\u00e4lt ein H\u00f6rberatungs-und Informationszentrum.<br \/>\n<a href=\"http:\/\/www.bds-hh.de\" target=\"_blank\" rel=\"noopener\">www.bds-hh.de<\/a><\/td>\n<\/tr>\n<tr>\n<td style=\"border: none;vertical-align: middle\"><img loading=\"lazy\" decoding=\"async\" class=\" wp-image-553 alignleft\" src=\"https:\/\/elbschule.hamburg.de\/wp-content\/uploads\/sites\/127\/2015\/08\/Bildschirmfoto-2015-08-30-um-19.29.01.png\" alt=\"links Elbschuleltern\" width=\"65\" height=\"65\" srcset=\"https:\/\/elbschule.hamburg.de\/wp-content\/uploads\/sites\/127\/2015\/08\/Bildschirmfoto-2015-08-30-um-19.29.01.png 395w, https:\/\/elbschule.hamburg.de\/wp-content\/uploads\/sites\/127\/2015\/08\/Bildschirmfoto-2015-08-30-um-19.29.01-150x150.png 150w, https:\/\/elbschule.hamburg.de\/wp-content\/uploads\/sites\/127\/2015\/08\/Bildschirmfoto-2015-08-30-um-19.29.01-300x300.png 300w\" sizes=\"auto, (max-width: 65px) 100vw, 65px\" \/><\/td>\n<td style=\"border: none;vertical-align: middle\"><strong>ElbschulEltern von Regelschulkindern<\/strong><br \/>\n<a href=\"http:\/\/elbschul-eltern.de\/\" target=\"_blank\" rel=\"noopener\">http:\/\/elbschul-eltern.de<\/a><\/td>\n<\/tr>\n<tr>\n<td style=\"border: none;vertical-align: middle\"><img loading=\"lazy\" decoding=\"async\" class=\" wp-image-328 alignleft\" src=\"https:\/\/elbschule.hamburg.de\/wp-content\/uploads\/sites\/127\/2015\/08\/Taubenschlag.png\" alt=\"links Taubenschlag\" width=\"85\" height=\"47\" \/><\/td>\n<td style=\"border: none;vertical-align: middle\"><strong>Taubenschlag<\/strong><br \/>\nDer Taubenschlag bietet Informationen und eine Vielzahl von Links.<br \/>\n<a href=\"http:\/\/www.taubenschlag.de\" target=\"_blank\" rel=\"noopener\">www.taubenschlag.de<\/a><\/td>\n<\/tr>\n<tr>\n<td style=\"border: none;vertical-align: middle\"><img loading=\"lazy\" decoding=\"async\" class=\"wp-image-327 alignleft\" src=\"https:\/\/elbschule.hamburg.de\/wp-content\/uploads\/sites\/127\/2015\/08\/Sehenstatthoeren.gif\" alt=\"links Sehenstatthoeren\" width=\"72\" height=\"72\" \/><\/td>\n<td style=\"border: none;vertical-align: middle\"><strong>Sehen statt H\u00f6ren<\/strong><br \/>\nDas Wochenmagazin f\u00fcr H\u00f6rgesch\u00e4digte von<br \/>\nBayerischen Fernsehen.<br \/>\n<a href=\"http:\/\/www.br.de\/br-fernsehen\/sendungen\/sehen-statt-hoeren\/index.html\" target=\"_blank\" rel=\"noopener\">http:\/\/www.br.de\/br-fernsehen\/sendungen\/sehen-statt-hoeren\/index.html<\/a><\/td>\n<\/tr>\n<tr>\n<td style=\"border: none;vertical-align: middle\"><img loading=\"lazy\" decoding=\"async\" class=\" wp-image-331 alignleft\" src=\"https:\/\/elbschule.hamburg.de\/wp-content\/uploads\/sites\/127\/2015\/08\/links-hhnh.png\" alt=\"links hhnh\" width=\"68\" height=\"36\" \/><\/td>\n<td style=\"border: none;vertical-align: middle\"><strong>Hamburger Netzwerk H\u00f6rsch\u00e4digung HHNH<\/strong><br \/>\n<a href=\"http:\/\/www.hhnh.org\" target=\"_blank\" rel=\"noopener\">www.hhnh.org<\/a><\/td>\n<\/tr>\n<tr>\n<td style=\"border: none;vertical-align: middle\"><img loading=\"lazy\" decoding=\"async\" class=\" wp-image-572 alignleft\" src=\"https:\/\/elbschule.hamburg.de\/wp-content\/uploads\/sites\/127\/2015\/09\/link-Bundeselternverband.jpg\" alt=\"link Bundeselternverband\" width=\"82\" height=\"49\" srcset=\"https:\/\/elbschule.hamburg.de\/wp-content\/uploads\/sites\/127\/2015\/09\/link-Bundeselternverband.jpg 320w, https:\/\/elbschule.hamburg.de\/wp-content\/uploads\/sites\/127\/2015\/09\/link-Bundeselternverband-300x180.jpg 300w\" sizes=\"auto, (max-width: 82px) 100vw, 82px\" \/><\/td>\n<td style=\"border: none;vertical-align: middle\"><strong>Bundelelternverband geh\u00f6rloser Kinder e.V.<\/strong><br \/>\n<a href=\"http:\/\/gehoerlosekinder.de\/\" target=\"_blank\" rel=\"noopener\">http:\/\/gehoerlosekinder.de\/<\/a><\/td>\n<\/tr>\n<tr>\n<td style=\"border: none;vertical-align: middle\"><img loading=\"lazy\" decoding=\"async\" class=\" wp-image-571 alignleft\" src=\"https:\/\/elbschule.hamburg.de\/wp-content\/uploads\/sites\/127\/2015\/09\/link-Taubwissen.png\" alt=\"link Taubwissen\" width=\"75\" height=\"29\" srcset=\"https:\/\/elbschule.hamburg.de\/wp-content\/uploads\/sites\/127\/2015\/09\/link-Taubwissen.png 320w, https:\/\/elbschule.hamburg.de\/wp-content\/uploads\/sites\/127\/2015\/09\/link-Taubwissen-300x116.png 300w\" sizes=\"auto, (max-width: 75px) 100vw, 75px\" \/><\/td>\n<td style=\"border: none;vertical-align: middle\"><strong>Taubwissen:<\/strong> Informationsportal rund um die<br \/>\nLebenswelt, Geschichte und Kultur tauber Menschen<br \/>\n(Institut f\u00fcr Deutsche Geb\u00e4rdensprache der<br \/>\nUniversit\u00e4t Hamburg)<br \/>\n<a href=\"http:\/\/www.taubwissen.de\" target=\"_blank\" rel=\"noopener\">taubwissen.de<\/a><\/td>\n<\/tr>\n<\/tbody>\n<\/table>\n","protected":false},"excerpt":{"rendered":"<p>Kindernachrichten in Geb\u00e4rdensprache http:\/\/www.ndr.de\/kindernachrichten GuckmichTV: Jeden Monat zwei neue lustige Wissensfilme in DGS, mit Untertiteln und Stimme www.guckmich.tv Kinderb\u00fccher in Geb\u00e4rdensprache und Schrift: kinderbuecher.gmu.de Geh\u00f6rlosenverband Hamburg Der Geh\u00f6rlosenverband Hamburg e.V. ist die Interessenvertretung der Geh\u00f6rlosen, Schwerh\u00f6rigen und Sp\u00e4tertaubten. www.gehoerlosenverband-hamburg.de Bund der Schwerh\u00f6rigen e.V. Hamurg Der Verein vertritt die Schwerh\u00f6rigen und Ertaubten in Hamburg. Der Verein &hellip; <a href=\"https:\/\/elbschule.hamburg.de\/?page_id=49\" class=\"more-link\"><span class=\"screen-reader-text\">Links<\/span> weiterlesen <span class=\"meta-nav\">&rarr;<\/span><\/a><\/p>\n","protected":false},"author":207,"featured_media":0,"parent":0,"menu_order":0,"comment_status":"closed","ping_status":"closed","template":"","meta":{"_acf_changed":false,"footnotes":""},"class_list":["post-49","page","type-page","status-publish","hentry"],"acf":[],"_links":{"self":[{"href":"https:\/\/elbschule.hamburg.de\/index.php?rest_route=\/wp\/v2\/pages\/49","targetHints":{"allow":["GET"]}}],"collection":[{"href":"https:\/\/elbschule.hamburg.de\/index.php?rest_route=\/wp\/v2\/pages"}],"about":[{"href":"https:\/\/elbschule.hamburg.de\/index.php?rest_route=\/wp\/v2\/types\/page"}],"author":[{"embeddable":true,"href":"https:\/\/elbschule.hamburg.de\/index.php?rest_route=\/wp\/v2\/users\/207"}],"replies":[{"embeddable":true,"href":"https:\/\/elbschule.hamburg.de\/index.php?rest_route=%2Fwp%2Fv2%2Fcomments&post=49"}],"version-history":[{"count":2,"href":"https:\/\/elbschule.hamburg.de\/index.php?rest_route=\/wp\/v2\/pages\/49\/revisions"}],"predecessor-version":[{"id":1401,"href":"https:\/\/elbschule.hamburg.de\/index.php?rest_route=\/wp\/v2\/pages\/49\/revisions\/1401"}],"wp:attachment":[{"href":"https:\/\/elbschule.hamburg.de\/index.php?rest_route=%2Fwp%2Fv2%2Fmedia&parent=49"}],"curies":[{"name":"wp","href":"https:\/\/api.w.org\/{rel}","templated":true}]}}