{"id":4662,"date":"2024-05-15T09:11:22","date_gmt":"2024-05-15T09:11:22","guid":{"rendered":"https:\/\/elbschule.hamburg.de\/?page_id=4662"},"modified":"2024-05-15T09:13:56","modified_gmt":"2024-05-15T09:13:56","slug":"97-tage-im-amt-schulsenatorin-bekeris-an-der-elbschule","status":"publish","type":"page","link":"https:\/\/elbschule.hamburg.de\/?page_id=4662","title":{"rendered":"97 Tage im Amt \u2013 Schulsenatorin Bekeris an der Elbschule"},"content":{"rendered":"<div id=\"metaslider-id-4664\" style=\"max-width: 640px; margin: 0 auto;\" class=\"ml-slider-3-107-0 metaslider metaslider-nivo metaslider-4664 ml-slider has-dots-nav ms-theme-default\" role=\"region\" aria-label=\"Schulsenatorin Bekeris an der Elbschule\" data-height=\"480\" data-width=\"640\">\n    <div id=\"metaslider_container_4664\">\n        <div class='slider-wrapper theme-default'><div class='ribbon'><\/div><div id='metaslider_4664' class='nivoSlider'><img loading=\"lazy\" decoding=\"async\" src=\"https:\/\/elbschule.hamburg.de\/wp-content\/uploads\/sites\/127\/2024\/05\/Besuch-Senatorin-1-scaled-640x480.jpg\" height=\"480\" width=\"640\" title=\"Besuch Senatorin 1\" alt=\"\" class=\"slider-4664 slide-4665 msDefaultImage\" \/><img loading=\"lazy\" decoding=\"async\" src=\"https:\/\/elbschule.hamburg.de\/wp-content\/uploads\/sites\/127\/2024\/05\/Besuch-Senatorin-2-scaled-640x480.jpg\" height=\"480\" width=\"640\" title=\"Besuch Senatorin 2\" alt=\"\" class=\"slider-4664 slide-4666 msDefaultImage\" \/><img loading=\"lazy\" decoding=\"async\" src=\"https:\/\/elbschule.hamburg.de\/wp-content\/uploads\/sites\/127\/2024\/05\/Besuch-Senatorin-3-scaled-640x480.jpg\" height=\"480\" width=\"640\" title=\"Besuch Senatorin 3\" alt=\"\" class=\"slider-4664 slide-4667 msDefaultImage\" \/><img loading=\"lazy\" decoding=\"async\" src=\"https:\/\/elbschule.hamburg.de\/wp-content\/uploads\/sites\/127\/2024\/05\/Besuch-Senatorin-4-scaled-640x480.jpg\" height=\"480\" width=\"640\" title=\"Besuch Senatorin 4\" alt=\"\" class=\"slider-4664 slide-4668 msDefaultImage\" \/><img loading=\"lazy\" decoding=\"async\" src=\"https:\/\/elbschule.hamburg.de\/wp-content\/uploads\/sites\/127\/2024\/05\/Besuch-Senatorin-5-scaled-640x480.jpg\" height=\"480\" width=\"640\" title=\"Besuch Senatorin 5\" alt=\"\" class=\"slider-4664 slide-4669 msDefaultImage\" \/><\/div><\/div>\n        \n    <\/div>\n<\/div>\n<p>Politischer Besuch aus Senatskreisen hatte sich in den letzten 50 Jahren (l\u00e4nger reicht das kollektive Ged\u00e4chtnis des Kollegiums nicht) weder f\u00fcr die Elbschule noch die beiden Vorg\u00e4ngerschulen f\u00fcr Geh\u00f6rlose und f\u00fcr Schwerh\u00f6rige jemals angek\u00fcndigt.<\/p>\n<p>Der 22. April 2024 war deshalb ein besonderer Tag, denn Ksenija Bekeris, neue Senatorin f\u00fcr Schule und Berufsbildung in Hamburg, wollte sich in zwei Stunden einen pers\u00f6nlichen Eindruck von der Elbschule verschaffen. Begleitet wurde sie u.a. von Heidi Bistritzky, Fachaufsicht Spezielle Sonderschulen im Amt f\u00fcr Bildung.<\/p>\n<p>Im Gespr\u00e4ch mit Schulleiterin Ulrike Witte und weiteren Mitgliedern des Leitungsteams interessierte sich Senatorin Bekeris f\u00fcr die Zusammensetzung der Sch\u00fclerschaft und die gelebte Inklusion nach innen und au\u00dfen. Aus dem seit 2016 laufenden und bis 2026 verl\u00e4ngerten Schulversuch zur \u201eInklusion invers\u201c an der Elbschule erhofft sie sich Impulse f\u00fcr Didaktik und Methodik inklusiven Unterrichts an anderen Schulen. Auch Frau Bistritzky zeigte sich an den Ergebnissen interessiert, damit \u201edie in den Bildungszentren historisch gewachsene hohe Kompetenz in die Fl\u00e4che getragen werden\u201c k\u00f6nne.<\/p>\n<p>Auf der besonderen Zweisprachigkeit an der Elbschule und der Rolle der Deutschen Geb\u00e4rdensprache DGS lag ein weiterer Fokus des Gespr\u00e4ches. Auch wenn die Kultusministerkonferenz im Jahr 2021 die DGS als Wahlpflichtfach an allen Schulen zugelassen hatte, steht ihre Anerkennung als 2. Fremdsprache und Pr\u00fcfungsfach noch aus. Die Senatorin nahm diesen schulpolitischen Wunsch zur Kenntnis und erkannte, \u201edass die Attraktivit\u00e4t f\u00fcr h\u00f6rende Sch\u00fclerinnen und Sch\u00fcler dadurch sehr gest\u00e4rkt w\u00e4re.\u201c<\/p>\n<p>Bei dem anschlie\u00dfenden Besuch verschiedener Schulklassen erhielt Frau Bekeris kleine Einblicke in die p\u00e4dagogische Arbeit und die Kommunikationsformen an der Elbschule. Sehr zugewandt nahm sie mit Kindern und Mitarbeitenden Kontakt auf und lie\u00df sich Unterrichtsziele und Methoden erkl\u00e4ren. Auch umgekehrt gab es Fragen und die Kinder wollten von der \u201eChefin der Chefin der Chefin\u201c (gemeint ist die \u201eoberste Chefin\u201c) die Namensgeb\u00e4rde (eckige Brille) und den Geburtstag (11.4.) wissen. Da der 11. April erst wenige Tage zur\u00fccklag, konnte Frau Bekeris sich an einer spontanen Ehrung mit der Geburtstags-Geb\u00e4rdenpoesie von Klasse 3a\/4a erfreuen.<\/p>\n<p>Die Senatorin verabschiedete sich mit dem positiven Eindruck von fr\u00f6hlichen Sch\u00fclerinnen und Sch\u00fclern sowie eines engagierten Kollegiums und einer enormen Vielfalt an Aufgabenfeldern der Elbschule. Besonders aber &#8211; wie wir glauben &#8211; von einer Schule, die auch einen wichtigen Teil der Hamburger Inklusion abbildet und pr\u00e4gt.<\/p>\n<p>&nbsp;<\/p>\n<p>Karin Perwo-A\u00dfmann<\/p>\n","protected":false},"excerpt":{"rendered":"<p>Politischer Besuch aus Senatskreisen hatte sich in den letzten 50 Jahren (l\u00e4nger reicht das kollektive Ged\u00e4chtnis des Kollegiums nicht) weder f\u00fcr die Elbschule noch die beiden Vorg\u00e4ngerschulen f\u00fcr Geh\u00f6rlose und f\u00fcr Schwerh\u00f6rige jemals angek\u00fcndigt. Der 22. April 2024 war deshalb ein besonderer Tag, denn Ksenija Bekeris, neue Senatorin f\u00fcr Schule und Berufsbildung in Hamburg, wollte &hellip; <a href=\"https:\/\/elbschule.hamburg.de\/?page_id=4662\" class=\"more-link\"><span class=\"screen-reader-text\">97 Tage im Amt \u2013 Schulsenatorin Bekeris an der Elbschule<\/span> weiterlesen <span class=\"meta-nav\">&rarr;<\/span><\/a><\/p>\n","protected":false},"author":195,"featured_media":0,"parent":0,"menu_order":0,"comment_status":"closed","ping_status":"closed","template":"","meta":{"_acf_changed":false,"footnotes":""},"class_list":["post-4662","page","type-page","status-publish","hentry"],"acf":[],"_links":{"self":[{"href":"https:\/\/elbschule.hamburg.de\/index.php?rest_route=\/wp\/v2\/pages\/4662","targetHints":{"allow":["GET"]}}],"collection":[{"href":"https:\/\/elbschule.hamburg.de\/index.php?rest_route=\/wp\/v2\/pages"}],"about":[{"href":"https:\/\/elbschule.hamburg.de\/index.php?rest_route=\/wp\/v2\/types\/page"}],"author":[{"embeddable":true,"href":"https:\/\/elbschule.hamburg.de\/index.php?rest_route=\/wp\/v2\/users\/195"}],"replies":[{"embeddable":true,"href":"https:\/\/elbschule.hamburg.de\/index.php?rest_route=%2Fwp%2Fv2%2Fcomments&post=4662"}],"version-history":[{"count":2,"href":"https:\/\/elbschule.hamburg.de\/index.php?rest_route=\/wp\/v2\/pages\/4662\/revisions"}],"predecessor-version":[{"id":4670,"href":"https:\/\/elbschule.hamburg.de\/index.php?rest_route=\/wp\/v2\/pages\/4662\/revisions\/4670"}],"wp:attachment":[{"href":"https:\/\/elbschule.hamburg.de\/index.php?rest_route=%2Fwp%2Fv2%2Fmedia&parent=4662"}],"curies":[{"name":"wp","href":"https:\/\/api.w.org\/{rel}","templated":true}]}}

<div id="metaslider-id-4664" style="max-width: 640px; margin: 0 auto;" class="ml-slider-3-107-0 metaslider metaslider-nivo metaslider-4664 ml-slider has-dots-nav ms-theme-default" role="region" aria-label="Schulsenatorin Bekeris an der Elbschule" data-height="480" data-width="640">
    <div id="metaslider_container_4664">
        <div class='slider-wrapper theme-default'><div class='ribbon'></div><div id='metaslider_4664' class='nivoSlider'><img loading="lazy" decoding="async" src="https://elbschule.hamburg.de/wp-content/uploads/sites/127/2024/05/Besuch-Senatorin-1-scaled-640x480.jpg" height="480" width="640" title="Besuch Senatorin 1" alt="" class="slider-4664 slide-4665 msDefaultImage" /><img loading="lazy" decoding="async" src="https://elbschule.hamburg.de/wp-content/uploads/sites/127/2024/05/Besuch-Senatorin-2-scaled-640x480.jpg" height="480" width="640" title="Besuch Senatorin 2" alt="" class="slider-4664 slide-4666 msDefaultImage" /><img loading="lazy" decoding="async" src="https://elbschule.hamburg.de/wp-content/uploads/sites/127/2024/05/Besuch-Senatorin-3-scaled-640x480.jpg" height="480" width="640" title="Besuch Senatorin 3" alt="" class="slider-4664 slide-4667 msDefaultImage" /><img loading="lazy" decoding="async" src="https://elbschule.hamburg.de/wp-content/uploads/sites/127/2024/05/Besuch-Senatorin-4-scaled-640x480.jpg" height="480" width="640" title="Besuch Senatorin 4" alt="" class="slider-4664 slide-4668 msDefaultImage" /><img loading="lazy" decoding="async" src="https://elbschule.hamburg.de/wp-content/uploads/sites/127/2024/05/Besuch-Senatorin-5-scaled-640x480.jpg" height="480" width="640" title="Besuch Senatorin 5" alt="" class="slider-4664 slide-4669 msDefaultImage" /></div></div>
        
    </div>
</div>
<p>Politischer Besuch aus Senatskreisen hatte sich in den letzten 50 Jahren (länger reicht das kollektive Gedächtnis des Kollegiums nicht) weder für die Elbschule noch die beiden Vorgängerschulen für Gehörlose und für Schwerhörige jemals angekündigt.</p>
<p>Der 22. April 2024 war deshalb ein besonderer Tag, denn Ksenija Bekeris, neue Senatorin für Schule und Berufsbildung in Hamburg, wollte sich in zwei Stunden einen persönlichen Eindruck von der Elbschule verschaffen. Begleitet wurde sie u.a. von Heidi Bistritzky, Fachaufsicht Spezielle Sonderschulen im Amt für Bildung.</p>
<p>Im Gespräch mit Schulleiterin Ulrike Witte und weiteren Mitgliedern des Leitungsteams interessierte sich Senatorin Bekeris für die Zusammensetzung der Schülerschaft und die gelebte Inklusion nach innen und außen. Aus dem seit 2016 laufenden und bis 2026 verlängerten Schulversuch zur „Inklusion invers“ an der Elbschule erhofft sie sich Impulse für Didaktik und Methodik inklusiven Unterrichts an anderen Schulen. Auch Frau Bistritzky zeigte sich an den Ergebnissen interessiert, damit „die in den Bildungszentren historisch gewachsene hohe Kompetenz in die Fläche getragen werden“ könne.</p>
<p>Auf der besonderen Zweisprachigkeit an der Elbschule und der Rolle der Deutschen Gebärdensprache DGS lag ein weiterer Fokus des Gespräches. Auch wenn die Kultusministerkonferenz im Jahr 2021 die DGS als Wahlpflichtfach an allen Schulen zugelassen hatte, steht ihre Anerkennung als 2. Fremdsprache und Prüfungsfach noch aus. Die Senatorin nahm diesen schulpolitischen Wunsch zur Kenntnis und erkannte, „dass die Attraktivität für hörende Schülerinnen und Schüler dadurch sehr gestärkt wäre.“</p>
<p>Bei dem anschließenden Besuch verschiedener Schulklassen erhielt Frau Bekeris kleine Einblicke in die pädagogische Arbeit und die Kommunikationsformen an der Elbschule. Sehr zugewandt nahm sie mit Kindern und Mitarbeitenden Kontakt auf und ließ sich Unterrichtsziele und Methoden erklären. Auch umgekehrt gab es Fragen und die Kinder wollten von der „Chefin der Chefin der Chefin“ (gemeint ist die „oberste Chefin“) die Namensgebärde (eckige Brille) und den Geburtstag (11.4.) wissen. Da der 11. April erst wenige Tage zurücklag, konnte Frau Bekeris sich an einer spontanen Ehrung mit der Geburtstags-Gebärdenpoesie von Klasse 3a/4a erfreuen.</p>
<p>Die Senatorin verabschiedete sich mit dem positiven Eindruck von fröhlichen Schülerinnen und Schülern sowie eines engagierten Kollegiums und einer enormen Vielfalt an Aufgabenfeldern der Elbschule. Besonders aber &#8211; wie wir glauben &#8211; von einer Schule, die auch einen wichtigen Teil der Hamburger Inklusion abbildet und prägt.</p>
<p>&nbsp;</p>
<p>Karin Perwo-Aßmann</p>

<p>Politischer Besuch aus Senatskreisen hatte sich in den letzten 50 Jahren (länger reicht das kollektive Gedächtnis des Kollegiums nicht) weder für die Elbschule noch die beiden Vorgängerschulen für Gehörlose und für Schwerhörige jemals angekündigt. Der 22. April 2024 war deshalb ein besonderer Tag, denn Ksenija Bekeris, neue Senatorin für Schule und Berufsbildung in Hamburg, wollte &hellip; <a href="https://elbschule.hamburg.de/?page_id=4662" class="more-link"><span class="screen-reader-text">97 Tage im Amt – Schulsenatorin Bekeris an der Elbschule</span> weiterlesen <span class="meta-nav">&rarr;</span></a></p>
