{"id":4538,"date":"2024-04-02T19:52:07","date_gmt":"2024-04-02T19:52:07","guid":{"rendered":"https:\/\/elbschule.hamburg.de\/?page_id=4538"},"modified":"2024-04-02T19:55:43","modified_gmt":"2024-04-02T19:55:43","slug":"marktplatz-der-buecher-empfehlungen-von-schuelerinnen-fuer-schuelerinnen","status":"publish","type":"page","link":"https:\/\/elbschule.hamburg.de\/?page_id=4538","title":{"rendered":"Marktplatz der B\u00fccher \u2013 Empfehlungen von Sch\u00fcler:innen f\u00fcr Sch\u00fcler:innen"},"content":{"rendered":"<p>&#8222;B\u00fccher sind fliegende Teppiche ins Reich der Phantasie.&#8220; (James Daniel)<\/p>\n<div id=\"metaslider-id-4540\" style=\"max-width: 640px; margin: 0 auto;\" class=\"ml-slider-3-107-0 metaslider metaslider-responsive metaslider-4540 ml-slider has-dots-nav ms-theme-default\" role=\"region\" aria-label=\"Marktplatz der B\u00fccher\" data-height=\"480\" data-width=\"640\">\n    <div id=\"metaslider_container_4540\">\n        <ul id='metaslider_4540' class='rslides'>\n            <li aria-roledescription='slide' aria-labelledby='slide-0'><img loading=\"lazy\" decoding=\"async\" width=\"640\" height=\"480\" src=\"https:\/\/elbschule.hamburg.de\/wp-content\/uploads\/sites\/127\/2024\/04\/IMG_4141-rotated.jpg\" class=\"slider-4540 slide-4541 msDefaultImage\" alt=\"\" rel=\"\" title=\"IMG_4141\" srcset=\"https:\/\/elbschule.hamburg.de\/wp-content\/uploads\/sites\/127\/2024\/04\/IMG_4141-rotated.jpg 640w, https:\/\/elbschule.hamburg.de\/wp-content\/uploads\/sites\/127\/2024\/04\/IMG_4141-300x225.jpg 300w\" sizes=\"auto, (max-width: 640px) 100vw, 640px\" \/><\/li>\n            <li style='display: none;' aria-roledescription='slide' aria-labelledby='slide-1'><img loading=\"lazy\" decoding=\"async\" width=\"566\" height=\"480\" src=\"https:\/\/elbschule.hamburg.de\/wp-content\/uploads\/sites\/127\/2024\/04\/IMG_4143.jpg\" class=\"slider-4540 slide-4542 msDefaultImage\" alt=\"\" rel=\"\" title=\"IMG_4143\" srcset=\"https:\/\/elbschule.hamburg.de\/wp-content\/uploads\/sites\/127\/2024\/04\/IMG_4143.jpg 566w, https:\/\/elbschule.hamburg.de\/wp-content\/uploads\/sites\/127\/2024\/04\/IMG_4143-300x254.jpg 300w\" sizes=\"auto, (max-width: 566px) 100vw, 566px\" \/><\/li>\n            <li style='display: none;' aria-roledescription='slide' aria-labelledby='slide-2'><img loading=\"lazy\" decoding=\"async\" width=\"640\" height=\"480\" src=\"https:\/\/elbschule.hamburg.de\/wp-content\/uploads\/sites\/127\/2024\/04\/IMG_4136-rotated.jpg\" class=\"slider-4540 slide-4543 msDefaultImage\" alt=\"\" rel=\"\" title=\"IMG_4136\" srcset=\"https:\/\/elbschule.hamburg.de\/wp-content\/uploads\/sites\/127\/2024\/04\/IMG_4136-rotated.jpg 640w, https:\/\/elbschule.hamburg.de\/wp-content\/uploads\/sites\/127\/2024\/04\/IMG_4136-300x225.jpg 300w\" sizes=\"auto, (max-width: 640px) 100vw, 640px\" \/><\/li>\n            <li style='display: none;' aria-roledescription='slide' aria-labelledby='slide-3'><img loading=\"lazy\" decoding=\"async\" width=\"640\" height=\"480\" src=\"https:\/\/elbschule.hamburg.de\/wp-content\/uploads\/sites\/127\/2024\/04\/IMG_4140-rotated.jpg\" class=\"slider-4540 slide-4544 msDefaultImage\" alt=\"\" rel=\"\" title=\"IMG_4140\" srcset=\"https:\/\/elbschule.hamburg.de\/wp-content\/uploads\/sites\/127\/2024\/04\/IMG_4140-rotated.jpg 640w, https:\/\/elbschule.hamburg.de\/wp-content\/uploads\/sites\/127\/2024\/04\/IMG_4140-300x225.jpg 300w\" sizes=\"auto, (max-width: 640px) 100vw, 640px\" \/><\/li>\n            <li style='display: none;' aria-roledescription='slide' aria-labelledby='slide-4'><img loading=\"lazy\" decoding=\"async\" width=\"640\" height=\"480\" src=\"https:\/\/elbschule.hamburg.de\/wp-content\/uploads\/sites\/127\/2024\/04\/IMG_4134-rotated.jpg\" class=\"slider-4540 slide-4545 msDefaultImage\" alt=\"\" rel=\"\" title=\"IMG_4134\" srcset=\"https:\/\/elbschule.hamburg.de\/wp-content\/uploads\/sites\/127\/2024\/04\/IMG_4134-rotated.jpg 640w, https:\/\/elbschule.hamburg.de\/wp-content\/uploads\/sites\/127\/2024\/04\/IMG_4134-300x225.jpg 300w\" sizes=\"auto, (max-width: 640px) 100vw, 640px\" \/><\/li>\n            <li style='display: none;' aria-roledescription='slide' aria-labelledby='slide-5'><img loading=\"lazy\" decoding=\"async\" width=\"640\" height=\"480\" src=\"https:\/\/elbschule.hamburg.de\/wp-content\/uploads\/sites\/127\/2024\/04\/IMG_4130-rotated.jpg\" class=\"slider-4540 slide-4546 msDefaultImage\" alt=\"\" rel=\"\" title=\"IMG_4130\" srcset=\"https:\/\/elbschule.hamburg.de\/wp-content\/uploads\/sites\/127\/2024\/04\/IMG_4130-rotated.jpg 640w, https:\/\/elbschule.hamburg.de\/wp-content\/uploads\/sites\/127\/2024\/04\/IMG_4130-300x225.jpg 300w\" sizes=\"auto, (max-width: 640px) 100vw, 640px\" \/><\/li>\n        <\/ul>\n        \n    <\/div>\n<\/div>\n<p>\u2026und das haben die Sch\u00fcler:innen der 7c der Elbschule schon l\u00e4ngst f\u00fcr sich entdeckt. Im Deutschunterricht zuvor hatte jedes Kind der Klasse ein Buch vorgestellt, indem es eine Pr\u00e4sentation dazu vorbereitet und durchgef\u00fchrt hatte. Dabei wendeten sie Kriterien f\u00fcr eine gute Pr\u00e4sentation an, die sie parallel beim Thema \u201aLernen lernen\u2018 erfahren hatten. Um diese Empfehlungen auch anderen zugutekommen zu lassen, er\u00f6ffneten sie f\u00fcr einen Unterrichtsblock in der Aula den Markt der B\u00fccher. \u00a0An den einzelnen B\u00fccherst\u00e4nden konnten andere Klassen sich \u00fcber den Inhalt, die Autoren und die Empfehlung der vielf\u00e4ltigen B\u00fccher f\u00fcr verschiedene Altersklassen bei den Siebtkl\u00e4sslern informieren. Dadurch, dass die Plakate so ansprechend aufbereitet und spannende Textstellen zum Teil vorgelesen wurden, motivierte es die Besucher:innen zum Nachfragen und weckte das Interesse an den B\u00fcchern. Vielleicht f\u00fcr einige ein Ansto\u00df zum Weiterlesen? \u201eMein bester Freund ist ein Mensch, der mir ein Buch gibt, das ich noch nicht gelesen habe.\u201c (Abraham Lincoln)<\/p>\n<p>Katharina von Puttkamer<\/p>\n","protected":false},"excerpt":{"rendered":"<p>&#8222;B\u00fccher sind fliegende Teppiche ins Reich der Phantasie.&#8220; (James Daniel) \u2026und das haben die Sch\u00fcler:innen der 7c der Elbschule schon l\u00e4ngst f\u00fcr sich entdeckt. Im Deutschunterricht zuvor hatte jedes Kind der Klasse ein Buch vorgestellt, indem es eine Pr\u00e4sentation dazu vorbereitet und durchgef\u00fchrt hatte. Dabei wendeten sie Kriterien f\u00fcr eine gute Pr\u00e4sentation an, die sie &hellip; <a href=\"https:\/\/elbschule.hamburg.de\/?page_id=4538\" class=\"more-link\"><span class=\"screen-reader-text\">Marktplatz der B\u00fccher \u2013 Empfehlungen von Sch\u00fcler:innen f\u00fcr Sch\u00fcler:innen<\/span> weiterlesen <span class=\"meta-nav\">&rarr;<\/span><\/a><\/p>\n","protected":false},"author":195,"featured_media":0,"parent":0,"menu_order":0,"comment_status":"closed","ping_status":"closed","template":"","meta":{"_acf_changed":false,"footnotes":""},"class_list":["post-4538","page","type-page","status-publish","hentry"],"acf":[],"_links":{"self":[{"href":"https:\/\/elbschule.hamburg.de\/index.php?rest_route=\/wp\/v2\/pages\/4538","targetHints":{"allow":["GET"]}}],"collection":[{"href":"https:\/\/elbschule.hamburg.de\/index.php?rest_route=\/wp\/v2\/pages"}],"about":[{"href":"https:\/\/elbschule.hamburg.de\/index.php?rest_route=\/wp\/v2\/types\/page"}],"author":[{"embeddable":true,"href":"https:\/\/elbschule.hamburg.de\/index.php?rest_route=\/wp\/v2\/users\/195"}],"replies":[{"embeddable":true,"href":"https:\/\/elbschule.hamburg.de\/index.php?rest_route=%2Fwp%2Fv2%2Fcomments&post=4538"}],"version-history":[{"count":2,"href":"https:\/\/elbschule.hamburg.de\/index.php?rest_route=\/wp\/v2\/pages\/4538\/revisions"}],"predecessor-version":[{"id":4547,"href":"https:\/\/elbschule.hamburg.de\/index.php?rest_route=\/wp\/v2\/pages\/4538\/revisions\/4547"}],"wp:attachment":[{"href":"https:\/\/elbschule.hamburg.de\/index.php?rest_route=%2Fwp%2Fv2%2Fmedia&parent=4538"}],"curies":[{"name":"wp","href":"https:\/\/api.w.org\/{rel}","templated":true}]}}