{"id":4161,"date":"2023-06-19T14:29:30","date_gmt":"2023-06-19T14:29:30","guid":{"rendered":"https:\/\/elbschule.hamburg.de\/?page_id=4161"},"modified":"2023-06-19T16:09:43","modified_gmt":"2023-06-19T16:09:43","slug":"die-schuelerbuecherei-ein-traum-fuer-buecherwuermer","status":"publish","type":"page","link":"https:\/\/elbschule.hamburg.de\/?page_id=4161","title":{"rendered":"Die Sch\u00fclerb\u00fccherei \u2013 ein Traum f\u00fcr B\u00fccherw\u00fcrmer"},"content":{"rendered":"<p><a href=\"https:\/\/elbschule.hamburg.de\/wp-content\/uploads\/sites\/127\/2023\/06\/Titel-rotated.jpg\" data-rel=\"lightbox\" data-rl_title=\"\" data-rl_caption=\"\" title=\"\"><img loading=\"lazy\" decoding=\"async\" class=\"aligncenter wp-image-4166 size-full\" src=\"https:\/\/elbschule.hamburg.de\/wp-content\/uploads\/sites\/127\/2023\/06\/Titel-rotated.jpg\" alt=\"\" width=\"640\" height=\"480\" srcset=\"https:\/\/elbschule.hamburg.de\/wp-content\/uploads\/sites\/127\/2023\/06\/Titel-rotated.jpg 640w, https:\/\/elbschule.hamburg.de\/wp-content\/uploads\/sites\/127\/2023\/06\/Titel-300x225.jpg 300w\" sizes=\"auto, (max-width: 640px) 100vw, 640px\" \/><\/a><\/p>\n<p><a href=\"https:\/\/elbschule.hamburg.de\/wp-content\/uploads\/sites\/127\/2023\/06\/IMG_20230419_105852.jpg\" data-rel=\"lightbox\" data-rl_title=\"\" data-rl_caption=\"\" title=\"\"><img loading=\"lazy\" decoding=\"async\" class=\"alignright size-medium wp-image-4165\" src=\"https:\/\/elbschule.hamburg.de\/wp-content\/uploads\/sites\/127\/2023\/06\/IMG_20230419_105852-300x225.jpg\" alt=\"\" width=\"300\" height=\"225\" srcset=\"https:\/\/elbschule.hamburg.de\/wp-content\/uploads\/sites\/127\/2023\/06\/IMG_20230419_105852-300x225.jpg 300w, https:\/\/elbschule.hamburg.de\/wp-content\/uploads\/sites\/127\/2023\/06\/IMG_20230419_105852.jpg 640w\" sizes=\"auto, (max-width: 300px) 100vw, 300px\" \/><\/a>Nach fast vier Jahren Pause wegen Corona hat die Sch\u00fclerb\u00fccherei nun wieder ge\u00f6ffnet! Dieses Schuljahr begann das Projekt der Klasse 9\/10d, die B\u00fccherei in Sch\u00fclerverantwortung zu f\u00fchren. Die Klasse sortierte nach dieser langen Pause erst einmal alte B\u00fccher aus, ordnete die Sammlung mit neuen, gespendeten B\u00fcchern neu und leitet nun die regelm\u00e4\u00dfige Ausgabe der B\u00fccher. Sie werden dabei von den Lehrk\u00e4ften Meike Vaupel und Astrid von Spreckelsen und der p\u00e4dagogischen Fachkraft Gaby Fl\u00fcgel unterst\u00fctzt. Das Verfahren der Ausleihe l\u00e4uft digital \u00fcber ein Foto mit der jeweiligen Namenskarte auf dem Buch. \u201eDas macht viel Spa\u00df, weil man mit vielen Sch\u00fcler:innen in Kontakt kommt. Und es gibt keine Probleme in der Kommunikation\u201c, erkl\u00e4rt\u00a0 Artan, der taub ist. Die \u00d6ffnungszeiten erm\u00f6glichen Einzelnen, aber auch Klassen mit einer Lehrkraft zusammen, nicht nur in der Pause dort Zeit zu verbringen, sondern auch Unterrichtsprojekte vor Ort durchzuf\u00fchren.<\/p>\n<p><a href=\"https:\/\/elbschule.hamburg.de\/wp-content\/uploads\/sites\/127\/2023\/06\/IMG_2948-rotated.jpg\" data-rel=\"lightbox\" data-rl_title=\"\" data-rl_caption=\"\" title=\"\"><img loading=\"lazy\" decoding=\"async\" class=\"alignleft size-medium wp-image-4164\" src=\"https:\/\/elbschule.hamburg.de\/wp-content\/uploads\/sites\/127\/2023\/06\/IMG_2948-300x225.jpg\" alt=\"\" width=\"300\" height=\"225\" srcset=\"https:\/\/elbschule.hamburg.de\/wp-content\/uploads\/sites\/127\/2023\/06\/IMG_2948-300x225.jpg 300w, https:\/\/elbschule.hamburg.de\/wp-content\/uploads\/sites\/127\/2023\/06\/IMG_2948-rotated.jpg 640w\" sizes=\"auto, (max-width: 300px) 100vw, 300px\" \/><\/a>\u201eIch finde es toll, dass f\u00fcr jeden etwas dabei ist &#8211; von Klein bis Gro\u00df! Besonders Kinder aus Familien mit weniger Geld f\u00fcr B\u00fccher k\u00f6nnen hier ihren Lesedurst stillen\u201c, meint Taleja. Artan w\u00fcnscht sich, dass weitere W\u00fcnsche der Sch\u00fcler:innen ge\u00e4u\u00dfert werden, welche B\u00fccher noch angeschafft werden sollten. Das ist doch ein tolles Angebot!<\/p>\n<h6><strong>\u00d6ffnungszeiten:\u00a0 mittwochs von 8:15-12:30 Uhr und freitags von 8:15-9:30 Uhr<\/strong><\/h6>\n<p>&nbsp;<\/p>\n<p><a href=\"https:\/\/elbschule.hamburg.de\/wp-content\/uploads\/sites\/127\/2023\/06\/IMG_2662.jpg\" data-rel=\"lightbox\" data-rl_title=\"\" data-rl_caption=\"\" title=\"\"><img loading=\"lazy\" decoding=\"async\" class=\"aligncenter size-full wp-image-4163\" src=\"https:\/\/elbschule.hamburg.de\/wp-content\/uploads\/sites\/127\/2023\/06\/IMG_2662.jpg\" alt=\"\" width=\"640\" height=\"360\" srcset=\"https:\/\/elbschule.hamburg.de\/wp-content\/uploads\/sites\/127\/2023\/06\/IMG_2662.jpg 640w, https:\/\/elbschule.hamburg.de\/wp-content\/uploads\/sites\/127\/2023\/06\/IMG_2662-300x169.jpg 300w\" sizes=\"auto, (max-width: 640px) 100vw, 640px\" \/><\/a>Vielen Dank an das engagierte Team, dass es allen Elbsch\u00fcler:innen eine M\u00f6glichkeit bietet auf einfachem Wege, sich die Welt auch durch B\u00fccher zu erschlie\u00dfen!<\/p>\n<p>Katharina von Puttkamer<\/p>\n<p>&nbsp;<\/p>\n","protected":false},"excerpt":{"rendered":"<p>Nach fast vier Jahren Pause wegen Corona hat die Sch\u00fclerb\u00fccherei nun wieder ge\u00f6ffnet! Dieses Schuljahr begann das Projekt der Klasse 9\/10d, die B\u00fccherei in Sch\u00fclerverantwortung zu f\u00fchren. Die Klasse sortierte nach dieser langen Pause erst einmal alte B\u00fccher aus, ordnete die Sammlung mit neuen, gespendeten B\u00fcchern neu und leitet nun die regelm\u00e4\u00dfige Ausgabe der B\u00fccher. &hellip; <a href=\"https:\/\/elbschule.hamburg.de\/?page_id=4161\" class=\"more-link\"><span class=\"screen-reader-text\">Die Sch\u00fclerb\u00fccherei \u2013 ein Traum f\u00fcr B\u00fccherw\u00fcrmer<\/span> weiterlesen <span class=\"meta-nav\">&rarr;<\/span><\/a><\/p>\n","protected":false},"author":207,"featured_media":0,"parent":0,"menu_order":0,"comment_status":"closed","ping_status":"closed","template":"","meta":{"_acf_changed":false,"footnotes":""},"class_list":["post-4161","page","type-page","status-publish","hentry"],"acf":[],"_links":{"self":[{"href":"https:\/\/elbschule.hamburg.de\/index.php?rest_route=\/wp\/v2\/pages\/4161","targetHints":{"allow":["GET"]}}],"collection":[{"href":"https:\/\/elbschule.hamburg.de\/index.php?rest_route=\/wp\/v2\/pages"}],"about":[{"href":"https:\/\/elbschule.hamburg.de\/index.php?rest_route=\/wp\/v2\/types\/page"}],"author":[{"embeddable":true,"href":"https:\/\/elbschule.hamburg.de\/index.php?rest_route=\/wp\/v2\/users\/207"}],"replies":[{"embeddable":true,"href":"https:\/\/elbschule.hamburg.de\/index.php?rest_route=%2Fwp%2Fv2%2Fcomments&post=4161"}],"version-history":[{"count":11,"href":"https:\/\/elbschule.hamburg.de\/index.php?rest_route=\/wp\/v2\/pages\/4161\/revisions"}],"predecessor-version":[{"id":4179,"href":"https:\/\/elbschule.hamburg.de\/index.php?rest_route=\/wp\/v2\/pages\/4161\/revisions\/4179"}],"wp:attachment":[{"href":"https:\/\/elbschule.hamburg.de\/index.php?rest_route=%2Fwp%2Fv2%2Fmedia&parent=4161"}],"curies":[{"name":"wp","href":"https:\/\/api.w.org\/{rel}","templated":true}]}}