{"id":3590,"date":"2022-09-21T07:06:14","date_gmt":"2022-09-21T07:06:14","guid":{"rendered":"https:\/\/elbschule.hamburg.de\/?page_id=3590"},"modified":"2022-09-21T07:06:14","modified_gmt":"2022-09-21T07:06:14","slug":"unterwegs-auf-kreativen-pfaden-elbschuelerinnen-als-kunstpioniere","status":"publish","type":"page","link":"https:\/\/elbschule.hamburg.de\/?page_id=3590","title":{"rendered":"Unterwegs auf kreativen Pfaden &#8211; Elbsch\u00fcler:innen als \u201eKunstpioniere\u201c"},"content":{"rendered":"<p><strong> <a href=\"https:\/\/elbschule.hamburg.de\/wp-content\/uploads\/sites\/127\/2022\/09\/Kunstpioniere_sRGB_Logo.jpg\" data-rel=\"lightbox\" data-rl_title=\"\" data-rl_caption=\"\" title=\"\"><img loading=\"lazy\" decoding=\"async\" class=\"alignleft size-full wp-image-3592\" src=\"https:\/\/elbschule.hamburg.de\/wp-content\/uploads\/sites\/127\/2022\/09\/Kunstpioniere_sRGB_Logo.jpg\" alt=\"\" width=\"640\" height=\"373\" srcset=\"https:\/\/elbschule.hamburg.de\/wp-content\/uploads\/sites\/127\/2022\/09\/Kunstpioniere_sRGB_Logo.jpg 640w, https:\/\/elbschule.hamburg.de\/wp-content\/uploads\/sites\/127\/2022\/09\/Kunstpioniere_sRGB_Logo-300x175.jpg 300w\" sizes=\"auto, (max-width: 640px) 100vw, 640px\" \/><\/a><\/strong><\/p>\n<p>Das innovative Kooperationsprogramm zwischen Schulen und Hamburger Kunstmuseen bzw. Ausstellungsh\u00e4usern ist ein Programm zur Kunstforschung. Die Klasse 9a nimmt mit der Kunstp\u00e4dagogin Christin Hubert und der Klassenlehrerin Theresa Illini daran teil. Auch die Klassen 7a und 7d werden im Kunstunterricht mit der Klassenlehrerin Britta Visser und der Kunstp\u00e4dagogin Henrike W\u00f6hler zu der Ausstellung Vistapoints arbeiten.<\/p>\n<p>\u201eSch\u00fcler:innen\u00a0 aller Schulformen und Jahrgangsstufen setzen sich im Rahmen dieses Programms forschend, vermittelnd und kreativ mit zeitgen\u00f6ssischer Kunst und aktuellen Ausstellungen in Hamburger Museen und Galerien auseinander. Kinder und Jugendliche werden Kunstschaffende, Kunstreporter, Kunstvermittler, Kunstforscher und Ausstellungsmacher. Kunstpioniere erm\u00f6glicht vielen Kindern und Jugendlichen eine forschende und kreative Auseinandersetzung mit aktueller Kunst, baut Barrieren zu Ausstellungsh\u00e4usern ab, schafft eine neue \u00d6ffentlichkeit f\u00fcr Sch\u00fclerarbeiten und st\u00e4rkt die Kommunikation zwischen Museum und Schule. Das Kooperationsprogramm zwischen Hamburger Schulen und Kunstmuseen geht auf eine Initiative des Fachreferats Bildende Kunst der Beh\u00f6rde f\u00fcr Schule und Berufsbildung zur\u00fcck und wird von der Claussen-Simon-Stiftung gef\u00f6rdert.&#8220;\u00a0 <a href=\"https:\/\/www.kunstpioniere.de\/\">https:\/\/www.kunstpioniere.de\/<\/a><\/p>\n<p>Die Klassen und die Lehrkr\u00e4fte werden mit dem Altonaer Museum kooperieren und zur Ausstellung \u201eVistapoints &#8211; Von Kirchner bis Behufs. K\u00fcnstlerpostkarten aus der Sammlung des Altonaer Museums\u201c arbeiten. Begleitet wird das Projekt von der K\u00fcnstlerin Kristine Thiemann. Am 04.5.2023 schlie\u00dft das Projekt mit einer Ausstellung der Arbeiten im Altonaer Museum ab und am 05.05.2023 endet es offiziell mit der \u00f6ffentlichen Finissage. Hierzu sind die Eltern, die Sch\u00fclerschaft und Lehrkr\u00e4fte der Elbschule herzlich eingeladen. Weitere Informationen folgen.<\/p>\n<p>Katharina von Puttkamer<\/p>\n<p>&nbsp;<\/p>\n","protected":false},"excerpt":{"rendered":"<p>Das innovative Kooperationsprogramm zwischen Schulen und Hamburger Kunstmuseen bzw. Ausstellungsh\u00e4usern ist ein Programm zur Kunstforschung. Die Klasse 9a nimmt mit der Kunstp\u00e4dagogin Christin Hubert und der Klassenlehrerin Theresa Illini daran teil. Auch die Klassen 7a und 7d werden im Kunstunterricht mit der Klassenlehrerin Britta Visser und der Kunstp\u00e4dagogin Henrike W\u00f6hler zu der Ausstellung Vistapoints arbeiten. &hellip; <a href=\"https:\/\/elbschule.hamburg.de\/?page_id=3590\" class=\"more-link\"><span class=\"screen-reader-text\">Unterwegs auf kreativen Pfaden &#8211; Elbsch\u00fcler:innen als \u201eKunstpioniere\u201c<\/span> weiterlesen <span class=\"meta-nav\">&rarr;<\/span><\/a><\/p>\n","protected":false},"author":207,"featured_media":0,"parent":0,"menu_order":0,"comment_status":"closed","ping_status":"closed","template":"","meta":{"_acf_changed":false,"footnotes":""},"class_list":["post-3590","page","type-page","status-publish","hentry"],"acf":[],"_links":{"self":[{"href":"https:\/\/elbschule.hamburg.de\/index.php?rest_route=\/wp\/v2\/pages\/3590","targetHints":{"allow":["GET"]}}],"collection":[{"href":"https:\/\/elbschule.hamburg.de\/index.php?rest_route=\/wp\/v2\/pages"}],"about":[{"href":"https:\/\/elbschule.hamburg.de\/index.php?rest_route=\/wp\/v2\/types\/page"}],"author":[{"embeddable":true,"href":"https:\/\/elbschule.hamburg.de\/index.php?rest_route=\/wp\/v2\/users\/207"}],"replies":[{"embeddable":true,"href":"https:\/\/elbschule.hamburg.de\/index.php?rest_route=%2Fwp%2Fv2%2Fcomments&post=3590"}],"version-history":[{"count":2,"href":"https:\/\/elbschule.hamburg.de\/index.php?rest_route=\/wp\/v2\/pages\/3590\/revisions"}],"predecessor-version":[{"id":3593,"href":"https:\/\/elbschule.hamburg.de\/index.php?rest_route=\/wp\/v2\/pages\/3590\/revisions\/3593"}],"wp:attachment":[{"href":"https:\/\/elbschule.hamburg.de\/index.php?rest_route=%2Fwp%2Fv2%2Fmedia&parent=3590"}],"curies":[{"name":"wp","href":"https:\/\/api.w.org\/{rel}","templated":true}]}}