{"id":3006,"date":"2021-05-13T20:00:43","date_gmt":"2021-05-13T20:00:43","guid":{"rendered":"https:\/\/elbschule.hamburg.de\/?page_id=3006"},"modified":"2021-05-13T20:00:43","modified_gmt":"2021-05-13T20:00:43","slug":"traeum-dich-fort","status":"publish","type":"page","link":"https:\/\/elbschule.hamburg.de\/?page_id=3006","title":{"rendered":"Tr\u00e4um dich fort&#8230;"},"content":{"rendered":"<p><a href=\"https:\/\/elbschule.hamburg.de\/wp-content\/uploads\/sites\/127\/2021\/05\/Eingang-1.jpeg\" data-rel=\"lightbox\" data-rl_title=\"\" data-rl_caption=\"\" title=\"\"><img loading=\"lazy\" decoding=\"async\" class=\"wp-image-3005 size-medium aligncenter\" src=\"https:\/\/elbschule.hamburg.de\/wp-content\/uploads\/sites\/127\/2021\/05\/Eingang-1-300x145.jpeg\" alt=\"\" width=\"300\" height=\"145\" \/><\/a><\/p>\n<p>In Zeiten von Corona ist das gar nicht so einfach. Keine Treffen mit Freunden, keine Ausfl\u00fcge und kein Urlaub. Da passte es zur Stimmung und der Sehnsucht, dem grauen, nassen Winter-Alltag am Schreibtisch zu entfliehen und sich auf einsame Inseln, auf Baumh\u00e4user am Strand und in verwunschene Zauberg\u00e4rten fort zu tr\u00e4umen.<\/p>\n<p>So war das Projekt \u201eTr\u00e4um dich fort\u201c der Klasse 4c w\u00e4hrend des Homeschoolings entstanden, als alle Sch\u00fcler*innen \u00fcber Wochen zuhause bleiben mussten.<\/p>\n<p><a href=\"https:\/\/elbschule.hamburg.de\/wp-content\/uploads\/sites\/127\/2021\/05\/2-rotated.jpg\" data-rel=\"lightbox\" data-rl_title=\"\" data-rl_caption=\"\" title=\"\"><img loading=\"lazy\" decoding=\"async\" class=\"alignright size-medium wp-image-3001\" src=\"https:\/\/elbschule.hamburg.de\/wp-content\/uploads\/sites\/127\/2021\/05\/2-300x225.jpg\" alt=\"\" width=\"300\" height=\"225\" srcset=\"https:\/\/elbschule.hamburg.de\/wp-content\/uploads\/sites\/127\/2021\/05\/2-300x225.jpg 300w, https:\/\/elbschule.hamburg.de\/wp-content\/uploads\/sites\/127\/2021\/05\/2-rotated.jpg 640w\" sizes=\"auto, (max-width: 300px) 100vw, 300px\" \/><\/a><\/p>\n<p>Frei von allen Vorgaben entwarfen die Sch\u00fcler*innen im Kunstunterricht Skizzen zu ihren Traumh\u00e4usern, um sie anschlie\u00dfend dreidimensional zu gestalten. Mithilfe von Video-Interviews, die sogar auf Englisch gef\u00fchrt wurden, erfragten die Sch\u00fcler*innen die Traumvorstellungen ihrer Eltern und bekamen so noch mehr Ideen f\u00fcr die Gestaltung ihres Traumhauses.<\/p>\n<p>&nbsp;<\/p>\n<p><a href=\"https:\/\/elbschule.hamburg.de\/wp-content\/uploads\/sites\/127\/2021\/05\/3-rotated.jpg\" data-rel=\"lightbox\" data-rl_title=\"\" data-rl_caption=\"\" title=\"\"><img loading=\"lazy\" decoding=\"async\" class=\"size-medium wp-image-3002 alignleft\" src=\"https:\/\/elbschule.hamburg.de\/wp-content\/uploads\/sites\/127\/2021\/05\/3-225x300.jpg\" alt=\"\" width=\"225\" height=\"300\" srcset=\"https:\/\/elbschule.hamburg.de\/wp-content\/uploads\/sites\/127\/2021\/05\/3-225x300.jpg 225w, https:\/\/elbschule.hamburg.de\/wp-content\/uploads\/sites\/127\/2021\/05\/3-rotated.jpg 480w\" sizes=\"auto, (max-width: 225px) 100vw, 225px\" \/><\/a>Abh\u00e4ngig von dem Material, welches zuhause zu finden war, zeigten sich viele Sch\u00fcler*innen sehr erfinderisch bei der Verwertung von Plastikm\u00fcll, Pappe und Papier. Mit Hilfe des Upcyclings entstanden \u2013 im wahrsten Sinne des Wortes &#8211; traumhaft ausgestattete H\u00e4user. Von einer Leiter aus Zahnstochern, \u00fcber St\u00fchle aus Korken bis hin zu Vorh\u00e4ngen aus Bonbonpapier entdeckt der Betrachter beim genauen Hinschauen viele liebevoll gestaltete Details. Manche Kinder bauten ihre Traumh\u00e4user aus Lego oder Playmobil, einer zeichnete ein mehrst\u00f6ckiges Haus, das unter der Erde existiert, und andere drehten Videofilme \u00fcber ihre R\u00e4umlichkeiten. Dabei konnten langgehegte W\u00fcnsche und Sehns\u00fcchte erf\u00fcllt werden, wie z.B. die H\u00e4ngeschaukel im Zimmer, der Kamin im Wohnzimmer, die Kletterwand am Haus, Rutschen, die direkt vom Haus ins Meer oder in den Pool f\u00fchren, der Musikraum, das Kino, die Sauna und vieles mehr.<\/p>\n<p><a href=\"https:\/\/elbschule.hamburg.de\/wp-content\/uploads\/sites\/127\/2021\/05\/4.jpeg\" data-rel=\"lightbox\" data-rl_title=\"\" data-rl_caption=\"\" title=\"\"><img loading=\"lazy\" decoding=\"async\" class=\"alignright size-medium wp-image-3003\" src=\"https:\/\/elbschule.hamburg.de\/wp-content\/uploads\/sites\/127\/2021\/05\/4-225x300.jpeg\" alt=\"\" width=\"225\" height=\"300\" srcset=\"https:\/\/elbschule.hamburg.de\/wp-content\/uploads\/sites\/127\/2021\/05\/4-225x300.jpeg 225w, https:\/\/elbschule.hamburg.de\/wp-content\/uploads\/sites\/127\/2021\/05\/4-768x1024.jpeg 768w, https:\/\/elbschule.hamburg.de\/wp-content\/uploads\/sites\/127\/2021\/05\/4.jpeg 1152w\" sizes=\"auto, (max-width: 225px) 100vw, 225px\" \/><\/a><\/p>\n<p>Die Szenerie der Traumh\u00e4user wurde durch Texte erg\u00e4nzt, \u00fcber den Ort, an den sie sich fort tr\u00e4umen. Die Texte erz\u00e4hlen von der Sehnsucht nach einem gem\u00fctlichen R\u00fcckzugsort, nach dem Meer und der Erf\u00fcllung unterschiedlicher Kindertr\u00e4ume.<\/p>\n<p>Abschlie\u00dfend l\u00e4sst sich festhalten, dass es der Klasse 4c gro\u00dfartig gelungen ist, sich fort zu tr\u00e4umen. Alle Traumh\u00e4user laden ein zum Entdecken von liebevoll gestalteten Details und &#8211; Achtung, aufgepasst! &#8211; w\u00e4hrend des Betrachtens merkt man gar nicht, dass man sich bereits fort tr\u00e4umt\u2026<\/p>\n<p><a href=\"https:\/\/elbschule.hamburg.de\/wp-content\/uploads\/sites\/127\/2021\/05\/5.jpeg\" data-rel=\"lightbox\" data-rl_title=\"\" data-rl_caption=\"\" title=\"\"><img loading=\"lazy\" decoding=\"async\" class=\"size-medium wp-image-3004 alignleft\" src=\"https:\/\/elbschule.hamburg.de\/wp-content\/uploads\/sites\/127\/2021\/05\/5-300x225.jpeg\" alt=\"\" width=\"300\" height=\"225\" srcset=\"https:\/\/elbschule.hamburg.de\/wp-content\/uploads\/sites\/127\/2021\/05\/5-300x225.jpeg 300w, https:\/\/elbschule.hamburg.de\/wp-content\/uploads\/sites\/127\/2021\/05\/5-1024x768.jpeg 1024w, https:\/\/elbschule.hamburg.de\/wp-content\/uploads\/sites\/127\/2021\/05\/5-768x576.jpeg 768w, https:\/\/elbschule.hamburg.de\/wp-content\/uploads\/sites\/127\/2021\/05\/5.jpeg 1536w\" sizes=\"auto, (max-width: 300px) 100vw, 300px\" \/><\/a>Die vielf\u00e4ltigen Kunstwerke sind bis zu den Maiferien in der Elbschule im Kreativraum zu bewundern \u2013 auf Wunsch auch mit F\u00fchrung der Viertkl\u00e4ssler.<\/p>\n<p>&nbsp;<\/p>\n<p>&nbsp;<\/p>\n<p>K.Schaddach, K.von Puttkamer<\/p>\n","protected":false},"excerpt":{"rendered":"<p>In Zeiten von Corona ist das gar nicht so einfach. Keine Treffen mit Freunden, keine Ausfl\u00fcge und kein Urlaub. Da passte es zur Stimmung und der Sehnsucht, dem grauen, nassen Winter-Alltag am Schreibtisch zu entfliehen und sich auf einsame Inseln, auf Baumh\u00e4user am Strand und in verwunschene Zauberg\u00e4rten fort zu tr\u00e4umen. So war das Projekt &hellip; <a href=\"https:\/\/elbschule.hamburg.de\/?page_id=3006\" class=\"more-link\"><span class=\"screen-reader-text\">Tr\u00e4um dich fort&#8230;<\/span> weiterlesen <span class=\"meta-nav\">&rarr;<\/span><\/a><\/p>\n","protected":false},"author":207,"featured_media":0,"parent":0,"menu_order":0,"comment_status":"closed","ping_status":"closed","template":"","meta":{"_acf_changed":false,"footnotes":""},"class_list":["post-3006","page","type-page","status-publish","hentry"],"acf":[],"_links":{"self":[{"href":"https:\/\/elbschule.hamburg.de\/index.php?rest_route=\/wp\/v2\/pages\/3006","targetHints":{"allow":["GET"]}}],"collection":[{"href":"https:\/\/elbschule.hamburg.de\/index.php?rest_route=\/wp\/v2\/pages"}],"about":[{"href":"https:\/\/elbschule.hamburg.de\/index.php?rest_route=\/wp\/v2\/types\/page"}],"author":[{"embeddable":true,"href":"https:\/\/elbschule.hamburg.de\/index.php?rest_route=\/wp\/v2\/users\/207"}],"replies":[{"embeddable":true,"href":"https:\/\/elbschule.hamburg.de\/index.php?rest_route=%2Fwp%2Fv2%2Fcomments&post=3006"}],"version-history":[{"count":18,"href":"https:\/\/elbschule.hamburg.de\/index.php?rest_route=\/wp\/v2\/pages\/3006\/revisions"}],"predecessor-version":[{"id":3024,"href":"https:\/\/elbschule.hamburg.de\/index.php?rest_route=\/wp\/v2\/pages\/3006\/revisions\/3024"}],"wp:attachment":[{"href":"https:\/\/elbschule.hamburg.de\/index.php?rest_route=%2Fwp%2Fv2%2Fmedia&parent=3006"}],"curies":[{"name":"wp","href":"https:\/\/api.w.org\/{rel}","templated":true}]}}