{"id":296,"date":"2015-07-12T05:33:54","date_gmt":"2015-07-12T05:33:54","guid":{"rendered":"http:\/\/elbschule.schulhomepages.hamburg.de\/?page_id=296"},"modified":"2024-07-16T17:18:16","modified_gmt":"2024-07-16T17:18:16","slug":"hall-of-fame-preistraeger-an-der-elbschule","status":"publish","type":"page","link":"https:\/\/elbschule.hamburg.de\/?page_id=296","title":{"rendered":"Hall of Fame &#8211; Preistr\u00e4ger an der Elbschule"},"content":{"rendered":"<h6><\/h6>\n<table style=\"border: none\">\n<tbody>\n<tr>\n<td style=\"border: none;vertical-align: middle\"><a href=\"https:\/\/elbschule.hamburg.de\/wp-content\/uploads\/sites\/127\/2023\/03\/Ehrung-im-Rathaus-1.jpeg\" data-rel=\"lightbox\" data-rl_title=\"\" data-rl_caption=\"\" title=\"\"><img loading=\"lazy\" decoding=\"async\" class=\"alignleft wp-image-3905\" src=\"https:\/\/elbschule.hamburg.de\/wp-content\/uploads\/sites\/127\/2023\/03\/Ehrung-im-Rathaus-1-300x200.jpeg\" alt=\"\" width=\"101\" height=\"67\" srcset=\"https:\/\/elbschule.hamburg.de\/wp-content\/uploads\/sites\/127\/2023\/03\/Ehrung-im-Rathaus-1-300x200.jpeg 300w, https:\/\/elbschule.hamburg.de\/wp-content\/uploads\/sites\/127\/2023\/03\/Ehrung-im-Rathaus-1-1024x682.jpeg 1024w, https:\/\/elbschule.hamburg.de\/wp-content\/uploads\/sites\/127\/2023\/03\/Ehrung-im-Rathaus-1-768x512.jpeg 768w, https:\/\/elbschule.hamburg.de\/wp-content\/uploads\/sites\/127\/2023\/03\/Ehrung-im-Rathaus-1.jpeg 1280w\" sizes=\"auto, (max-width: 101px) 100vw, 101px\" \/><\/a><\/td>\n<td style=\"border: none;vertical-align: middle\"><a href=\"https:\/\/elbschule.hamburg.de\/?page_id=3901\"><b>Ausgezeichnet &#8211; Wettbewerbsfest im Rathaus<\/b><\/a><\/td>\n<\/tr>\n<tr>\n<td style=\"border: none;vertical-align: middle\"><a href=\"https:\/\/elbschule.hamburg.de\/wp-content\/uploads\/sites\/127\/2022\/08\/Fit-mit-Scratch-0-Buehnenbild.jpg\" data-rel=\"lightbox\" data-rl_title=\"\" data-rl_caption=\"\" title=\"\"><img loading=\"lazy\" decoding=\"async\" class=\"alignleft wp-image-3523\" src=\"https:\/\/elbschule.hamburg.de\/wp-content\/uploads\/sites\/127\/2022\/08\/Fit-mit-Scratch-0-Buehnenbild.jpg\" alt=\"\" width=\"101\" height=\"76\" srcset=\"https:\/\/elbschule.hamburg.de\/wp-content\/uploads\/sites\/127\/2022\/08\/Fit-mit-Scratch-0-Buehnenbild.jpg 640w, https:\/\/elbschule.hamburg.de\/wp-content\/uploads\/sites\/127\/2022\/08\/Fit-mit-Scratch-0-Buehnenbild-300x225.jpg 300w, https:\/\/elbschule.hamburg.de\/wp-content\/uploads\/sites\/127\/2022\/08\/Fit-mit-Scratch-0-Buehnenbild-620x465.jpg 620w, https:\/\/elbschule.hamburg.de\/wp-content\/uploads\/sites\/127\/2022\/08\/Fit-mit-Scratch-0-Buehnenbild-400x300.jpg 400w\" sizes=\"auto, (max-width: 101px) 100vw, 101px\" \/><\/a><\/td>\n<td style=\"border: none;vertical-align: middle\"><a href=\"https:\/\/elbschule.hamburg.de\/?page_id=3530\"><b>2022 &#8211;\u00a0 Fit mit Geb\u00e4rdensprache &#8211; Elbschulklasse gewinnt Programmierwettbewerb<\/b><\/a><\/td>\n<\/tr>\n<tr>\n<td style=\"border: none;vertical-align: middle\"><a href=\"https:\/\/elbschule.hamburg.de\/wp-content\/uploads\/sites\/127\/2022\/06\/Titelbild-Film.jpg\" data-rel=\"lightbox\" data-rl_title=\"\" data-rl_caption=\"\" title=\"\"><img loading=\"lazy\" decoding=\"async\" class=\"alignleft wp-image-3456\" src=\"https:\/\/elbschule.hamburg.de\/wp-content\/uploads\/sites\/127\/2022\/06\/Titelbild-Film.jpg\" alt=\"\" width=\"101\" height=\"57\" srcset=\"https:\/\/elbschule.hamburg.de\/wp-content\/uploads\/sites\/127\/2022\/06\/Titelbild-Film.jpg 640w, https:\/\/elbschule.hamburg.de\/wp-content\/uploads\/sites\/127\/2022\/06\/Titelbild-Film-300x170.jpg 300w\" sizes=\"auto, (max-width: 101px) 100vw, 101px\" \/><\/a><\/td>\n<td style=\"border: none;vertical-align: middle\"><a href=\"https:\/\/elbschule.hamburg.de\/?page_id=3452\"><b>2022 &#8211;\u00a0 Abgedreht und abger\u00e4umt &#8211; Elbsch\u00fcler gewinnen beim 69. Europ\u00e4ischen Wettbewerb<\/b><\/a><\/td>\n<\/tr>\n<tr>\n<td style=\"border: none;vertical-align: middle\"><a href=\"https:\/\/elbschule.hamburg.de\/wp-content\/uploads\/sites\/127\/2022\/05\/BB-B-2022-Mannschaft-II.jpeg\" data-rel=\"lightbox\" data-rl_title=\"\" data-rl_caption=\"\" title=\"\"><img loading=\"lazy\" decoding=\"async\" class=\"alignleft wp-image-3320\" src=\"https:\/\/elbschule.hamburg.de\/wp-content\/uploads\/sites\/127\/2022\/05\/BB-B-2022-Mannschaft-II.jpeg\" alt=\"\" width=\"101\" height=\"76\" srcset=\"https:\/\/elbschule.hamburg.de\/wp-content\/uploads\/sites\/127\/2022\/05\/BB-B-2022-Mannschaft-II.jpeg 1024w, https:\/\/elbschule.hamburg.de\/wp-content\/uploads\/sites\/127\/2022\/05\/BB-B-2022-Mannschaft-II-300x225.jpeg 300w, https:\/\/elbschule.hamburg.de\/wp-content\/uploads\/sites\/127\/2022\/05\/BB-B-2022-Mannschaft-II-768x576.jpeg 768w, https:\/\/elbschule.hamburg.de\/wp-content\/uploads\/sites\/127\/2022\/05\/BB-B-2022-Mannschaft-II-640x480.jpeg 640w, https:\/\/elbschule.hamburg.de\/wp-content\/uploads\/sites\/127\/2022\/05\/BB-B-2022-Mannschaft-II-620x465.jpeg 620w, https:\/\/elbschule.hamburg.de\/wp-content\/uploads\/sites\/127\/2022\/05\/BB-B-2022-Mannschaft-II-400x300.jpeg 400w\" sizes=\"auto, (max-width: 101px) 100vw, 101px\" \/><\/a><\/td>\n<td style=\"border: none;vertical-align: middle\"><a href=\"https:\/\/elbschule.hamburg.de\/?page_id=3318\"><b>2022 &#8211;\u00a0 Abger\u00e4umt &#8211; Elbschule holt drei Titel in Basketball<\/b><\/a><\/td>\n<\/tr>\n<tr>\n<td style=\"border: none;vertical-align: middle\"><a href=\"https:\/\/elbschule.hamburg.de\/wp-content\/uploads\/sites\/127\/2022\/07\/Helm-ist-cool-Kopie.jpg\" data-rel=\"lightbox\" data-rl_title=\"\" data-rl_caption=\"\" title=\"\"><img loading=\"lazy\" decoding=\"async\" class=\"wp-image-3504 alignleft\" src=\"https:\/\/elbschule.hamburg.de\/wp-content\/uploads\/sites\/127\/2022\/07\/Helm-ist-cool-Kopie.jpg\" alt=\"\" width=\"101\" height=\"76\" srcset=\"https:\/\/elbschule.hamburg.de\/wp-content\/uploads\/sites\/127\/2022\/07\/Helm-ist-cool-Kopie.jpg 640w, https:\/\/elbschule.hamburg.de\/wp-content\/uploads\/sites\/127\/2022\/07\/Helm-ist-cool-Kopie-300x225.jpg 300w\" sizes=\"auto, (max-width: 101px) 100vw, 101px\" \/><\/a><\/td>\n<td style=\"border: none;vertical-align: middle\"><a href=\"https:\/\/elbschule.hamburg.de\/?page_id=3507\"><b>2022 &#8211; Coole Ideen &#8211; coole Gewinner<\/b><\/a><\/td>\n<\/tr>\n<tr>\n<td style=\"border: none;vertical-align: middle\"><a href=\"https:\/\/elbschule.hamburg.de\/wp-content\/uploads\/sites\/127\/2019\/02\/image004.jpg\" data-rel=\"lightbox\" data-rl_title=\"\" data-rl_caption=\"\" title=\"\"><img loading=\"lazy\" decoding=\"async\" class=\"alignleft wp-image-1986\" src=\"https:\/\/elbschule.hamburg.de\/wp-content\/uploads\/sites\/127\/2019\/02\/image004-150x150.jpg\" alt=\"\" width=\"106\" height=\"80\" srcset=\"https:\/\/elbschule.hamburg.de\/wp-content\/uploads\/sites\/127\/2019\/02\/image004-300x225.jpg 300w, https:\/\/elbschule.hamburg.de\/wp-content\/uploads\/sites\/127\/2019\/02\/image004.jpg 320w\" sizes=\"auto, (max-width: 106px) 100vw, 106px\" \/><\/a><\/td>\n<td style=\"border: none;vertical-align: middle\"><a href=\"https:\/\/elbschule.hamburg.de\/?page_id=1987\"><b>2017 &#8211;\u00a0 Sch\u00fclerwettbewerb zur politischen Bildung<\/b><\/a><\/td>\n<\/tr>\n<tr>\n<td style=\"border: none;vertical-align: middle\"><img loading=\"lazy\" decoding=\"async\" class=\"wp-image-1314 alignleft\" src=\"https:\/\/elbschule.hamburg.de\/wp-content\/uploads\/sites\/127\/2017\/06\/2_1-300x225.jpg\" alt=\"\" width=\"106\" height=\"80\" \/><\/td>\n<td style=\"border: none;vertical-align: middle\"><a href=\"https:\/\/elbschule.hamburg.de\/?page_id=1319\" target=\"_blank\" rel=\"noopener noreferrer\"><strong>2017 &#8222;Zwei begegnen sich&#8220;<\/strong> Foto-Wettbewerb<\/a><\/td>\n<\/tr>\n<tr>\n<td style=\"border: none;vertical-align: middle\"><img loading=\"lazy\" decoding=\"async\" class=\"wp-image-1154 alignleft\" src=\"https:\/\/elbschule.hamburg.de\/wp-content\/uploads\/sites\/127\/2016\/12\/01_01-300x200.jpg\" alt=\"\" width=\"105\" height=\"70\" srcset=\"https:\/\/elbschule.hamburg.de\/wp-content\/uploads\/sites\/127\/2016\/12\/01_01-300x200.jpg 300w, https:\/\/elbschule.hamburg.de\/wp-content\/uploads\/sites\/127\/2016\/12\/01_01-768x512.jpg 768w, https:\/\/elbschule.hamburg.de\/wp-content\/uploads\/sites\/127\/2016\/12\/01_01.jpg 1024w\" sizes=\"auto, (max-width: 105px) 100vw, 105px\" \/><\/td>\n<td style=\"border: none;vertical-align: middle\"><a href=\"https:\/\/elbschule.hamburg.de\/?page_id=1153\" target=\"_blank\" rel=\"noopener noreferrer\"><strong>2016 Unfassbar\u00a0 \u2013 Sechstkl\u00e4ssler gewinnen beim Nachwuchsfilmfestival \u201eabgedreht!\u201c <\/strong><\/a><\/td>\n<\/tr>\n<tr>\n<td style=\"border: none;vertical-align: middle\">\n<p><figure id=\"attachment_925\" aria-describedby=\"caption-attachment-925\" style=\"width: 102px\" class=\"wp-caption alignleft\"><img loading=\"lazy\" decoding=\"async\" class=\"wp-image-925\" src=\"https:\/\/elbschule.hamburg.de\/wp-content\/uploads\/sites\/127\/2016\/06\/Ricco.jpg\" alt=\"\" width=\"102\" height=\"72\" \/><figcaption id=\"caption-attachment-925\" class=\"wp-caption-text\">Foto: Roland Magunia, Hamburger Abendblatt<\/figcaption><\/figure><\/td>\n<td style=\"border: none;vertical-align: middle\">\n<p style=\"text-align: left\"><strong><a href=\"https:\/\/elbschule.hamburg.de\/?page_id=924\" target=\"_blank\" rel=\"noopener noreferrer\">2016 Ausgezeichnet \u2013 Deutscher Meister und pr\u00e4mierter Nachwuchsreporter<\/a><br \/>\n<\/strong><\/p>\n<\/td>\n<\/tr>\n<tr>\n<td style=\"border: none;vertical-align: middle\"><img loading=\"lazy\" decoding=\"async\" class=\"wp-image-598 alignleft\" src=\"https:\/\/elbschule.hamburg.de\/wp-content\/uploads\/sites\/127\/2015\/09\/Juni2015-300x225.jpeg\" alt=\"\" width=\"104\" height=\"78\" srcset=\"https:\/\/elbschule.hamburg.de\/wp-content\/uploads\/sites\/127\/2015\/09\/Juni2015-300x225.jpeg 300w, https:\/\/elbschule.hamburg.de\/wp-content\/uploads\/sites\/127\/2015\/09\/Juni2015-1024x768.jpeg 1024w, https:\/\/elbschule.hamburg.de\/wp-content\/uploads\/sites\/127\/2015\/09\/Juni2015.jpeg 2048w\" sizes=\"auto, (max-width: 104px) 100vw, 104px\" \/><\/td>\n<td style=\"border: none;vertical-align: middle\"><a href=\"https:\/\/elbschule.hamburg.de\/?page_id=603\" target=\"_blank\" rel=\"noopener noreferrer\"><strong>2015\u00a0\u201eBe smart \u2013 don\u2019t start\u201c \u2013 Kreativpreis f\u00fcr die Elbschule <\/strong><\/a><\/td>\n<\/tr>\n<tr>\n<td style=\"border: none;vertical-align: middle\"><img loading=\"lazy\" decoding=\"async\" class=\"wp-image-641 alignnone\" src=\"https:\/\/elbschule.hamburg.de\/wp-content\/uploads\/sites\/127\/2015\/09\/hall-of-fame-Kinder-haben-Rechte-II.jpg\" alt=\"hall of fame Kinder haben Rechte II\" width=\"102\" height=\"67\" srcset=\"https:\/\/elbschule.hamburg.de\/wp-content\/uploads\/sites\/127\/2015\/09\/hall-of-fame-Kinder-haben-Rechte-II.jpg 304w, https:\/\/elbschule.hamburg.de\/wp-content\/uploads\/sites\/127\/2015\/09\/hall-of-fame-Kinder-haben-Rechte-II-300x197.jpg 300w\" sizes=\"auto, (max-width: 102px) 100vw, 102px\" \/><\/td>\n<td style=\"border: none;vertical-align: middle\"><strong><a href=\"https:\/\/elbschule.hamburg.de\/?page_id=643\" target=\"_blank\" rel=\"noopener noreferrer\">2014 Kinder-haben-Rechte-Preis<\/a>\u00a0<\/strong><\/td>\n<\/tr>\n<tr>\n<td style=\"border: none;vertical-align: middle\"><img loading=\"lazy\" decoding=\"async\" class=\"wp-image-364 alignnone\" src=\"https:\/\/elbschule.hamburg.de\/wp-content\/uploads\/sites\/127\/2015\/08\/hall-of-fame-Klettern-2014.jpg\" alt=\"Team Elbschule + Ersatzkletterin von der Sch\u00fclerschule\" width=\"99\" height=\"74\" srcset=\"https:\/\/elbschule.hamburg.de\/wp-content\/uploads\/sites\/127\/2015\/08\/hall-of-fame-Klettern-2014.jpg 640w, https:\/\/elbschule.hamburg.de\/wp-content\/uploads\/sites\/127\/2015\/08\/hall-of-fame-Klettern-2014-300x225.jpg 300w\" sizes=\"auto, (max-width: 99px) 100vw, 99px\" \/><\/td>\n<td style=\"border: none;vertical-align: middle\"><a href=\"https:\/\/elbschule.hamburg.de\/?page_id=357\" target=\"_blank\" rel=\"noopener noreferrer\"><strong>2014 Schulmeisterschaften\u00a0<\/strong><b>Bouldern<\/b><\/a><\/td>\n<\/tr>\n<tr>\n<td style=\"border: none;vertical-align: middle\">\u00a0<img loading=\"lazy\" decoding=\"async\" class=\"alignnone wp-image-600\" src=\"https:\/\/elbschule.hamburg.de\/wp-content\/uploads\/sites\/127\/2015\/09\/Sept.2014.jpg\" alt=\"hall of fame Fu\u00dfballturnier 2014\" width=\"95\" height=\"71\" srcset=\"https:\/\/elbschule.hamburg.de\/wp-content\/uploads\/sites\/127\/2015\/09\/Sept.2014.jpg 1000w, https:\/\/elbschule.hamburg.de\/wp-content\/uploads\/sites\/127\/2015\/09\/Sept.2014-300x225.jpg 300w\" sizes=\"auto, (max-width: 95px) 100vw, 95px\" \/><\/td>\n<td style=\"border: none;vertical-align: middle\"><strong><a href=\"https:\/\/elbschule.hamburg.de\/?page_id=371\" target=\"_blank\" rel=\"noopener noreferrer\">2014 Fu\u00dfballturnier Braunschweig<\/a><\/strong><\/td>\n<\/tr>\n<tr>\n<td style=\"border: none;vertical-align: middle\"><img loading=\"lazy\" decoding=\"async\" class=\"wp-image-365 alignnone\" src=\"https:\/\/elbschule.hamburg.de\/wp-content\/uploads\/sites\/127\/2015\/08\/hall-of-fame-Klettern-2014-I.jpg\" alt=\"hall of fame Klettern 2014 I\" width=\"96\" height=\"68\" srcset=\"https:\/\/elbschule.hamburg.de\/wp-content\/uploads\/sites\/127\/2015\/08\/hall-of-fame-Klettern-2014-I.jpg 640w, https:\/\/elbschule.hamburg.de\/wp-content\/uploads\/sites\/127\/2015\/08\/hall-of-fame-Klettern-2014-I-300x212.jpg 300w\" sizes=\"auto, (max-width: 96px) 100vw, 96px\" \/><\/td>\n<td style=\"border: none;vertical-align: middle\"><strong><a href=\"https:\/\/elbschule.hamburg.de\/?page_id=366\" target=\"_blank\" rel=\"noopener noreferrer\">2014 Schulmeisterschaften Klettern<\/a><\/strong><\/td>\n<\/tr>\n<tr>\n<td style=\"border: none;vertical-align: middle\"><img loading=\"lazy\" decoding=\"async\" class=\" wp-image-350\" src=\"https:\/\/elbschule.hamburg.de\/wp-content\/uploads\/sites\/127\/2015\/08\/hall-of-fame-klar-auf-fahrt-I.jpg\" alt=\"Eine Veranstaltung des Hamburger Institut f\u00fcr interdisziplin\u00e4re Sucht- und Drogenforschung (ISD) in Kooperation mit dem Nordverbund suchtpr\u008aventiver Fachstellen.\" width=\"98\" height=\"65\" srcset=\"https:\/\/elbschule.hamburg.de\/wp-content\/uploads\/sites\/127\/2015\/08\/hall-of-fame-klar-auf-fahrt-I.jpg 640w, https:\/\/elbschule.hamburg.de\/wp-content\/uploads\/sites\/127\/2015\/08\/hall-of-fame-klar-auf-fahrt-I-300x200.jpg 300w\" sizes=\"auto, (max-width: 98px) 100vw, 98px\" \/><\/td>\n<td style=\"border: none;vertical-align: middle\"><strong><a href=\"https:\/\/elbschule.hamburg.de\/?page_id=352\" target=\"_blank\" rel=\"noopener noreferrer\">2013 Wettbewerb &#8218;Klar auf Fahrt&#8216;<\/a><\/strong><\/td>\n<\/tr>\n<tr>\n<td style=\"border: none;vertical-align: middle\"><img loading=\"lazy\" decoding=\"async\" class=\"alignnone wp-image-362\" src=\"https:\/\/elbschule.hamburg.de\/wp-content\/uploads\/sites\/127\/2015\/08\/hall-of-fame-Werner-Otto-Preis-2013.jpg\" alt=\"hall of fame Werner Otto Preis 2013\" width=\"98\" height=\"65\" srcset=\"https:\/\/elbschule.hamburg.de\/wp-content\/uploads\/sites\/127\/2015\/08\/hall-of-fame-Werner-Otto-Preis-2013.jpg 486w, https:\/\/elbschule.hamburg.de\/wp-content\/uploads\/sites\/127\/2015\/08\/hall-of-fame-Werner-Otto-Preis-2013-300x200.jpg 300w\" sizes=\"auto, (max-width: 98px) 100vw, 98px\" \/><\/td>\n<td style=\"border: none;vertical-align: middle\"><strong><a href=\"https:\/\/elbschule.hamburg.de\/?page_id=347\" target=\"_blank\" rel=\"noopener noreferrer\">2013 Werner-Otto-Sportpreis<\/a><\/strong><\/td>\n<\/tr>\n<tr>\n<td style=\"border: none;vertical-align: middle\"><img loading=\"lazy\" decoding=\"async\" class=\"alignnone wp-image-361\" src=\"https:\/\/elbschule.hamburg.de\/wp-content\/uploads\/sites\/127\/2015\/08\/hall-of-fame-Klettermeisterschaften-2013.jpg\" alt=\"hall of fame Klettermeisterschaften 2013\" width=\"98\" height=\"73\" srcset=\"https:\/\/elbschule.hamburg.de\/wp-content\/uploads\/sites\/127\/2015\/08\/hall-of-fame-Klettermeisterschaften-2013.jpg 640w, https:\/\/elbschule.hamburg.de\/wp-content\/uploads\/sites\/127\/2015\/08\/hall-of-fame-Klettermeisterschaften-2013-300x225.jpg 300w\" sizes=\"auto, (max-width: 98px) 100vw, 98px\" \/><\/td>\n<td style=\"border: none;vertical-align: middle\"><strong><a href=\"https:\/\/elbschule.hamburg.de\/?page_id=363\" target=\"_blank\" rel=\"noopener noreferrer\">2013 Schulmeisterschaften Klettern<\/a><\/strong><\/td>\n<\/tr>\n<tr>\n<td style=\"border: none;vertical-align: middle\"><img loading=\"lazy\" decoding=\"async\" class=\"wp-image-602 alignnone\" src=\"https:\/\/elbschule.hamburg.de\/wp-content\/uploads\/sites\/127\/2015\/09\/F\u00f6rderpreis.png\" alt=\"hall of fame F\u00f6rderpreis demokratisch handeln 2013\" width=\"99\" height=\"67\" srcset=\"https:\/\/elbschule.hamburg.de\/wp-content\/uploads\/sites\/127\/2015\/09\/F\u00f6rderpreis.png 1047w, https:\/\/elbschule.hamburg.de\/wp-content\/uploads\/sites\/127\/2015\/09\/F\u00f6rderpreis-300x202.png 300w, https:\/\/elbschule.hamburg.de\/wp-content\/uploads\/sites\/127\/2015\/09\/F\u00f6rderpreis-1024x690.png 1024w\" sizes=\"auto, (max-width: 99px) 100vw, 99px\" \/><\/td>\n<td style=\"border: none;vertical-align: middle\"><strong><a href=\"https:\/\/elbschule.hamburg.de\/?page_id=604\" target=\"_blank\" rel=\"noopener noreferrer\">2013 F\u00f6rderpreis &#8218;demokratisch handeln&#8216;<\/a><\/strong><\/td>\n<\/tr>\n<tr>\n<td style=\"border: none;vertical-align: middle\"><img loading=\"lazy\" decoding=\"async\" class=\"alignnone wp-image-599\" src=\"https:\/\/elbschule.hamburg.de\/wp-content\/uploads\/sites\/127\/2015\/09\/Nov.2012.jpg\" alt=\"hall of fame Fremdsprachenpreise 2012\" width=\"98\" height=\"55\" srcset=\"https:\/\/elbschule.hamburg.de\/wp-content\/uploads\/sites\/127\/2015\/09\/Nov.2012.jpg 1280w, https:\/\/elbschule.hamburg.de\/wp-content\/uploads\/sites\/127\/2015\/09\/Nov.2012-300x169.jpg 300w, https:\/\/elbschule.hamburg.de\/wp-content\/uploads\/sites\/127\/2015\/09\/Nov.2012-1024x577.jpg 1024w, https:\/\/elbschule.hamburg.de\/wp-content\/uploads\/sites\/127\/2015\/09\/Nov.2012-672x372.jpg 672w, https:\/\/elbschule.hamburg.de\/wp-content\/uploads\/sites\/127\/2015\/09\/Nov.2012-1038x576.jpg 1038w\" sizes=\"auto, (max-width: 98px) 100vw, 98px\" \/><\/td>\n<td style=\"border: none;vertical-align: middle\"><strong><a href=\"https:\/\/elbschule.hamburg.de\/?page_id=605\" target=\"_blank\" rel=\"noopener noreferrer\">2012 Hamburger Landessprachenfest und Bundeswettbewerb Fremdsprachen<\/a><\/strong><\/td>\n<\/tr>\n<tr>\n<td style=\"border: none;vertical-align: middle\"><\/td>\n<td style=\"border: none;vertical-align: middle\"><\/td>\n<\/tr>\n<tr>\n<td style=\"border: none;vertical-align: middle\"><\/td>\n<td style=\"border: none;vertical-align: middle\"><\/td>\n<\/tr>\n<tr>\n<td style=\"border: none;vertical-align: middle\"><\/td>\n<td style=\"border: none;vertical-align: middle\"><\/td>\n<\/tr>\n<\/tbody>\n<\/table>\n","protected":false},"excerpt":{"rendered":"<p>Ausgezeichnet &#8211; Wettbewerbsfest im Rathaus 2022 &#8211;\u00a0 Fit mit Geb\u00e4rdensprache &#8211; Elbschulklasse gewinnt Programmierwettbewerb 2022 &#8211;\u00a0 Abgedreht und abger\u00e4umt &#8211; Elbsch\u00fcler gewinnen beim 69. Europ\u00e4ischen Wettbewerb 2022 &#8211;\u00a0 Abger\u00e4umt &#8211; Elbschule holt drei Titel in Basketball 2022 &#8211; Coole Ideen &#8211; coole Gewinner 2017 &#8211;\u00a0 Sch\u00fclerwettbewerb zur politischen Bildung 2017 &#8222;Zwei begegnen sich&#8220; Foto-Wettbewerb 2016 &hellip; <a href=\"https:\/\/elbschule.hamburg.de\/?page_id=296\" class=\"more-link\"><span class=\"screen-reader-text\">Hall of Fame &#8211; Preistr\u00e4ger an der Elbschule<\/span> weiterlesen <span class=\"meta-nav\">&rarr;<\/span><\/a><\/p>\n","protected":false},"author":206,"featured_media":0,"parent":0,"menu_order":0,"comment_status":"closed","ping_status":"closed","template":"","meta":{"_acf_changed":false,"footnotes":""},"class_list":["post-296","page","type-page","status-publish","hentry"],"acf":[],"_links":{"self":[{"href":"https:\/\/elbschule.hamburg.de\/index.php?rest_route=\/wp\/v2\/pages\/296","targetHints":{"allow":["GET"]}}],"collection":[{"href":"https:\/\/elbschule.hamburg.de\/index.php?rest_route=\/wp\/v2\/pages"}],"about":[{"href":"https:\/\/elbschule.hamburg.de\/index.php?rest_route=\/wp\/v2\/types\/page"}],"author":[{"embeddable":true,"href":"https:\/\/elbschule.hamburg.de\/index.php?rest_route=\/wp\/v2\/users\/206"}],"replies":[{"embeddable":true,"href":"https:\/\/elbschule.hamburg.de\/index.php?rest_route=%2Fwp%2Fv2%2Fcomments&post=296"}],"version-history":[{"count":15,"href":"https:\/\/elbschule.hamburg.de\/index.php?rest_route=\/wp\/v2\/pages\/296\/revisions"}],"predecessor-version":[{"id":4805,"href":"https:\/\/elbschule.hamburg.de\/index.php?rest_route=\/wp\/v2\/pages\/296\/revisions\/4805"}],"wp:attachment":[{"href":"https:\/\/elbschule.hamburg.de\/index.php?rest_route=%2Fwp%2Fv2%2Fmedia&parent=296"}],"curies":[{"name":"wp","href":"https:\/\/api.w.org\/{rel}","templated":true}]}}