{"id":2497,"date":"2020-04-09T08:01:34","date_gmt":"2020-04-09T08:01:34","guid":{"rendered":"https:\/\/elbschule.hamburg.de\/?page_id=2497"},"modified":"2020-04-09T08:01:34","modified_gmt":"2020-04-09T08:01:34","slug":"eine-geschichte-in-einer-kiste","status":"publish","type":"page","link":"https:\/\/elbschule.hamburg.de\/?page_id=2497","title":{"rendered":"Eine Geschichte in einer Kiste"},"content":{"rendered":"<p>Die Sch\u00fclerinnen und Sch\u00fcler der Klasse 6c-I haben im Rahmen des Deutschunterrichts beindruckende B\u00fccherkisten erstellt, diese wurden im Kreativraum vom 24.2.-27.2.2020 ausgestellt und betreut. Die Aufgabe war es, sich ein Buch auszusuchen und unter folgenden Kriterien eine B\u00fcckerkiste zu gestalten.<\/p>\n<div id=\"metaslider-id-2484\" style=\"max-width: 640px; margin: 0 auto;\" class=\"ml-slider-3-107-0 metaslider metaslider-nivo metaslider-2484 ml-slider has-dots-nav ms-theme-outline\" role=\"region\" aria-label=\"Eine Geschichte in einer Kiste\" data-height=\"480\" data-width=\"640\">\n    <div id=\"metaslider_container_2484\">\n        <div class='slider-wrapper theme-default'><div class='ribbon'><\/div><div id='metaslider_2484' class='nivoSlider'><img loading=\"lazy\" decoding=\"async\" src=\"https:\/\/elbschule.hamburg.de\/wp-content\/uploads\/sites\/127\/2020\/04\/Foto-27.02.20-10-25-55-640x480.jpg\" height=\"480\" width=\"640\" title=\"Eine Geschichte in einer Kiste 1\" alt=\"\" class=\"slider-2484 slide-2485 msDefaultImage\" \/><img loading=\"lazy\" decoding=\"async\" src=\"https:\/\/elbschule.hamburg.de\/wp-content\/uploads\/sites\/127\/2020\/04\/Foto-27.02.20-10-25-44-640x480.jpg\" height=\"480\" width=\"640\" title=\"Eine Geschichte in einer Kiste 2\" alt=\"\" class=\"slider-2484 slide-2486 msDefaultImage\" \/><img loading=\"lazy\" decoding=\"async\" src=\"https:\/\/elbschule.hamburg.de\/wp-content\/uploads\/sites\/127\/2020\/04\/Foto-27.02.20-10-25-34-640x480.jpg\" height=\"480\" width=\"640\" title=\"Eine Geschichte in einer Kiste 3\" alt=\"\" class=\"slider-2484 slide-2487 msDefaultImage\" \/><img loading=\"lazy\" decoding=\"async\" src=\"https:\/\/elbschule.hamburg.de\/wp-content\/uploads\/sites\/127\/2020\/04\/Foto-27.02.20-10-25-23-640x480.jpg\" height=\"480\" width=\"640\" title=\"Eine Geschichte in einer Kiste 4\" alt=\"\" class=\"slider-2484 slide-2488 msDefaultImage\" \/><img loading=\"lazy\" decoding=\"async\" src=\"https:\/\/elbschule.hamburg.de\/wp-content\/uploads\/sites\/127\/2020\/04\/Foto-27.02.20-10-25-03.jpg\" height=\"480\" width=\"640\" title=\"Eine Geschichte in einer Kiste 5\" alt=\"\" class=\"slider-2484 slide-2489 msDefaultImage\" \/><img loading=\"lazy\" decoding=\"async\" src=\"https:\/\/elbschule.hamburg.de\/wp-content\/uploads\/sites\/127\/2020\/04\/Foto-27.02.20-10-24-53-1.jpg\" height=\"480\" width=\"640\" title=\"Eine Geschichte in einer Kiste 6\" alt=\"\" class=\"slider-2484 slide-2490 msDefaultImage\" \/><img loading=\"lazy\" decoding=\"async\" src=\"https:\/\/elbschule.hamburg.de\/wp-content\/uploads\/sites\/127\/2020\/04\/Foto-27.02.20-10-24-43.jpg\" height=\"480\" width=\"640\" title=\"Eine Geschichte in einer Kiste 7\" alt=\"\" class=\"slider-2484 slide-2491 msDefaultImage\" \/><img loading=\"lazy\" decoding=\"async\" src=\"https:\/\/elbschule.hamburg.de\/wp-content\/uploads\/sites\/127\/2020\/04\/Foto-27.02.20-10-24-23.jpg\" height=\"480\" width=\"640\" title=\"Eine Geschichte in einer Kiste 8\" alt=\"\" class=\"slider-2484 slide-2492 msDefaultImage\" \/><img loading=\"lazy\" decoding=\"async\" src=\"https:\/\/elbschule.hamburg.de\/wp-content\/uploads\/sites\/127\/2020\/04\/Foto-27.02.20-10-23-59.jpg\" height=\"480\" width=\"640\" title=\"Eine Geschichte in einer Kiste 9\" alt=\"\" class=\"slider-2484 slide-2493 msDefaultImage\" \/><img loading=\"lazy\" decoding=\"async\" src=\"https:\/\/elbschule.hamburg.de\/wp-content\/uploads\/sites\/127\/2020\/04\/Foto-27.02.20-10-23-42.jpg\" height=\"480\" width=\"640\" title=\"Eine Geschichte in einer Kiste 10\" alt=\"\" class=\"slider-2484 slide-2494 msDefaultImage\" \/><img loading=\"lazy\" decoding=\"async\" src=\"https:\/\/elbschule.hamburg.de\/wp-content\/uploads\/sites\/127\/2020\/04\/Foto-27.02.20-10-23-21.jpg\" height=\"480\" width=\"640\" title=\"Eine Geschichte in einer Kiste 11\" alt=\"\" class=\"slider-2484 slide-2495 msDefaultImage\" \/><img loading=\"lazy\" decoding=\"async\" src=\"https:\/\/elbschule.hamburg.de\/wp-content\/uploads\/sites\/127\/2020\/04\/Foto-27.02.20-10-23-01.jpg\" height=\"480\" width=\"640\" title=\"Eine Geschichte in einer Kiste 12\" alt=\"\" class=\"slider-2484 slide-2496 msDefaultImage\" \/><\/div><\/div>\n        \n    <\/div>\n<\/div>\n<ul>\n<li>Beschriftung der Lesekiste mit Autor, Buchtitel und eigenem Namen<\/li>\n<li>Die Gestaltung des Deckels und der Au\u00dfenseiten<\/li>\n<li>In den Deckel wird eine kurze Inhaltsangabe eingeklebt<\/li>\n<li>In die Lesekiste kommen verschiedene zu den einzelnen Kapiteln passende Gegenst\u00e4nde<\/li>\n<li>Auf kleinen Karteik\u00e4rtchen wird die Zuordnung und die Bedeutung der Gegenst\u00e4nde erkl\u00e4rt<\/li>\n<\/ul>\n<p>Sebastian H\u00fcer und Tina Heine<\/p>\n<p>&nbsp;<\/p>\n","protected":false},"excerpt":{"rendered":"<p>Die Sch\u00fclerinnen und Sch\u00fcler der Klasse 6c-I haben im Rahmen des Deutschunterrichts beindruckende B\u00fccherkisten erstellt, diese wurden im Kreativraum vom 24.2.-27.2.2020 ausgestellt und betreut. Die Aufgabe war es, sich ein Buch auszusuchen und unter folgenden Kriterien eine B\u00fcckerkiste zu gestalten. Beschriftung der Lesekiste mit Autor, Buchtitel und eigenem Namen Die Gestaltung des Deckels und der &hellip; <a href=\"https:\/\/elbschule.hamburg.de\/?page_id=2497\" class=\"more-link\"><span class=\"screen-reader-text\">Eine Geschichte in einer Kiste<\/span> weiterlesen <span class=\"meta-nav\">&rarr;<\/span><\/a><\/p>\n","protected":false},"author":207,"featured_media":0,"parent":0,"menu_order":0,"comment_status":"closed","ping_status":"closed","template":"","meta":{"_acf_changed":false,"footnotes":""},"class_list":["post-2497","page","type-page","status-publish","hentry"],"acf":[],"_links":{"self":[{"href":"https:\/\/elbschule.hamburg.de\/index.php?rest_route=\/wp\/v2\/pages\/2497","targetHints":{"allow":["GET"]}}],"collection":[{"href":"https:\/\/elbschule.hamburg.de\/index.php?rest_route=\/wp\/v2\/pages"}],"about":[{"href":"https:\/\/elbschule.hamburg.de\/index.php?rest_route=\/wp\/v2\/types\/page"}],"author":[{"embeddable":true,"href":"https:\/\/elbschule.hamburg.de\/index.php?rest_route=\/wp\/v2\/users\/207"}],"replies":[{"embeddable":true,"href":"https:\/\/elbschule.hamburg.de\/index.php?rest_route=%2Fwp%2Fv2%2Fcomments&post=2497"}],"version-history":[{"count":1,"href":"https:\/\/elbschule.hamburg.de\/index.php?rest_route=\/wp\/v2\/pages\/2497\/revisions"}],"predecessor-version":[{"id":2498,"href":"https:\/\/elbschule.hamburg.de\/index.php?rest_route=\/wp\/v2\/pages\/2497\/revisions\/2498"}],"wp:attachment":[{"href":"https:\/\/elbschule.hamburg.de\/index.php?rest_route=%2Fwp%2Fv2%2Fmedia&parent=2497"}],"curies":[{"name":"wp","href":"https:\/\/api.w.org\/{rel}","templated":true}]}}