{"id":2242,"date":"2019-11-05T19:56:42","date_gmt":"2019-11-05T19:56:42","guid":{"rendered":"https:\/\/elbschule.hamburg.de\/?page_id=2242"},"modified":"2019-11-06T07:32:43","modified_gmt":"2019-11-06T07:32:43","slug":"esther-bejarano-vom-maedchenorchester-in-auschwitz-zur-rap-band-gegen-rechts1","status":"publish","type":"page","link":"https:\/\/elbschule.hamburg.de\/?page_id=2242","title":{"rendered":"Esther Bejarano \u2013 Vom M\u00e4dchenorchester in Auschwitz zur Rap-Band gegen rechts[1]"},"content":{"rendered":"<p><a href=\"https:\/\/elbschule.hamburg.de\/wp-content\/uploads\/sites\/127\/2019\/11\/01.jpg\" data-rel=\"lightbox\" data-rl_title=\"\" data-rl_caption=\"\" title=\"\"><img loading=\"lazy\" decoding=\"async\" class=\"aligncenter wp-image-2243 size-full\" src=\"https:\/\/elbschule.hamburg.de\/wp-content\/uploads\/sites\/127\/2019\/11\/01.jpg\" alt=\"\" width=\"640\" height=\"427\" srcset=\"https:\/\/elbschule.hamburg.de\/wp-content\/uploads\/sites\/127\/2019\/11\/01.jpg 640w, https:\/\/elbschule.hamburg.de\/wp-content\/uploads\/sites\/127\/2019\/11\/01-300x200.jpg 300w, https:\/\/elbschule.hamburg.de\/wp-content\/uploads\/sites\/127\/2019\/11\/01-272x182.jpg 272w\" sizes=\"auto, (max-width: 640px) 100vw, 640px\" \/><\/a>Vergangenes durch authentische Berichte von Zeitzeugen erlebbar zu machen ist eine h\u00e4ufig praktizierte Methode an der Elbschule, die bei Sch\u00fcler\/innen gut ankommt.<\/p>\n<p><a href=\"https:\/\/elbschule.hamburg.de\/wp-content\/uploads\/sites\/127\/2019\/11\/11_Die-Initiatorinnen.jpg\" data-rel=\"lightbox\" data-rl_title=\"\" data-rl_caption=\"\" title=\"\"><img loading=\"lazy\" decoding=\"async\" class=\"alignright wp-image-2251 size-medium\" src=\"https:\/\/elbschule.hamburg.de\/wp-content\/uploads\/sites\/127\/2019\/11\/11_Die-Initiatorinnen-225x300.jpg\" alt=\"\" width=\"225\" height=\"300\" srcset=\"https:\/\/elbschule.hamburg.de\/wp-content\/uploads\/sites\/127\/2019\/11\/11_Die-Initiatorinnen-225x300.jpg 225w, https:\/\/elbschule.hamburg.de\/wp-content\/uploads\/sites\/127\/2019\/11\/11_Die-Initiatorinnen.jpg 640w\" sizes=\"auto, (max-width: 225px) 100vw, 225px\" \/><\/a>Im besten Fall geht die Initiative sogar von den Sch\u00fcler\/innen selbst aus.<br \/>\nIdal, Luan, Paulina und Samira aus Klasse 10b-I hatten mit der Referendarin Alice R\u00f6sch im letzten Schuljahr die prominente Esther Bejarano bei einer \u00f6ffentlichen Veranstaltung kennengelernt und an die Elbschule eingeladen. \u00dcber die Zusage der 93-J\u00e4hrigen hatten sie sich sehr gefreut und den Besuch im Vorfeld mit ihren Klassenkamerad\/innen gr\u00fcndlich vorbereitet.<\/p>\n<p>&nbsp;<\/p>\n<p>&nbsp;<\/p>\n<p><a href=\"https:\/\/elbschule.hamburg.de\/wp-content\/uploads\/sites\/127\/2019\/11\/06_Lesung.jpg\" data-rel=\"lightbox\" data-rl_title=\"\" data-rl_caption=\"\" title=\"\"><img loading=\"lazy\" decoding=\"async\" class=\"alignleft wp-image-2246 size-medium\" src=\"https:\/\/elbschule.hamburg.de\/wp-content\/uploads\/sites\/127\/2019\/11\/06_Lesung-300x200.jpg\" alt=\"\" width=\"300\" height=\"200\" srcset=\"https:\/\/elbschule.hamburg.de\/wp-content\/uploads\/sites\/127\/2019\/11\/06_Lesung-300x200.jpg 300w, https:\/\/elbschule.hamburg.de\/wp-content\/uploads\/sites\/127\/2019\/11\/06_Lesung-272x182.jpg 272w, https:\/\/elbschule.hamburg.de\/wp-content\/uploads\/sites\/127\/2019\/11\/06_Lesung.jpg 640w\" sizes=\"auto, (max-width: 300px) 100vw, 300px\" \/><\/a>Die au\u00dfergew\u00f6hnliche Lesung am 23.09.2019 wird den Anwesenden lange im Ged\u00e4chtnis bleiben. Esther Bejarano las in der Aula aus ihren Erinnerungen von einer unbeschwerten Kindheit in einem musikalischen j\u00fcdischen Elternhaus, vom Auseinanderrei\u00dfen der Familie und von Zwangsarbeit und Internierung in den Konzentrationslagern Auschwitz und Ravensbr\u00fcck.<br \/>\n<a href=\"https:\/\/elbschule.hamburg.de\/wp-content\/uploads\/sites\/127\/2019\/11\/02_Begr\u00fc\u00dfung-durch-Frau-Witte.jpg\" data-rel=\"lightbox\" data-rl_title=\"\" data-rl_caption=\"\" title=\"\"><img loading=\"lazy\" decoding=\"async\" class=\"size-thumbnail wp-image-2244 alignright\" src=\"https:\/\/elbschule.hamburg.de\/wp-content\/uploads\/sites\/127\/2019\/11\/02_Begr\u00fc\u00dfung-durch-Frau-Witte-150x150.jpg\" alt=\"\" width=\"150\" height=\"150\" srcset=\"https:\/\/elbschule.hamburg.de\/wp-content\/uploads\/sites\/127\/2019\/11\/02_Begr\u00fc\u00dfung-durch-Frau-Witte-150x150.jpg 150w, https:\/\/elbschule.hamburg.de\/wp-content\/uploads\/sites\/127\/2019\/11\/02_Begr\u00fc\u00dfung-durch-Frau-Witte-50x50.jpg 50w\" sizes=\"auto, (max-width: 150px) 100vw, 150px\" \/><\/a>Die Aufnahme in das M\u00e4dchenorchester von Auschwitz hatte der damals 18-j\u00e4hrigen Esther das Leben gerettet. Es gab etwas leichtere Haftbedingungen f\u00fcr die Aufgabe, Marschmusik, Volkslieder und Walzer f\u00fcr die SS-Schergen zu spielen. Besonders grausam war es, dass die jungen M\u00e4dchen regelm\u00e4\u00dfig bei Ankunft neuer Transporte am Tor stehen und musizieren mussten, bevor die Menschen in die Gaskammern gebracht wurden. Diese Bilder hat Esther Bejarano bis heute im Kopf. Die folgerichtige Frage eines Sch\u00fclers, ob sie durch diese starke psychische Belastung zu irgendeinem Zeitpunkt ihr Leben aufgegeben h\u00e4tte, verneinte sie jedoch vehement. Der Mut und die Kraft zum K\u00e4mpfen hatten diese starke Frau nie verlassen.<\/p>\n<p><a href=\"https:\/\/elbschule.hamburg.de\/wp-content\/uploads\/sites\/127\/2019\/11\/10_Dankesch\u00f6n.jpg\" data-rel=\"lightbox\" data-rl_title=\"\" data-rl_caption=\"\" title=\"\"><img loading=\"lazy\" decoding=\"async\" class=\"size-thumbnail wp-image-2250 alignright\" src=\"https:\/\/elbschule.hamburg.de\/wp-content\/uploads\/sites\/127\/2019\/11\/10_Dankesch\u00f6n-150x150.jpg\" alt=\"\" width=\"150\" height=\"150\" srcset=\"https:\/\/elbschule.hamburg.de\/wp-content\/uploads\/sites\/127\/2019\/11\/10_Dankesch\u00f6n-150x150.jpg 150w, https:\/\/elbschule.hamburg.de\/wp-content\/uploads\/sites\/127\/2019\/11\/10_Dankesch\u00f6n-50x50.jpg 50w\" sizes=\"auto, (max-width: 150px) 100vw, 150px\" \/><\/a>Die Befreiung kurz vor Kriegsende beschrieb Esther Bejarano als<br \/>\nihre zweite Geburt. Sie verbrachte die folgenden Jahre in Pal\u00e4stina\/ Israel, bis sie 1960 mit ihrem Mann, zwei Kindern und sehr gemischten Gef\u00fchlen zur\u00fcck nach Deutschland kam. Zun\u00e4chst vermied sie Unterhaltungen mit \u201enormalen\u201c deutschen Menschen, denn der Gedanke, dass dies die M\u00f6rder ihrer Eltern und Schwester sein k\u00f6nnten, \u00e4ngstigte sie noch f\u00fcr eine lange Zeit. Ob sie denn tats\u00e4chlich einen der SS-Verbrecher wiedergetroffen h\u00e4tte, beantwortete sie mit \u201eZum Gl\u00fcck nicht\u201c.<\/p>\n<p><a href=\"https:\/\/elbschule.hamburg.de\/wp-content\/uploads\/sites\/127\/2019\/11\/03.jpg\" data-rel=\"lightbox\" data-rl_title=\"\" data-rl_caption=\"\" title=\"\"><img loading=\"lazy\" decoding=\"async\" class=\"alignleft size-thumbnail wp-image-2245\" src=\"https:\/\/elbschule.hamburg.de\/wp-content\/uploads\/sites\/127\/2019\/11\/03-150x150.jpg\" alt=\"\" width=\"150\" height=\"150\" srcset=\"https:\/\/elbschule.hamburg.de\/wp-content\/uploads\/sites\/127\/2019\/11\/03-150x150.jpg 150w, https:\/\/elbschule.hamburg.de\/wp-content\/uploads\/sites\/127\/2019\/11\/03-50x50.jpg 50w\" sizes=\"auto, (max-width: 150px) 100vw, 150px\" \/><\/a>Esther Bejarano fand ihren eigenen Weg, mit den Rachegef\u00fchlen f\u00fcr das erlittene Unrecht und den Holocaust umzugehen und beschloss, sich der Aufkl\u00e4rung zu verschreiben. Bis heute ist sie als engagierte Zeitzeugin ehrenamtlich an Schulen, bei Lesungen und politischen Veranstaltungen zu Gast. Sie erhob ihre kr\u00e4ftige Stimme auch als politische S\u00e4ngerin in einer Rap-Band und wird selbst mit 93 Jahren nicht m\u00fcde, die Jugend zu Engagement und Widerstand gegen neuerliches Unrecht aufzurufen. Ihre deutliche Botschaft an die Elbsch\u00fclerInnen: \u201eWir m\u00fcssen k\u00e4mpfen f\u00fcr den Erhalt der Demokratie. Die Menschen auf der ganzen Welt d\u00fcrfen nicht schweigen!\u201c.<\/p>\n<p><a href=\"https:\/\/elbschule.hamburg.de\/wp-content\/uploads\/sites\/127\/2019\/11\/09_Gesang.jpg\" data-rel=\"lightbox\" data-rl_title=\"\" data-rl_caption=\"\" title=\"\"><img loading=\"lazy\" decoding=\"async\" class=\"size-thumbnail wp-image-2249 alignright\" src=\"https:\/\/elbschule.hamburg.de\/wp-content\/uploads\/sites\/127\/2019\/11\/09_Gesang-150x150.jpg\" alt=\"\" width=\"150\" height=\"150\" srcset=\"https:\/\/elbschule.hamburg.de\/wp-content\/uploads\/sites\/127\/2019\/11\/09_Gesang-150x150.jpg 150w, https:\/\/elbschule.hamburg.de\/wp-content\/uploads\/sites\/127\/2019\/11\/09_Gesang-50x50.jpg 50w\" sizes=\"auto, (max-width: 150px) 100vw, 150px\" \/><\/a>Die tief ber\u00fchrende Begegnung mit Esther Bejarano endete mit dem gemeinsamen Singen des alten Partisanenliedes \u201eBella Ciao\u201c \u2013 auf besonderen Wunsch von Idal, Luan, Paulina und Samira.<\/p>\n<p>&nbsp;<\/p>\n<p>&nbsp;<\/p>\n<p><a href=\"https:\/\/elbschule.hamburg.de\/wp-content\/uploads\/sites\/127\/2019\/11\/07_Gespr\u00e4ch.jpg\" data-rel=\"lightbox\" data-rl_title=\"\" data-rl_caption=\"\" title=\"\"><img loading=\"lazy\" decoding=\"async\" class=\"alignleft wp-image-2247 size-medium\" src=\"https:\/\/elbschule.hamburg.de\/wp-content\/uploads\/sites\/127\/2019\/11\/07_Gespr\u00e4ch-300x200.jpg\" alt=\"\" width=\"300\" height=\"200\" srcset=\"https:\/\/elbschule.hamburg.de\/wp-content\/uploads\/sites\/127\/2019\/11\/07_Gespr\u00e4ch-300x200.jpg 300w, https:\/\/elbschule.hamburg.de\/wp-content\/uploads\/sites\/127\/2019\/11\/07_Gespr\u00e4ch-272x182.jpg 272w, https:\/\/elbschule.hamburg.de\/wp-content\/uploads\/sites\/127\/2019\/11\/07_Gespr\u00e4ch.jpg 640w\" sizes=\"auto, (max-width: 300px) 100vw, 300px\" \/><\/a>Ein gro\u00dfes Dankesch\u00f6n an Esther Bejarano und an Klasse 10b-I f\u00fcr die beeindruckende Veranstaltung!<\/p>\n<p>&nbsp;<\/p>\n<p>&nbsp;<\/p>\n<p>&nbsp;<\/p>\n<p>Karin Perwo-A\u00dfmann<\/p>\n<p>&nbsp;<\/p>\n<p>&nbsp;<\/p>\n<p>[1] Der gleichnamige Titel der Erinnerungen von Esther Bejarano ist 2013 im LAIKA-Verlag Hamburg erschienen.<\/p>\n","protected":false},"excerpt":{"rendered":"<p>Vergangenes durch authentische Berichte von Zeitzeugen erlebbar zu machen ist eine h\u00e4ufig praktizierte Methode an der Elbschule, die bei Sch\u00fcler\/innen gut ankommt. Im besten Fall geht die Initiative sogar von den Sch\u00fcler\/innen selbst aus. Idal, Luan, Paulina und Samira aus Klasse 10b-I hatten mit der Referendarin Alice R\u00f6sch im letzten Schuljahr die prominente Esther Bejarano &hellip; <a href=\"https:\/\/elbschule.hamburg.de\/?page_id=2242\" class=\"more-link\"><span class=\"screen-reader-text\">Esther Bejarano \u2013 Vom M\u00e4dchenorchester in Auschwitz zur Rap-Band gegen rechts[1]<\/span> weiterlesen <span class=\"meta-nav\">&rarr;<\/span><\/a><\/p>\n","protected":false},"author":207,"featured_media":0,"parent":0,"menu_order":0,"comment_status":"closed","ping_status":"closed","template":"","meta":{"_acf_changed":false,"footnotes":""},"class_list":["post-2242","page","type-page","status-publish","hentry"],"acf":[],"_links":{"self":[{"href":"https:\/\/elbschule.hamburg.de\/index.php?rest_route=\/wp\/v2\/pages\/2242","targetHints":{"allow":["GET"]}}],"collection":[{"href":"https:\/\/elbschule.hamburg.de\/index.php?rest_route=\/wp\/v2\/pages"}],"about":[{"href":"https:\/\/elbschule.hamburg.de\/index.php?rest_route=\/wp\/v2\/types\/page"}],"author":[{"embeddable":true,"href":"https:\/\/elbschule.hamburg.de\/index.php?rest_route=\/wp\/v2\/users\/207"}],"replies":[{"embeddable":true,"href":"https:\/\/elbschule.hamburg.de\/index.php?rest_route=%2Fwp%2Fv2%2Fcomments&post=2242"}],"version-history":[{"count":0,"href":"https:\/\/elbschule.hamburg.de\/index.php?rest_route=\/wp\/v2\/pages\/2242\/revisions"}],"wp:attachment":[{"href":"https:\/\/elbschule.hamburg.de\/index.php?rest_route=%2Fwp%2Fv2%2Fmedia&parent=2242"}],"curies":[{"name":"wp","href":"https:\/\/api.w.org\/{rel}","templated":true}]}}