{"id":2206,"date":"2019-09-11T18:26:13","date_gmt":"2019-09-11T18:26:13","guid":{"rendered":"https:\/\/elbschule.hamburg.de\/?page_id=2206"},"modified":"2019-09-11T18:26:13","modified_gmt":"2019-09-11T18:26:13","slug":"streitschlichtung-an-der-elbschule","status":"publish","type":"page","link":"https:\/\/elbschule.hamburg.de\/?page_id=2206","title":{"rendered":"Streitschlichtung an der Elbschule"},"content":{"rendered":"<p><strong>Ausbildung<\/strong><br \/>\nDie Ausbildung in der Streitschlichtung dauert ein (Schul-)Jahr. Mit Herrn Dietz und Frau Schmidt \u00a0lernt und \u00fcbt man darin verschiedene Dinge in der Streitschlichtung, bspw. den Ablauf des Konfliktgespr\u00e4chs und wie man Kindern helfen kann, ihre Streitigkeiten zu l\u00f6sen. Man lernt die Regeln der Konfliktl\u00f6sung und wie man Streits auch bei gr\u00f6\u00dferen Gruppen l\u00f6sen kann. Das wird\u00a0 in Rollenspielen ge\u00fcbt.<\/p>\n<p><a href=\"https:\/\/elbschule.hamburg.de\/wp-content\/uploads\/sites\/127\/2019\/09\/Streitschlichter.jpg\" data-rel=\"lightbox\" data-rl_title=\"\" data-rl_caption=\"\" title=\"\"><img loading=\"lazy\" decoding=\"async\" class=\"wp-image-2207 size-medium alignleft\" src=\"https:\/\/elbschule.hamburg.de\/wp-content\/uploads\/sites\/127\/2019\/09\/Streitschlichter-300x225.jpg\" alt=\"\" width=\"300\" height=\"225\" srcset=\"https:\/\/elbschule.hamburg.de\/wp-content\/uploads\/sites\/127\/2019\/09\/Streitschlichter-300x225.jpg 300w, https:\/\/elbschule.hamburg.de\/wp-content\/uploads\/sites\/127\/2019\/09\/Streitschlichter.jpg 640w\" sizes=\"auto, (max-width: 300px) 100vw, 300px\" \/><\/a><\/p>\n<p>Am Ende der Ausbildung legen alle \u201eAzubis\u201c sowohl eine m\u00fcndliche, als auch eine praktische Pr\u00fcfung ab. Sie bekommen (bei bestandener Pr\u00fcfung) eine Urkunde und gelten fortan als vollwertige Streitschlichter*innen.<br \/>\nDie Ausbildung und Arbeit als Streitschlichter*in wird auch im Zeugnis vermerkt. Das kann f\u00fcr sp\u00e4tere Bewerbungen wichtig sein.<\/p>\n<p><strong>T\u00e4tigkeiten<\/strong><br \/>\nDie meisten Streitschlichter*innen\u00fcbernehmen 1-2 Pausen pro Woche den Dienst im Streitschlichterraum in der Hausmeisterwohnung.<br \/>\nSie treffen sich vor der Hausmeisterwohnung, ziehen sich die Streitschlichterwesten an, drehen eine Runde \u00fcber den Schulhof um zu zeigen, dass Streitschlichter*innen im Dienst sind und gehen dann zur\u00fcck in den Streitschlichterraum, wo sie auf eventuelle Streitf\u00e4lle warten.<\/p>\n<p>Was ist das Sch\u00f6nste an der Arbeit als Streitschlichterin?<br \/>\nMir gef\u00e4llt das Gef\u00fchl, geholfen zu haben, wenn ich einen Konflikt mit den betroffenen Sch\u00fcler\/innen l\u00f6sen konnte.<br \/>\nUnd auch die Ausfl\u00fcge gemeinsam mit den Sportassistent*innen und den anderen Streitschlichter*innen machen nat\u00fcrlich Spa\u00df. Wir sind alle zusammen in den Heidepark gefahren, das war besonders sch\u00f6n!<br \/>\nPaulina Patwardhan (Klasse 10b-I)<\/p>\n","protected":false},"excerpt":{"rendered":"<p>Ausbildung Die Ausbildung in der Streitschlichtung dauert ein (Schul-)Jahr. Mit Herrn Dietz und Frau Schmidt \u00a0lernt und \u00fcbt man darin verschiedene Dinge in der Streitschlichtung, bspw. den Ablauf des Konfliktgespr\u00e4chs und wie man Kindern helfen kann, ihre Streitigkeiten zu l\u00f6sen. Man lernt die Regeln der Konfliktl\u00f6sung und wie man Streits auch bei gr\u00f6\u00dferen Gruppen l\u00f6sen &hellip; <a href=\"https:\/\/elbschule.hamburg.de\/?page_id=2206\" class=\"more-link\"><span class=\"screen-reader-text\">Streitschlichtung an der Elbschule<\/span> weiterlesen <span class=\"meta-nav\">&rarr;<\/span><\/a><\/p>\n","protected":false},"author":207,"featured_media":0,"parent":0,"menu_order":0,"comment_status":"closed","ping_status":"closed","template":"","meta":{"_acf_changed":false,"footnotes":""},"class_list":["post-2206","page","type-page","status-publish","hentry"],"acf":[],"_links":{"self":[{"href":"https:\/\/elbschule.hamburg.de\/index.php?rest_route=\/wp\/v2\/pages\/2206","targetHints":{"allow":["GET"]}}],"collection":[{"href":"https:\/\/elbschule.hamburg.de\/index.php?rest_route=\/wp\/v2\/pages"}],"about":[{"href":"https:\/\/elbschule.hamburg.de\/index.php?rest_route=\/wp\/v2\/types\/page"}],"author":[{"embeddable":true,"href":"https:\/\/elbschule.hamburg.de\/index.php?rest_route=\/wp\/v2\/users\/207"}],"replies":[{"embeddable":true,"href":"https:\/\/elbschule.hamburg.de\/index.php?rest_route=%2Fwp%2Fv2%2Fcomments&post=2206"}],"version-history":[{"count":0,"href":"https:\/\/elbschule.hamburg.de\/index.php?rest_route=\/wp\/v2\/pages\/2206\/revisions"}],"wp:attachment":[{"href":"https:\/\/elbschule.hamburg.de\/index.php?rest_route=%2Fwp%2Fv2%2Fmedia&parent=2206"}],"curies":[{"name":"wp","href":"https:\/\/api.w.org\/{rel}","templated":true}]}}