{"id":2170,"date":"2019-06-27T07:36:01","date_gmt":"2019-06-27T07:36:01","guid":{"rendered":"https:\/\/elbschule.hamburg.de\/?page_id=2170"},"modified":"2019-06-27T08:30:08","modified_gmt":"2019-06-27T08:30:08","slug":"interview-mit-der-superklasse","status":"publish","type":"page","link":"https:\/\/elbschule.hamburg.de\/?page_id=2170","title":{"rendered":"Interview mit der Superklasse"},"content":{"rendered":"<figure id=\"attachment_2150\" aria-describedby=\"caption-attachment-2150\" style=\"width: 474px\" class=\"wp-caption aligncenter\"><img loading=\"lazy\" decoding=\"async\" class=\"size-large wp-image-2150\" src=\"https:\/\/elbschule.hamburg.de\/wp-content\/uploads\/sites\/127\/2019\/06\/unsere-Zeit-1024x571.png\" alt=\"\" width=\"474\" height=\"264\" srcset=\"https:\/\/elbschule.hamburg.de\/wp-content\/uploads\/sites\/127\/2019\/06\/unsere-Zeit-1024x571.png 1024w, https:\/\/elbschule.hamburg.de\/wp-content\/uploads\/sites\/127\/2019\/06\/unsere-Zeit-300x167.png 300w, https:\/\/elbschule.hamburg.de\/wp-content\/uploads\/sites\/127\/2019\/06\/unsere-Zeit-768x428.png 768w, https:\/\/elbschule.hamburg.de\/wp-content\/uploads\/sites\/127\/2019\/06\/unsere-Zeit-1038x576.png 1038w, https:\/\/elbschule.hamburg.de\/wp-content\/uploads\/sites\/127\/2019\/06\/unsere-Zeit.png 1280w\" sizes=\"auto, (max-width: 474px) 100vw, 474px\" \/><figcaption id=\"caption-attachment-2150\" class=\"wp-caption-text\">Foto: Annette und Neil Quinton<\/figcaption><\/figure>\n<p>Am 13. Juni feierte ein gro\u00dfes Publikum in der Elbschule die Premiere des Songs \u201eUnsere Zeit\u201c, den die Klasse IK-6-I mit Annette und Neil Quinton innerhalb des Projektes \u201eSuperklasse\u201c produziert hat.<\/p>\n<figure id=\"attachment_2149\" aria-describedby=\"caption-attachment-2149\" style=\"width: 474px\" class=\"wp-caption aligncenter\"><img loading=\"lazy\" decoding=\"async\" class=\"size-large wp-image-2149\" src=\"https:\/\/elbschule.hamburg.de\/wp-content\/uploads\/sites\/127\/2019\/06\/Superklasse-1024x574.png\" alt=\"\" width=\"474\" height=\"266\" srcset=\"https:\/\/elbschule.hamburg.de\/wp-content\/uploads\/sites\/127\/2019\/06\/Superklasse-1024x574.png 1024w, https:\/\/elbschule.hamburg.de\/wp-content\/uploads\/sites\/127\/2019\/06\/Superklasse-300x168.png 300w, https:\/\/elbschule.hamburg.de\/wp-content\/uploads\/sites\/127\/2019\/06\/Superklasse-768x430.png 768w, https:\/\/elbschule.hamburg.de\/wp-content\/uploads\/sites\/127\/2019\/06\/Superklasse.png 1280w\" sizes=\"auto, (max-width: 474px) 100vw, 474px\" \/><figcaption id=\"caption-attachment-2149\" class=\"wp-caption-text\">Foto: Annette und Neil Quinton<\/figcaption><\/figure>\n<p>Die Sch\u00fcler\/innen wurden dazu interviewt, es folgen Ausz\u00fcge aus dem Interview:<\/p>\n<p><strong>Der Song \u201eUnsere Zeit\u201c hat eine deutliche Botschaft zum Thema Klimaschutz. Wie seid ihr auf das Thema gekommen?<\/strong><\/p>\n<ul>\n<li><em>Weil wir dieses gro\u00dfe Problem haben, wollten wir neben \u201aFridays for future\u2018 einen Song dazu machen. (Ben)<\/em><\/li>\n<\/ul>\n<p><strong>Was habt ihr alles gemacht, damit dieser Song entstehen konnte?<\/strong><\/p>\n<ul>\n<li><em>Das waren viele Stunden, die wir in die Ideensammlung gesteckt haben. (Ben) <\/em><\/li>\n<li><em>Dann haben wir den Text geschrieben und im Tonstudio bei Neil unsere Stimmen einzeln aufgenommen. (Claas) <\/em><\/li>\n<li><em>Wir haben die Melodie komponiert, gerappt und gesungen. (Cedric)<\/em><\/li>\n<li><em>Das haben wir w\u00e4hrend der Schulzeit, aber auch in unserer Freizeit gemacht.(Minna)<\/em><\/li>\n<li><em>Zum Schluss kamen die Dreharbeiten f\u00fcr das Video. (Amal)<\/em><\/li>\n<\/ul>\n<p><strong>Was ist dir leicht gefallen?<\/strong><\/p>\n<ul>\n<li><em>Die Strophe zu geb\u00e4rden. (Lea Sophie) <\/em><\/li>\n<li><em>Das Rappen. (Chris)<\/em><\/li>\n<li><em>Das Schauspielern. (Amal, Evi und Minna)<\/em><\/li>\n<li><em> Die Drehorte zu \u00fcberlegen. (Ben) <\/em><\/li>\n<li><em>Das Singen. (Claas)<\/em><\/li>\n<\/ul>\n<p><strong>Was war schwierig f\u00fcr dich?<\/strong><\/p>\n<ul>\n<li><em>Das Singen, weil ich eine tiefe Stimme habe. (Amal) <\/em><\/li>\n<li><em>Konzentriert zu bleiben, weil man so viel wiederholen muss. (Cedric) <\/em><\/li>\n<li><em>Das Texten, weil es sich reimen und gut klingen muss. (Minna) <\/em><\/li>\n<li><em>Das Singen, weil das was Neues f\u00fcr mich war. (Ben)<\/em><\/li>\n<\/ul>\n<p><strong>Wer hat dich unterst\u00fctzt und ermutigt?<\/strong><\/p>\n<ul>\n<li><em>Beim Singen hat Neil immer gesagt: \u201eDas war jetzt schon richtig gut, aber jetzt machen wir es noch besser!\u201c (Evi) <\/em><\/li>\n<li><em>Annette meinte, ich kann wundersch\u00f6n singen. Ich habe es erst nicht geglaubt, aber als ich meine Stimme geh\u00f6rt habe, war ich erstaunt. (Lea Sophie) <\/em><\/li>\n<li><em>Annette und Neil haben mich ermutigt, das war gut. (Cedric)<\/em><\/li>\n<\/ul>\n<p><strong>Was war die sch\u00f6nste Erfahrung f\u00fcr dich bei diesem Projekt?<\/strong><\/p>\n<ul>\n<li><em>Das Ergebnis! (Chris) <\/em><\/li>\n<li><em>Das Singen! (Rasmus) <\/em><\/li>\n<li><em>Es hat so viel Spa\u00df gemacht! (Jan) <\/em><\/li>\n<li><em>Ich habe erfahren, dass ich gut singen kann. (Claas) <\/em><\/li>\n<li><em>Meine Stimme richtig gut im Tonstudio zu h\u00f6ren. (Evi) <\/em><\/li>\n<li><em>Das Schauspielern. (Minna)<\/em><\/li>\n<\/ul>\n<p><strong>Was gef\u00e4llt dir an dem Song?<\/strong><\/p>\n<ul>\n<li><em>Die tollen Stimmen unserer Klasse! (Lea Sophie) <\/em><\/li>\n<li><em>Die Botschaft! (Minna) <\/em><\/li>\n<li><em>Dass er wahr ist! (Rasmus) <\/em><\/li>\n<li><em>Er macht allen Menschen klar, dass man etwas gegen den Klimawandel tun sollte. (Cedric) <\/em><\/li>\n<li><em>Er ist cool. Gute Bilder, um die Leute zu bewegen, etwas zu \u00e4ndern. (Chris)<\/em><\/li>\n<\/ul>\n<p><strong>Was hat das mit eurer Klassengemeinschaft gemacht?<\/strong><\/p>\n<ul>\n<li><em>Wir sind viel mehr zusammen gewachsen! (Minna) <\/em><\/li>\n<li><em>Wir sind jetzt viel mehr eine Klassengemeinschaft. (Chris) <\/em><\/li>\n<li><em>Sie hat sich eindeutig verbessert! (Ben)<\/em><\/li>\n<\/ul>\n<p>Vielen Dank f\u00fcr eure Antworten! Ihr habt einen Supersong produziert! Ich w\u00fcnsche euch, dass eure Botschaft Geh\u00f6r findet\u2026<\/p>\n<p>Der Song ist zu h\u00f6ren und zu sehen (Untertitel) unter folgendem Link:<\/p>\n<p><iframe loading=\"lazy\" src=\"https:\/\/www.youtube.com\/embed\/uW0O9VIeapA\" width=\"560\" height=\"315\" frameborder=\"0\" allowfullscreen=\"allowfullscreen\"><\/iframe><\/p>\n<p>Katharina von Puttkamer<\/p>\n","protected":false},"excerpt":{"rendered":"<p>Am 13. Juni feierte ein gro\u00dfes Publikum in der Elbschule die Premiere des Songs \u201eUnsere Zeit\u201c, den die Klasse IK-6-I mit Annette und Neil Quinton innerhalb des Projektes \u201eSuperklasse\u201c produziert hat. Die Sch\u00fcler\/innen wurden dazu interviewt, es folgen Ausz\u00fcge aus dem Interview: Der Song \u201eUnsere Zeit\u201c hat eine deutliche Botschaft zum Thema Klimaschutz. Wie seid &hellip; <a href=\"https:\/\/elbschule.hamburg.de\/?page_id=2170\" class=\"more-link\"><span class=\"screen-reader-text\">Interview mit der Superklasse<\/span> weiterlesen <span class=\"meta-nav\">&rarr;<\/span><\/a><\/p>\n","protected":false},"author":206,"featured_media":0,"parent":0,"menu_order":0,"comment_status":"closed","ping_status":"closed","template":"","meta":{"_acf_changed":false,"footnotes":""},"class_list":["post-2170","page","type-page","status-publish","hentry"],"acf":[],"_links":{"self":[{"href":"https:\/\/elbschule.hamburg.de\/index.php?rest_route=\/wp\/v2\/pages\/2170","targetHints":{"allow":["GET"]}}],"collection":[{"href":"https:\/\/elbschule.hamburg.de\/index.php?rest_route=\/wp\/v2\/pages"}],"about":[{"href":"https:\/\/elbschule.hamburg.de\/index.php?rest_route=\/wp\/v2\/types\/page"}],"author":[{"embeddable":true,"href":"https:\/\/elbschule.hamburg.de\/index.php?rest_route=\/wp\/v2\/users\/206"}],"replies":[{"embeddable":true,"href":"https:\/\/elbschule.hamburg.de\/index.php?rest_route=%2Fwp%2Fv2%2Fcomments&post=2170"}],"version-history":[{"count":1,"href":"https:\/\/elbschule.hamburg.de\/index.php?rest_route=\/wp\/v2\/pages\/2170\/revisions"}],"predecessor-version":[{"id":2171,"href":"https:\/\/elbschule.hamburg.de\/index.php?rest_route=\/wp\/v2\/pages\/2170\/revisions\/2171"}],"wp:attachment":[{"href":"https:\/\/elbschule.hamburg.de\/index.php?rest_route=%2Fwp%2Fv2%2Fmedia&parent=2170"}],"curies":[{"name":"wp","href":"https:\/\/api.w.org\/{rel}","templated":true}]}}

<figure id="attachment_2150" aria-describedby="caption-attachment-2150" style="width: 474px" class="wp-caption aligncenter"><img loading="lazy" decoding="async" class="size-large wp-image-2150" src="https://elbschule.hamburg.de/wp-content/uploads/sites/127/2019/06/unsere-Zeit-1024x571.png" alt="" width="474" height="264" srcset="https://elbschule.hamburg.de/wp-content/uploads/sites/127/2019/06/unsere-Zeit-1024x571.png 1024w, https://elbschule.hamburg.de/wp-content/uploads/sites/127/2019/06/unsere-Zeit-300x167.png 300w, https://elbschule.hamburg.de/wp-content/uploads/sites/127/2019/06/unsere-Zeit-768x428.png 768w, https://elbschule.hamburg.de/wp-content/uploads/sites/127/2019/06/unsere-Zeit-1038x576.png 1038w, https://elbschule.hamburg.de/wp-content/uploads/sites/127/2019/06/unsere-Zeit.png 1280w" sizes="auto, (max-width: 474px) 100vw, 474px" /><figcaption id="caption-attachment-2150" class="wp-caption-text">Foto: Annette und Neil Quinton</figcaption></figure>
<p>Am 13. Juni feierte ein großes Publikum in der Elbschule die Premiere des Songs „Unsere Zeit“, den die Klasse IK-6-I mit Annette und Neil Quinton innerhalb des Projektes „Superklasse“ produziert hat.</p>
<figure id="attachment_2149" aria-describedby="caption-attachment-2149" style="width: 474px" class="wp-caption aligncenter"><img loading="lazy" decoding="async" class="size-large wp-image-2149" src="https://elbschule.hamburg.de/wp-content/uploads/sites/127/2019/06/Superklasse-1024x574.png" alt="" width="474" height="266" srcset="https://elbschule.hamburg.de/wp-content/uploads/sites/127/2019/06/Superklasse-1024x574.png 1024w, https://elbschule.hamburg.de/wp-content/uploads/sites/127/2019/06/Superklasse-300x168.png 300w, https://elbschule.hamburg.de/wp-content/uploads/sites/127/2019/06/Superklasse-768x430.png 768w, https://elbschule.hamburg.de/wp-content/uploads/sites/127/2019/06/Superklasse.png 1280w" sizes="auto, (max-width: 474px) 100vw, 474px" /><figcaption id="caption-attachment-2149" class="wp-caption-text">Foto: Annette und Neil Quinton</figcaption></figure>
<p>Die Schüler/innen wurden dazu interviewt, es folgen Auszüge aus dem Interview:</p>
<p><strong>Der Song „Unsere Zeit“ hat eine deutliche Botschaft zum Thema Klimaschutz. Wie seid ihr auf das Thema gekommen?</strong></p>
<ul>
<li><em>Weil wir dieses große Problem haben, wollten wir neben ‚Fridays for future‘ einen Song dazu machen. (Ben)</em></li>
</ul>
<p><strong>Was habt ihr alles gemacht, damit dieser Song entstehen konnte?</strong></p>
<ul>
<li><em>Das waren viele Stunden, die wir in die Ideensammlung gesteckt haben. (Ben) </em></li>
<li><em>Dann haben wir den Text geschrieben und im Tonstudio bei Neil unsere Stimmen einzeln aufgenommen. (Claas) </em></li>
<li><em>Wir haben die Melodie komponiert, gerappt und gesungen. (Cedric)</em></li>
<li><em>Das haben wir während der Schulzeit, aber auch in unserer Freizeit gemacht.(Minna)</em></li>
<li><em>Zum Schluss kamen die Dreharbeiten für das Video. (Amal)</em></li>
</ul>
<p><strong>Was ist dir leicht gefallen?</strong></p>
<ul>
<li><em>Die Strophe zu gebärden. (Lea Sophie) </em></li>
<li><em>Das Rappen. (Chris)</em></li>
<li><em>Das Schauspielern. (Amal, Evi und Minna)</em></li>
<li><em> Die Drehorte zu überlegen. (Ben) </em></li>
<li><em>Das Singen. (Claas)</em></li>
</ul>
<p><strong>Was war schwierig für dich?</strong></p>
<ul>
<li><em>Das Singen, weil ich eine tiefe Stimme habe. (Amal) </em></li>
<li><em>Konzentriert zu bleiben, weil man so viel wiederholen muss. (Cedric) </em></li>
<li><em>Das Texten, weil es sich reimen und gut klingen muss. (Minna) </em></li>
<li><em>Das Singen, weil das was Neues für mich war. (Ben)</em></li>
</ul>
<p><strong>Wer hat dich unterstützt und ermutigt?</strong></p>
<ul>
<li><em>Beim Singen hat Neil immer gesagt: „Das war jetzt schon richtig gut, aber jetzt machen wir es noch besser!“ (Evi) </em></li>
<li><em>Annette meinte, ich kann wunderschön singen. Ich habe es erst nicht geglaubt, aber als ich meine Stimme gehört habe, war ich erstaunt. (Lea Sophie) </em></li>
<li><em>Annette und Neil haben mich ermutigt, das war gut. (Cedric)</em></li>
</ul>
<p><strong>Was war die schönste Erfahrung für dich bei diesem Projekt?</strong></p>
<ul>
<li><em>Das Ergebnis! (Chris) </em></li>
<li><em>Das Singen! (Rasmus) </em></li>
<li><em>Es hat so viel Spaß gemacht! (Jan) </em></li>
<li><em>Ich habe erfahren, dass ich gut singen kann. (Claas) </em></li>
<li><em>Meine Stimme richtig gut im Tonstudio zu hören. (Evi) </em></li>
<li><em>Das Schauspielern. (Minna)</em></li>
</ul>
<p><strong>Was gefällt dir an dem Song?</strong></p>
<ul>
<li><em>Die tollen Stimmen unserer Klasse! (Lea Sophie) </em></li>
<li><em>Die Botschaft! (Minna) </em></li>
<li><em>Dass er wahr ist! (Rasmus) </em></li>
<li><em>Er macht allen Menschen klar, dass man etwas gegen den Klimawandel tun sollte. (Cedric) </em></li>
<li><em>Er ist cool. Gute Bilder, um die Leute zu bewegen, etwas zu ändern. (Chris)</em></li>
</ul>
<p><strong>Was hat das mit eurer Klassengemeinschaft gemacht?</strong></p>
<ul>
<li><em>Wir sind viel mehr zusammen gewachsen! (Minna) </em></li>
<li><em>Wir sind jetzt viel mehr eine Klassengemeinschaft. (Chris) </em></li>
<li><em>Sie hat sich eindeutig verbessert! (Ben)</em></li>
</ul>
<p>Vielen Dank für eure Antworten! Ihr habt einen Supersong produziert! Ich wünsche euch, dass eure Botschaft Gehör findet…</p>
<p>Der Song ist zu hören und zu sehen (Untertitel) unter folgendem Link:</p>
<p><iframe loading="lazy" src="https://www.youtube.com/embed/uW0O9VIeapA" width="560" height="315" frameborder="0" allowfullscreen="allowfullscreen"></iframe></p>
<p>Katharina von Puttkamer</p>

<p>Am 13. Juni feierte ein großes Publikum in der Elbschule die Premiere des Songs „Unsere Zeit“, den die Klasse IK-6-I mit Annette und Neil Quinton innerhalb des Projektes „Superklasse“ produziert hat. Die Schüler/innen wurden dazu interviewt, es folgen Auszüge aus dem Interview: Der Song „Unsere Zeit“ hat eine deutliche Botschaft zum Thema Klimaschutz. Wie seid &hellip; <a href="https://elbschule.hamburg.de/?page_id=2170" class="more-link"><span class="screen-reader-text">Interview mit der Superklasse</span> weiterlesen <span class="meta-nav">&rarr;</span></a></p>
