{"id":1453,"date":"2018-02-07T16:38:41","date_gmt":"2018-02-07T16:38:41","guid":{"rendered":"http:\/\/elbschule.hamburg.de\/?page_id=1453"},"modified":"2018-02-20T15:03:13","modified_gmt":"2018-02-20T15:03:13","slug":"was-haben-superhelden-mit-gesunder-ernaehrung-zu-tun","status":"publish","type":"page","link":"https:\/\/elbschule.hamburg.de\/?page_id=1453","title":{"rendered":"Was haben Superhelden mit gesunder Ern\u00e4hrung zu tun?"},"content":{"rendered":"<h5>Vorwort:<\/h5>\n<p>Die Klassen 5\/6F- I und 7F-I haben sich gemeinsam jeden Donnerstag Vormittag in Form von jahrgangs\u00fcbergreifendem Projektunterricht mit dem Thema \u201egesunde Ern\u00e4hrung\u201c auseinandergesetzt. Die Einheiten bauten aufeinander auf. Zu einigen Themen haben die Sch\u00fclerinnen und Sch\u00fcler kurze Berichte verfasst, die sie hier auf dieser Seite finden k\u00f6nnen.<\/p>\n<p>Das Halbjahr ist zu Ende und nun auch die gesunde Ern\u00e4hrung vorbei? Nein, wir sind gerade dabei Rezepte mit gesunden und leckeren Snacks auszuprobieren&#8230;.<br \/>\n<em>Katharina K\u00f6tke &amp; Katrin B\u00f6ttjer<\/em><\/p>\n<h6>Einstieg in das Thema: Markenprodukt vs. No-Name-Produkt<\/h6>\n<p><img loading=\"lazy\" decoding=\"async\" class=\"aligncenter size-medium wp-image-1459\" src=\"https:\/\/elbschule.hamburg.de\/wp-content\/uploads\/sites\/127\/2018\/02\/IMG_9191-300x225.jpg\" alt=\"\" width=\"300\" height=\"225\" srcset=\"https:\/\/elbschule.hamburg.de\/wp-content\/uploads\/sites\/127\/2018\/02\/IMG_9191-300x225.jpg 300w, https:\/\/elbschule.hamburg.de\/wp-content\/uploads\/sites\/127\/2018\/02\/IMG_9191-768x576.jpg 768w, https:\/\/elbschule.hamburg.de\/wp-content\/uploads\/sites\/127\/2018\/02\/IMG_9191-1024x768.jpg 1024w, https:\/\/elbschule.hamburg.de\/wp-content\/uploads\/sites\/127\/2018\/02\/IMG_9191.jpg 2048w\" sizes=\"auto, (max-width: 300px) 100vw, 300px\" \/><\/p>\n<p>Als erstes haben wir uns kennengelernt (Klasse 5\/6F und Klasse 7F). Dann haben wir die Unterschiede zwischen einem Markenprodukt und einem No-Name-Produkt gelernt.<br \/>\nMein Partner und ich sind in den Supermarkt gegangen und haben 2 Getr\u00e4nke gekauft: 1x Freeway und 1x Sprite.<\/p>\n<p><img loading=\"lazy\" decoding=\"async\" class=\" wp-image-1460 alignright\" src=\"https:\/\/elbschule.hamburg.de\/wp-content\/uploads\/sites\/127\/2018\/02\/IMG_9192-225x300.jpg\" alt=\"\" width=\"209\" height=\"279\" srcset=\"https:\/\/elbschule.hamburg.de\/wp-content\/uploads\/sites\/127\/2018\/02\/IMG_9192-225x300.jpg 225w, https:\/\/elbschule.hamburg.de\/wp-content\/uploads\/sites\/127\/2018\/02\/IMG_9192-768x1024.jpg 768w, https:\/\/elbschule.hamburg.de\/wp-content\/uploads\/sites\/127\/2018\/02\/IMG_9192.jpg 1536w\" sizes=\"auto, (max-width: 209px) 100vw, 209px\" \/><\/p>\n<p>Jede Gruppe hat verschiedene Marktenprodukte und No-Name-Produkte gkauft. Alle haben dann probiert z.B. Chips oder Milchreis.<\/p>\n<p>No-Name-Produkte &amp; Markenprodukte haben \u00e4hnlich geschmeckt und wir konnten nicht wissen was das Markenprodukt oder No-Name-Produkt ist, da wir die Augen verbunden hatten.<\/p>\n<p>&nbsp;<\/p>\n<p>&nbsp;<\/p>\n<p><img loading=\"lazy\" decoding=\"async\" class=\" wp-image-1462 alignleft\" src=\"https:\/\/elbschule.hamburg.de\/wp-content\/uploads\/sites\/127\/2018\/02\/IMG_9197-300x225.jpg\" alt=\"\" width=\"191\" height=\"143\" srcset=\"https:\/\/elbschule.hamburg.de\/wp-content\/uploads\/sites\/127\/2018\/02\/IMG_9197-300x225.jpg 300w, https:\/\/elbschule.hamburg.de\/wp-content\/uploads\/sites\/127\/2018\/02\/IMG_9197-768x576.jpg 768w, https:\/\/elbschule.hamburg.de\/wp-content\/uploads\/sites\/127\/2018\/02\/IMG_9197-1024x768.jpg 1024w, https:\/\/elbschule.hamburg.de\/wp-content\/uploads\/sites\/127\/2018\/02\/IMG_9197.jpg 2048w\" sizes=\"auto, (max-width: 191px) 100vw, 191px\" \/> <img loading=\"lazy\" decoding=\"async\" class=\"wp-image-1461 alignleft\" src=\"https:\/\/elbschule.hamburg.de\/wp-content\/uploads\/sites\/127\/2018\/02\/IMG_9202-300x225.jpg\" alt=\"\" width=\"192\" height=\"144\" srcset=\"https:\/\/elbschule.hamburg.de\/wp-content\/uploads\/sites\/127\/2018\/02\/IMG_9202-300x225.jpg 300w, https:\/\/elbschule.hamburg.de\/wp-content\/uploads\/sites\/127\/2018\/02\/IMG_9202-768x576.jpg 768w, https:\/\/elbschule.hamburg.de\/wp-content\/uploads\/sites\/127\/2018\/02\/IMG_9202-1024x768.jpg 1024w, https:\/\/elbschule.hamburg.de\/wp-content\/uploads\/sites\/127\/2018\/02\/IMG_9202.jpg 2048w\" sizes=\"auto, (max-width: 192px) 100vw, 192px\" \/><\/p>\n<p>&nbsp;<\/p>\n<p>&nbsp;<\/p>\n<p>&nbsp;<\/p>\n<p>&nbsp;<\/p>\n<p>Markenprodukte sind teurer als No-Name-Produkte.<\/p>\n<p>von Joenna und Sabrina<\/p>\n<p>&nbsp;<\/p>\n<p><strong>2. Stunde: Ern\u00e4hrungspyramide<\/strong><\/p>\n<p>Die Ern\u00e4hrungspyramide zeigt einem, wie viel man von den Produkten essen darf. Was sich in der Ern\u00e4hrungspyramide ganz unten befindet soll man viel essen. Das was in der Mitte ist soll man m\u00e4\u00dfig essen. Das was sich ganz oben ist soll man wenig essen.<br \/>\nHier sieht man Ern\u00e4hrungspyramide, und die Lebensmittel.<\/p>\n<p><img loading=\"lazy\" decoding=\"async\" class=\"aligncenter size-medium wp-image-1464\" src=\"https:\/\/elbschule.hamburg.de\/wp-content\/uploads\/sites\/127\/2018\/02\/IMG_9362-300x225.jpg\" alt=\"\" width=\"300\" height=\"225\" srcset=\"https:\/\/elbschule.hamburg.de\/wp-content\/uploads\/sites\/127\/2018\/02\/IMG_9362-300x225.jpg 300w, https:\/\/elbschule.hamburg.de\/wp-content\/uploads\/sites\/127\/2018\/02\/IMG_9362-768x576.jpg 768w, https:\/\/elbschule.hamburg.de\/wp-content\/uploads\/sites\/127\/2018\/02\/IMG_9362-1024x768.jpg 1024w, https:\/\/elbschule.hamburg.de\/wp-content\/uploads\/sites\/127\/2018\/02\/IMG_9362.jpg 1280w\" sizes=\"auto, (max-width: 300px) 100vw, 300px\" \/><\/p>\n<p>F\u00fcr den K\u00f6rper ist Wasser am Wichtigsten mindestens 2 Liter am Tag.<\/p>\n<p><img loading=\"lazy\" decoding=\"async\" class=\"size-medium wp-image-1466 aligncenter\" src=\"https:\/\/elbschule.hamburg.de\/wp-content\/uploads\/sites\/127\/2018\/02\/IMG_9364-225x300.jpg\" alt=\"\" width=\"225\" height=\"300\" srcset=\"https:\/\/elbschule.hamburg.de\/wp-content\/uploads\/sites\/127\/2018\/02\/IMG_9364-225x300.jpg 225w, https:\/\/elbschule.hamburg.de\/wp-content\/uploads\/sites\/127\/2018\/02\/IMG_9364-768x1024.jpg 768w, https:\/\/elbschule.hamburg.de\/wp-content\/uploads\/sites\/127\/2018\/02\/IMG_9364.jpg 1536w\" sizes=\"auto, (max-width: 225px) 100vw, 225px\" \/><\/p>\n<p>von Miko<\/p>\n<p>Sie sind auf den &#8222;Geschmack&#8220; gekommen und m\u00f6chten noch mehr \u00fcber Wasser, Eier, Fitness, Zucker, N\u00e4hrstoffe und Superhelden erfahren? Dann klicken Sie hier:<\/p>\n<p><a href=\"https:\/\/elbschule.hamburg.de\/?page_id=1454\" target=\"_blank\" rel=\"noopener\"><strong>Wasser <\/strong>von Eserali und Masud<\/a><\/p>\n<p><a href=\"https:\/\/elbschule.hamburg.de\/?page_id=1456\" target=\"_blank\" rel=\"noopener\"><strong>Milch und Ei <\/strong>von Yilmaz und Jamilur<\/a><\/p>\n<p><a href=\"https:\/\/elbschule.hamburg.de\/?page_id=1455\" target=\"_blank\" rel=\"noopener\"><strong>Wie fit bist du? <\/strong>von Julius<\/a><\/p>\n<p><a href=\"https:\/\/elbschule.hamburg.de\/?page_id=1457\" target=\"_blank\" rel=\"noopener\"><strong>DAS haben Superhelden mit gesunder Ern\u00e4hrung zu tun!<\/strong> von Esra und Hasan<\/a><\/p>\n<p><a href=\"https:\/\/elbschule.hamburg.de\/?page_id=1458\" target=\"_blank\" rel=\"noopener\"><strong>Zucker <\/strong>von Jana und Julie<\/a><\/p>\n<p>&nbsp;<\/p>\n","protected":false},"excerpt":{"rendered":"<p>Vorwort: Die Klassen 5\/6F- I und 7F-I haben sich gemeinsam jeden Donnerstag Vormittag in Form von jahrgangs\u00fcbergreifendem Projektunterricht mit dem Thema \u201egesunde Ern\u00e4hrung\u201c auseinandergesetzt. Die Einheiten bauten aufeinander auf. Zu einigen Themen haben die Sch\u00fclerinnen und Sch\u00fcler kurze Berichte verfasst, die sie hier auf dieser Seite finden k\u00f6nnen. Das Halbjahr ist zu Ende und nun &hellip; <a href=\"https:\/\/elbschule.hamburg.de\/?page_id=1453\" class=\"more-link\"><span class=\"screen-reader-text\">Was haben Superhelden mit gesunder Ern\u00e4hrung zu tun?<\/span> weiterlesen <span class=\"meta-nav\">&rarr;<\/span><\/a><\/p>\n","protected":false},"author":206,"featured_media":0,"parent":0,"menu_order":0,"comment_status":"closed","ping_status":"closed","template":"","meta":{"_acf_changed":false,"footnotes":""},"class_list":["post-1453","page","type-page","status-publish","hentry"],"acf":[],"_links":{"self":[{"href":"https:\/\/elbschule.hamburg.de\/index.php?rest_route=\/wp\/v2\/pages\/1453","targetHints":{"allow":["GET"]}}],"collection":[{"href":"https:\/\/elbschule.hamburg.de\/index.php?rest_route=\/wp\/v2\/pages"}],"about":[{"href":"https:\/\/elbschule.hamburg.de\/index.php?rest_route=\/wp\/v2\/types\/page"}],"author":[{"embeddable":true,"href":"https:\/\/elbschule.hamburg.de\/index.php?rest_route=\/wp\/v2\/users\/206"}],"replies":[{"embeddable":true,"href":"https:\/\/elbschule.hamburg.de\/index.php?rest_route=%2Fwp%2Fv2%2Fcomments&post=1453"}],"version-history":[{"count":0,"href":"https:\/\/elbschule.hamburg.de\/index.php?rest_route=\/wp\/v2\/pages\/1453\/revisions"}],"wp:attachment":[{"href":"https:\/\/elbschule.hamburg.de\/index.php?rest_route=%2Fwp%2Fv2%2Fmedia&parent=1453"}],"curies":[{"name":"wp","href":"https:\/\/api.w.org\/{rel}","templated":true}]}}