{"id":1402,"date":"2017-09-11T18:24:47","date_gmt":"2017-09-11T18:24:47","guid":{"rendered":"http:\/\/elbschule.hamburg.de\/?page_id=1402"},"modified":"2017-09-11T18:58:18","modified_gmt":"2017-09-11T18:58:18","slug":"einschulungen-2017-willkommen-an-bord","status":"publish","type":"page","link":"https:\/\/elbschule.hamburg.de\/?page_id=1402","title":{"rendered":"Einschulungen 2017: Willkommen an Bord!"},"content":{"rendered":"<figure id=\"attachment_1404\" aria-describedby=\"caption-attachment-1404\" style=\"width: 300px\" class=\"wp-caption alignleft\"><a href=\"https:\/\/elbschule.hamburg.de\/wp-content\/uploads\/sites\/127\/2017\/09\/Sambatrommeln-zur-Begruessung-e1505155423355.jpg\" data-rel=\"lightbox\" data-rl_title=\"\" data-rl_caption=\"\" title=\"\"><img loading=\"lazy\" decoding=\"async\" class=\"wp-image-1404 size-medium\" src=\"https:\/\/elbschule.hamburg.de\/wp-content\/uploads\/sites\/127\/2017\/09\/Sambatrommeln-zur-Begruessung-300x200.jpg\" alt=\"\" width=\"300\" height=\"200\" \/><\/a><figcaption id=\"caption-attachment-1404\" class=\"wp-caption-text\">Sambatrommeln zur Begruessung<\/figcaption><\/figure>\n<p>Die Sch\u00fcler\/innen der inklusiven Klasse 6\/7 hatten unter derLeitungvon Frau Jacobsen-Nels die Sambatrommeln vor dem Haupteingang aufgebaut: Lautstark und mitrei\u00dfend begr\u00fc\u00dften sie so am 4. September die 14 Jugendlichen der neuen inklusiven Klasse 5 und ihre Familien an der Elbschule.<\/p>\n<figure id=\"attachment_1411\" aria-describedby=\"caption-attachment-1411\" style=\"width: 300px\" class=\"wp-caption alignright\"><a href=\"https:\/\/elbschule.hamburg.de\/wp-content\/uploads\/sites\/127\/2017\/09\/Die-K\u00f6nigin-der-Farben-1-e1505155612464.jpg\" data-rel=\"lightbox\" data-rl_title=\"\" data-rl_caption=\"\" title=\"\"><img loading=\"lazy\" decoding=\"async\" class=\"wp-image-1411 size-medium\" src=\"https:\/\/elbschule.hamburg.de\/wp-content\/uploads\/sites\/127\/2017\/09\/Die-K\u00f6nigin-der-Farben-1-300x200.jpg\" alt=\"\" width=\"300\" height=\"200\" \/><\/a><figcaption id=\"caption-attachment-1411\" class=\"wp-caption-text\">Die K\u00f6nigin der Farben<\/figcaption><\/figure>\n<p>&nbsp;<\/p>\n<p>Einen Tag sp\u00e4ter, am 5. September, wurden sechs Vorschulkinder und 21 Grundsch\u00fcler\/innen feierlich in der Aula eingeschult. Das sind deutlich mehr Kinder als zuvor, denn erstmalig gibt es auch in der Grundschule eine inklusive erste Klasse mit 13 Kindern. Alle bestaunten gebannt die \u201eK\u00f6nigin der Farben\u201c, die bunte Tr\u00e4nen weinen konnte (Theaterst\u00fcck der 4. Klassen) und den \u201eKleinen wei\u00dfen Fisch\u201c der 3. Klasse.<\/p>\n<p>Herzlich willkommen den neuen Kindern, Jugendlichen und ihren Familien in der Elbschulgemeinschaft!<\/p>\n<figure id=\"attachment_1408\" aria-describedby=\"caption-attachment-1408\" style=\"width: 474px\" class=\"wp-caption aligncenter\"><a href=\"https:\/\/elbschule.hamburg.de\/wp-content\/uploads\/sites\/127\/2017\/09\/VSK-mit-Frau-Rump-Wollesen-und-Herrn-Rajabi-e1505155733145.jpg\" data-rel=\"lightbox\" data-rl_title=\"\" data-rl_caption=\"\" title=\"\"><img loading=\"lazy\" decoding=\"async\" class=\"wp-image-1408 size-large\" src=\"https:\/\/elbschule.hamburg.de\/wp-content\/uploads\/sites\/127\/2017\/09\/VSK-mit-Frau-Rump-Wollesen-und-Herrn-Rajabi-1024x683.jpg\" alt=\"\" width=\"474\" height=\"316\" \/><\/a><figcaption id=\"caption-attachment-1408\" class=\"wp-caption-text\">VSK mit Frau Rump-Wollesen und Herrn Rajabi<\/figcaption><\/figure>\n<figure id=\"attachment_1407\" aria-describedby=\"caption-attachment-1407\" style=\"width: 474px\" class=\"wp-caption aligncenter\"><a href=\"https:\/\/elbschule.hamburg.de\/wp-content\/uploads\/sites\/127\/2017\/09\/Kl.-E1-II-mit-Frau-Kuhlmann-und-Frau-Ernesti-e1505155796972.jpg\" data-rel=\"lightbox\" data-rl_title=\"\" data-rl_caption=\"\" title=\"\"><img loading=\"lazy\" decoding=\"async\" class=\"wp-image-1407 size-large\" src=\"https:\/\/elbschule.hamburg.de\/wp-content\/uploads\/sites\/127\/2017\/09\/Kl.-E1-II-mit-Frau-Kuhlmann-und-Frau-Ernesti-1024x683.jpg\" alt=\"\" width=\"474\" height=\"316\" \/><\/a><figcaption id=\"caption-attachment-1407\" class=\"wp-caption-text\">Kl. E1-II mit Frau Kuhlmann und Frau Ernesti<\/figcaption><\/figure>\n<figure id=\"attachment_1406\" aria-describedby=\"caption-attachment-1406\" style=\"width: 474px\" class=\"wp-caption aligncenter\"><a href=\"https:\/\/elbschule.hamburg.de\/wp-content\/uploads\/sites\/127\/2017\/09\/Kl.-1-I-mit-Frau-Nierzak-e1505155921855.jpg\" data-rel=\"lightbox\" data-rl_title=\"\" data-rl_caption=\"\" title=\"\"><img loading=\"lazy\" decoding=\"async\" class=\"wp-image-1406 size-large\" src=\"https:\/\/elbschule.hamburg.de\/wp-content\/uploads\/sites\/127\/2017\/09\/Kl.-1-I-mit-Frau-Nierzak-1024x683.jpg\" alt=\"\" width=\"474\" height=\"316\" \/><\/a><figcaption id=\"caption-attachment-1406\" class=\"wp-caption-text\">Kl. 1-I mit Frau Nierzak<\/figcaption><\/figure>\n<figure id=\"attachment_1405\" aria-describedby=\"caption-attachment-1405\" style=\"width: 474px\" class=\"wp-caption aligncenter\"><a href=\"https:\/\/elbschule.hamburg.de\/wp-content\/uploads\/sites\/127\/2017\/09\/Inklusive-Kl.-1-mit-Frau-Scoenmakers-und-Frau-Boegemann-e1505156035291.jpg\" data-rel=\"lightbox\" data-rl_title=\"\" data-rl_caption=\"\" title=\"\"><img loading=\"lazy\" decoding=\"async\" class=\"wp-image-1405 size-large\" src=\"https:\/\/elbschule.hamburg.de\/wp-content\/uploads\/sites\/127\/2017\/09\/Inklusive-Kl.-1-mit-Frau-Scoenmakers-und-Frau-Boegemann-1024x683.jpg\" alt=\"\" width=\"474\" height=\"316\" \/><\/a><figcaption id=\"caption-attachment-1405\" class=\"wp-caption-text\">Inklusive Kl. 1 mit Frau Schoenmakers und Frau Boegemann<\/figcaption><\/figure>\n<figure id=\"attachment_1403\" aria-describedby=\"caption-attachment-1403\" style=\"width: 474px\" class=\"wp-caption aligncenter\"><a href=\"https:\/\/elbschule.hamburg.de\/wp-content\/uploads\/sites\/127\/2017\/09\/Inklusive-Kl.-5-e1505156187988.jpg\" data-rel=\"lightbox\" data-rl_title=\"\" data-rl_caption=\"\" title=\"\"><img loading=\"lazy\" decoding=\"async\" class=\"wp-image-1403 size-large\" src=\"https:\/\/elbschule.hamburg.de\/wp-content\/uploads\/sites\/127\/2017\/09\/Inklusive-Kl.-5-1024x683.jpg\" alt=\"\" width=\"474\" height=\"316\" \/><\/a><figcaption id=\"caption-attachment-1403\" class=\"wp-caption-text\">Inklusive Kl. 5<\/figcaption><\/figure>\n","protected":false},"excerpt":{"rendered":"<p>Die Sch\u00fcler\/innen der inklusiven Klasse 6\/7 hatten unter derLeitungvon Frau Jacobsen-Nels die Sambatrommeln vor dem Haupteingang aufgebaut: Lautstark und mitrei\u00dfend begr\u00fc\u00dften sie so am 4. September die 14 Jugendlichen der neuen inklusiven Klasse 5 und ihre Familien an der Elbschule. &nbsp; Einen Tag sp\u00e4ter, am 5. September, wurden sechs Vorschulkinder und 21 Grundsch\u00fcler\/innen feierlich in &hellip; <a href=\"https:\/\/elbschule.hamburg.de\/?page_id=1402\" class=\"more-link\"><span class=\"screen-reader-text\">Einschulungen 2017: Willkommen an Bord!<\/span> weiterlesen <span class=\"meta-nav\">&rarr;<\/span><\/a><\/p>\n","protected":false},"author":207,"featured_media":0,"parent":0,"menu_order":0,"comment_status":"closed","ping_status":"closed","template":"","meta":{"_acf_changed":false,"footnotes":""},"class_list":["post-1402","page","type-page","status-publish","hentry"],"acf":[],"_links":{"self":[{"href":"https:\/\/elbschule.hamburg.de\/index.php?rest_route=\/wp\/v2\/pages\/1402","targetHints":{"allow":["GET"]}}],"collection":[{"href":"https:\/\/elbschule.hamburg.de\/index.php?rest_route=\/wp\/v2\/pages"}],"about":[{"href":"https:\/\/elbschule.hamburg.de\/index.php?rest_route=\/wp\/v2\/types\/page"}],"author":[{"embeddable":true,"href":"https:\/\/elbschule.hamburg.de\/index.php?rest_route=\/wp\/v2\/users\/207"}],"replies":[{"embeddable":true,"href":"https:\/\/elbschule.hamburg.de\/index.php?rest_route=%2Fwp%2Fv2%2Fcomments&post=1402"}],"version-history":[{"count":1,"href":"https:\/\/elbschule.hamburg.de\/index.php?rest_route=\/wp\/v2\/pages\/1402\/revisions"}],"predecessor-version":[{"id":1412,"href":"https:\/\/elbschule.hamburg.de\/index.php?rest_route=\/wp\/v2\/pages\/1402\/revisions\/1412"}],"wp:attachment":[{"href":"https:\/\/elbschule.hamburg.de\/index.php?rest_route=%2Fwp%2Fv2%2Fmedia&parent=1402"}],"curies":[{"name":"wp","href":"https:\/\/api.w.org\/{rel}","templated":true}]}}

<figure id="attachment_1404" aria-describedby="caption-attachment-1404" style="width: 300px" class="wp-caption alignleft"><a href="https://elbschule.hamburg.de/wp-content/uploads/sites/127/2017/09/Sambatrommeln-zur-Begruessung-e1505155423355.jpg" data-rel="lightbox" data-rl_title="" data-rl_caption="" title=""><img loading="lazy" decoding="async" class="wp-image-1404 size-medium" src="https://elbschule.hamburg.de/wp-content/uploads/sites/127/2017/09/Sambatrommeln-zur-Begruessung-300x200.jpg" alt="" width="300" height="200" /></a><figcaption id="caption-attachment-1404" class="wp-caption-text">Sambatrommeln zur Begruessung</figcaption></figure>
<p>Die Schüler/innen der inklusiven Klasse 6/7 hatten unter derLeitungvon Frau Jacobsen-Nels die Sambatrommeln vor dem Haupteingang aufgebaut: Lautstark und mitreißend begrüßten sie so am 4. September die 14 Jugendlichen der neuen inklusiven Klasse 5 und ihre Familien an der Elbschule.</p>
<figure id="attachment_1411" aria-describedby="caption-attachment-1411" style="width: 300px" class="wp-caption alignright"><a href="https://elbschule.hamburg.de/wp-content/uploads/sites/127/2017/09/Die-Königin-der-Farben-1-e1505155612464.jpg" data-rel="lightbox" data-rl_title="" data-rl_caption="" title=""><img loading="lazy" decoding="async" class="wp-image-1411 size-medium" src="https://elbschule.hamburg.de/wp-content/uploads/sites/127/2017/09/Die-Königin-der-Farben-1-300x200.jpg" alt="" width="300" height="200" /></a><figcaption id="caption-attachment-1411" class="wp-caption-text">Die Königin der Farben</figcaption></figure>
<p>&nbsp;</p>
<p>Einen Tag später, am 5. September, wurden sechs Vorschulkinder und 21 Grundschüler/innen feierlich in der Aula eingeschult. Das sind deutlich mehr Kinder als zuvor, denn erstmalig gibt es auch in der Grundschule eine inklusive erste Klasse mit 13 Kindern. Alle bestaunten gebannt die „Königin der Farben“, die bunte Tränen weinen konnte (Theaterstück der 4. Klassen) und den „Kleinen weißen Fisch“ der 3. Klasse.</p>
<p>Herzlich willkommen den neuen Kindern, Jugendlichen und ihren Familien in der Elbschulgemeinschaft!</p>
<figure id="attachment_1408" aria-describedby="caption-attachment-1408" style="width: 474px" class="wp-caption aligncenter"><a href="https://elbschule.hamburg.de/wp-content/uploads/sites/127/2017/09/VSK-mit-Frau-Rump-Wollesen-und-Herrn-Rajabi-e1505155733145.jpg" data-rel="lightbox" data-rl_title="" data-rl_caption="" title=""><img loading="lazy" decoding="async" class="wp-image-1408 size-large" src="https://elbschule.hamburg.de/wp-content/uploads/sites/127/2017/09/VSK-mit-Frau-Rump-Wollesen-und-Herrn-Rajabi-1024x683.jpg" alt="" width="474" height="316" /></a><figcaption id="caption-attachment-1408" class="wp-caption-text">VSK mit Frau Rump-Wollesen und Herrn Rajabi</figcaption></figure>
<figure id="attachment_1407" aria-describedby="caption-attachment-1407" style="width: 474px" class="wp-caption aligncenter"><a href="https://elbschule.hamburg.de/wp-content/uploads/sites/127/2017/09/Kl.-E1-II-mit-Frau-Kuhlmann-und-Frau-Ernesti-e1505155796972.jpg" data-rel="lightbox" data-rl_title="" data-rl_caption="" title=""><img loading="lazy" decoding="async" class="wp-image-1407 size-large" src="https://elbschule.hamburg.de/wp-content/uploads/sites/127/2017/09/Kl.-E1-II-mit-Frau-Kuhlmann-und-Frau-Ernesti-1024x683.jpg" alt="" width="474" height="316" /></a><figcaption id="caption-attachment-1407" class="wp-caption-text">Kl. E1-II mit Frau Kuhlmann und Frau Ernesti</figcaption></figure>
<figure id="attachment_1406" aria-describedby="caption-attachment-1406" style="width: 474px" class="wp-caption aligncenter"><a href="https://elbschule.hamburg.de/wp-content/uploads/sites/127/2017/09/Kl.-1-I-mit-Frau-Nierzak-e1505155921855.jpg" data-rel="lightbox" data-rl_title="" data-rl_caption="" title=""><img loading="lazy" decoding="async" class="wp-image-1406 size-large" src="https://elbschule.hamburg.de/wp-content/uploads/sites/127/2017/09/Kl.-1-I-mit-Frau-Nierzak-1024x683.jpg" alt="" width="474" height="316" /></a><figcaption id="caption-attachment-1406" class="wp-caption-text">Kl. 1-I mit Frau Nierzak</figcaption></figure>
<figure id="attachment_1405" aria-describedby="caption-attachment-1405" style="width: 474px" class="wp-caption aligncenter"><a href="https://elbschule.hamburg.de/wp-content/uploads/sites/127/2017/09/Inklusive-Kl.-1-mit-Frau-Scoenmakers-und-Frau-Boegemann-e1505156035291.jpg" data-rel="lightbox" data-rl_title="" data-rl_caption="" title=""><img loading="lazy" decoding="async" class="wp-image-1405 size-large" src="https://elbschule.hamburg.de/wp-content/uploads/sites/127/2017/09/Inklusive-Kl.-1-mit-Frau-Scoenmakers-und-Frau-Boegemann-1024x683.jpg" alt="" width="474" height="316" /></a><figcaption id="caption-attachment-1405" class="wp-caption-text">Inklusive Kl. 1 mit Frau Schoenmakers und Frau Boegemann</figcaption></figure>
<figure id="attachment_1403" aria-describedby="caption-attachment-1403" style="width: 474px" class="wp-caption aligncenter"><a href="https://elbschule.hamburg.de/wp-content/uploads/sites/127/2017/09/Inklusive-Kl.-5-e1505156187988.jpg" data-rel="lightbox" data-rl_title="" data-rl_caption="" title=""><img loading="lazy" decoding="async" class="wp-image-1403 size-large" src="https://elbschule.hamburg.de/wp-content/uploads/sites/127/2017/09/Inklusive-Kl.-5-1024x683.jpg" alt="" width="474" height="316" /></a><figcaption id="caption-attachment-1403" class="wp-caption-text">Inklusive Kl. 5</figcaption></figure>

<p>Die Schüler/innen der inklusiven Klasse 6/7 hatten unter derLeitungvon Frau Jacobsen-Nels die Sambatrommeln vor dem Haupteingang aufgebaut: Lautstark und mitreißend begrüßten sie so am 4. September die 14 Jugendlichen der neuen inklusiven Klasse 5 und ihre Familien an der Elbschule. &nbsp; Einen Tag später, am 5. September, wurden sechs Vorschulkinder und 21 Grundschüler/innen feierlich in &hellip; <a href="https://elbschule.hamburg.de/?page_id=1402" class="more-link"><span class="screen-reader-text">Einschulungen 2017: Willkommen an Bord!</span> weiterlesen <span class="meta-nav">&rarr;</span></a></p>
