{"id":1134,"date":"2016-12-18T11:47:14","date_gmt":"2016-12-18T11:47:14","guid":{"rendered":"http:\/\/elbschule.hamburg.de\/?page_id=1134"},"modified":"2016-12-18T11:47:14","modified_gmt":"2016-12-18T11:47:14","slug":"die-inklusionsklasse","status":"publish","type":"page","link":"https:\/\/elbschule.hamburg.de\/?page_id=1134","title":{"rendered":"Die Inklusionsklasse"},"content":{"rendered":"<p><a href=\"https:\/\/elbschule.hamburg.de\/wp-content\/uploads\/sites\/127\/2016\/12\/Inklusionsklasse.jpg\" data-rel=\"lightbox\" data-rl_title=\"\" data-rl_caption=\"\" title=\"\"><img loading=\"lazy\" decoding=\"async\" class=\"alignleft size-full wp-image-1123\" src=\"https:\/\/elbschule.hamburg.de\/wp-content\/uploads\/sites\/127\/2016\/12\/Inklusionsklasse.jpg\" alt=\"\" width=\"640\" height=\"360\" srcset=\"https:\/\/elbschule.hamburg.de\/wp-content\/uploads\/sites\/127\/2016\/12\/Inklusionsklasse.jpg 640w, https:\/\/elbschule.hamburg.de\/wp-content\/uploads\/sites\/127\/2016\/12\/Inklusionsklasse-300x169.jpg 300w\" sizes=\"auto, (max-width: 640px) 100vw, 640px\" \/><\/a><\/p>\n<p>Am 1. September 2016 sind zum ersten Mal sieben h\u00f6rende Sch\u00fcler in die Elbschule &#8211; Bildungszentrum H\u00f6ren und Kommunikation &#8211; eingeschult worden. Sie sind jetzt in Klasse 5 unter dem Namen \u201eInklusionsklasse\u201c. Die Klasse 5 besteht nun aus sieben h\u00f6renden Sch\u00fcler\/innen und sieben Sch\u00fcler\/innen mit einer H\u00f6rbehinderung. Sie lernen gemeinsam in einer Klasse bei den Klassenlehrern Frau Schmidt und Herrn H\u00fcer. Die h\u00f6renden Sch\u00fclerinnen und Sch\u00fcler tragen aber auch eine FM-Anlage, so dass auch die schwerh\u00f6rigen Sch\u00fcler\/innen besser verstehen, was gesagt wird.<\/p>\n<p>Wir wollten mal wissen, wie das so klappt und haben die h\u00f6renden Sch\u00fcler\/innen befragt:<\/p>\n<p><strong>Interviews mit den neuen h\u00f6renden Sch\u00fcler\/innen<\/strong><\/p>\n<p><strong>\u00a0<\/strong><strong>&#8211; Was ist f\u00fcr dich das Besondere an dieser Schule? <\/strong><\/p>\n<ul>\n<li>Dass nur wenige Kinder an der Schule sind.<\/li>\n<li>Dass viele Sch\u00fcler\/innen geh\u00f6rlos sind.<\/li>\n<li>Dass viele H\u00f6rger\u00e4te tragen.<\/li>\n<li>In der Sporthalle ist es sehr leise.<\/li>\n<li>In der Schule ist es ruhig und ich m\u00f6chte Geb\u00e4rden lernen.<\/li>\n<li>Alles ist anders und neu, aber auch sehr interessant.<\/li>\n<\/ul>\n<p><strong>-Warum hast du dich f\u00fcr diese Schule entschieden?<\/strong><\/p>\n<ul>\n<li>Mein Vater hat mir von dieser Schule erz\u00e4hlt und es ist interessant in einer Schule mit den H\u00f6rgesch\u00e4digten zu sein.<\/li>\n<li>Weil es spannend ist mit einer H\u00f6rbehinderung umzugehen und die Geb\u00e4rdensprache kennenzulernen.<\/li>\n<li>Ich m\u00f6chte diese Schule besuchen, weil ich es sehr interessant finde mit Sch\u00fclern mit einer H\u00f6rbehinderung zu lernen.<\/li>\n<li>Ich kannte einen Sch\u00fcler aus meiner Grundschule, den dort Frau Rohlfs begleitet hatte. Ich wollte schon immer eine Schule besuchen mit einer H\u00f6rbehinderung.<\/li>\n<li>Weil ich Geb\u00e4rdensprache lernen m\u00f6chte.<\/li>\n<li>Ich finde diese Schule sehr interessant und ich m\u00f6chte diese Deutsche Geb\u00e4rdensprache lernen.<\/li>\n<li>Ich hab mich f\u00fcr diese Schule entschieden, weil meine Mutter mir davon erz\u00e4hlt hat. Als ich zum ersten Mal in dieser Schule war, dachte ich, ich will diese Schule besuchen.<\/li>\n<li>Ich fand die Schule sehr interessant und mit den anderen geh\u00f6rlosen Sch\u00fclern zu kommunizieren.<\/li>\n<\/ul>\n<p><strong>&#8211; Was ist in dieser Schule gut?<\/strong><\/p>\n<ul>\n<li>Dass die Lehrer und Lehrerinnen sehr nett sind.<\/li>\n<li>Dass es kein Problem gibt, wenn man mit einem schwerh\u00f6rigen Sch\u00fcler arbeitet.<\/li>\n<li>Dass diese Schule bunt ist mit H\u00f6renden, Schwerh\u00f6rigen und Geh\u00f6rlosen.<\/li>\n<li>Dass es zwei Lehrr\u00e4ume und zwei Lehrer gibt beim Unterricht.<\/li>\n<li>Weil es 2 Lehrer\/in gibt. Es ist besser f\u00fcr mich. So was gab in meiner Grundschule nicht.<\/li>\n<li>Es ist eigentlich alles gut.<\/li>\n<li>Dass die Mensa nicht so laut ist wie in meiner alten Grundschule.<strong>\u00a0<\/strong><\/li>\n<\/ul>\n<p><strong>-Gibt es Dinge, die du nicht gut findest?<\/strong><\/p>\n<ul>\n<li>Dass es im Restaurant oft so eine lange Schlange gibt.<\/li>\n<li>Nein, alles bestens<\/li>\n<li>Nein<\/li>\n<li>Nein, mir f\u00e4llt nix ein<\/li>\n<li>Eigentlich nicht<\/li>\n<\/ul>\n<p><strong>-Wie ist die Stimmung in deiner Klasse?<\/strong><\/p>\n<ul>\n<li>Sehr gut, es gibt keine Schwierigkeiten in meiner Klasse.<\/li>\n<li>Super<\/li>\n<li>Sehr gut, mich st\u00f6rt es gar nicht, dass meine Klasse gemischt ist. Ich finde es sogar sehr spannend und super.<\/li>\n<li>Ja sehr gut.<\/li>\n<li>Die Jungs aus meiner Klasse nerven manchmal ein bisschen, trotzdem mag ich meine Klasse.<\/li>\n<li>Meine Klasse ist gut.<\/li>\n<li>Die Klasse ist super<\/li>\n<\/ul>\n<p><strong>-Welche Schwierigkeiten gibt es bei der Kommunikation mit deinen h\u00f6rgesch\u00e4digten Mitsch\u00fclerinnen und Mitsch\u00fcler?<\/strong><\/p>\n<ul>\n<li>Gibt es nicht.<\/li>\n<li>Nein, ich kann meine Mitsch\u00fcler gut verstehen oder mich unterhalten.<\/li>\n<li>Im Klassenraum ist es kein Problem, aber au\u00dferhalb meiner Klasse kann schon sein, weil ich noch nicht geb\u00e4rden kann.<\/li>\n<li>Nein, gibt es nicht.<\/li>\n<li>Es gibt bis jetzt keine Probleme.<\/li>\n<li>Eigentlich nicht, ich kann alles bisher gut verstehen.<\/li>\n<li>Es gibt keine Schwierigkeiten mit meiner Klasse.<\/li>\n<\/ul>\n<p><strong>-Wie findest du das Geb\u00e4ude der Elbschule?<\/strong><\/p>\n<ul>\n<li>Die Schule sieht sehr sch\u00f6n und super aus.<\/li>\n<li>Gut, weil ich nicht mehr das Geb\u00e4ude verlassen muss und das andere Geb\u00e4ude wechseln, wenn ich zur Sporthalle will zum Beispiel. Diese Schule ist mit allen Geb\u00e4uden verbunden, naja au\u00dfer mit dem Musikpavillon, aber trotzdem.<\/li>\n<li>Die Schule sieht aus wie ein Krankenhaus, aber trotzdem sieht die Schule super aus.<\/li>\n<li>Gut, weil die Schule riesig ist.<\/li>\n<li>Sehr sch\u00f6n, vielleicht wenn es bunter wird im Klassenraum zum Beispiel mehr Blumen oder mehr Bilder.<\/li>\n<li>Ich finde diese Schule sehr sch\u00f6n.<\/li>\n<li>Es sieht sehr sch\u00f6n und gro\u00df aus.<\/li>\n<\/ul>\n<p><strong>-Welche Note w\u00fcrdest du der Schule geben? Begr\u00fcnde deine Entscheidungen.<\/strong><\/p>\n<ul>\n<li>Eine 1- bis eine 2+ m\u00f6chte ich geben, weil diese Schule eine gute Schule ist.<\/li>\n<li>Eine 1+ ,weil diese Schule mir sehr gut gef\u00e4llt.<\/li>\n<li>Eine 1+ ,weil ich mir keine bessere Schule vorstellen k\u00f6nnte.<\/li>\n<li>Eine 2 ,weil ich es auch so glaube.<\/li>\n<li>Eine 1 ,weil es alles toll ist, leckeres Essen und einfach alles.<\/li>\n<li>Eine 1+, weil diese Schule toll ist und wir hier alles haben f\u00fcr eine perfekte Schule.<\/li>\n<li>Eine 1 ,weil die Schule sch\u00f6n und gro\u00df ist und der Unterricht viel besser als in meiner alten Grundschule.<\/li>\n<\/ul>\n<p><strong><u>Unsere pers\u00f6nliche Meinung (Kommentar)<br \/>\n<\/u><\/strong>Bislang scheinen alle Sch\u00fcler\/innen in der Klasse 5 zufrieden zu sein. Die Kommunikation klappt ohne gro\u00dfe Probleme und laut der Sch\u00fcler\/innen ist eine super gute Stimmung in der Klasse.<\/p>\n<p>Ich bin sehr erstaunt, dass alle h\u00f6renden Sch\u00fclerinnen und Sch\u00fcler mit der Schule zufrieden sind. Vor allem, dass die h\u00f6renden Sch\u00fcler\/innen Respekt haben vor den Kindern mit einer Behinderung. Die H\u00f6renden der Inklusionsklasse sind freundlich, nett und hilfsbereit zu den anderen. Das h\u00e4tte ich nicht gedacht, dass die h\u00f6renden Sch\u00fcler\/innen bereit sind und Lust haben die Deutsche Geb\u00e4rdensprache (DGS)zu lernen.<\/p>\n<p><strong>Ein gro\u00dfer Applaus an die Inklusionsklasse!<\/strong><\/p>\n<p>Von Heinrich Peter<\/p>\n<p>Die Interviews und die Berichte wurden von Oleks K. und Heinrich Peter H. durchgef\u00fchrt und berichtet.<\/p>\n","protected":false},"excerpt":{"rendered":"<p>Am 1. September 2016 sind zum ersten Mal sieben h\u00f6rende Sch\u00fcler in die Elbschule &#8211; Bildungszentrum H\u00f6ren und Kommunikation &#8211; eingeschult worden. Sie sind jetzt in Klasse 5 unter dem Namen \u201eInklusionsklasse\u201c. Die Klasse 5 besteht nun aus sieben h\u00f6renden Sch\u00fcler\/innen und sieben Sch\u00fcler\/innen mit einer H\u00f6rbehinderung. Sie lernen gemeinsam in einer Klasse bei den &hellip; <a href=\"https:\/\/elbschule.hamburg.de\/?page_id=1134\" class=\"more-link\"><span class=\"screen-reader-text\">Die Inklusionsklasse<\/span> weiterlesen <span class=\"meta-nav\">&rarr;<\/span><\/a><\/p>\n","protected":false},"author":207,"featured_media":0,"parent":0,"menu_order":0,"comment_status":"closed","ping_status":"closed","template":"","meta":{"_acf_changed":false,"footnotes":""},"class_list":["post-1134","page","type-page","status-publish","hentry"],"acf":[],"_links":{"self":[{"href":"https:\/\/elbschule.hamburg.de\/index.php?rest_route=\/wp\/v2\/pages\/1134","targetHints":{"allow":["GET"]}}],"collection":[{"href":"https:\/\/elbschule.hamburg.de\/index.php?rest_route=\/wp\/v2\/pages"}],"about":[{"href":"https:\/\/elbschule.hamburg.de\/index.php?rest_route=\/wp\/v2\/types\/page"}],"author":[{"embeddable":true,"href":"https:\/\/elbschule.hamburg.de\/index.php?rest_route=\/wp\/v2\/users\/207"}],"replies":[{"embeddable":true,"href":"https:\/\/elbschule.hamburg.de\/index.php?rest_route=%2Fwp%2Fv2%2Fcomments&post=1134"}],"version-history":[{"count":0,"href":"https:\/\/elbschule.hamburg.de\/index.php?rest_route=\/wp\/v2\/pages\/1134\/revisions"}],"wp:attachment":[{"href":"https:\/\/elbschule.hamburg.de\/index.php?rest_route=%2Fwp%2Fv2%2Fmedia&parent=1134"}],"curies":[{"name":"wp","href":"https:\/\/api.w.org\/{rel}","templated":true}]}}