{"id":1131,"date":"2016-12-18T11:27:09","date_gmt":"2016-12-18T11:27:09","guid":{"rendered":"http:\/\/elbschule.hamburg.de\/?page_id=1131"},"modified":"2017-06-02T08:25:16","modified_gmt":"2017-06-02T08:25:16","slug":"donald-trump","status":"publish","type":"page","link":"https:\/\/elbschule.hamburg.de\/?page_id=1131","title":{"rendered":"Donald Trump"},"content":{"rendered":"<p><em><strong>Auch der Pr\u00e4sident kann nicht alles!<\/strong><br \/>\n<\/em>Vor einigen Monaten haben wenige geglaubt, dass der reiche<br \/>\nGesch\u00e4ftsmann Trump zum neuen Pr\u00e4sident der Vereinigten Staaten\u00a0gew\u00e4hlt wird.<br \/>\nDer 70j\u00e4hriger Donald Trump wird <strong><em>45. US-Pr\u00e4sident<\/em><\/strong> von der Republikanischen Partei und Nachfolger von Barack Obama.<br \/>\nAm 20. Januar 2017 wird Trump als neuer US-Pr\u00e4sident vereidigt und damit wird seine Amtszeit beginnen.<\/p>\n<p><strong>\u00a0\u00a0\u00a0\u00a0\u00a0\u00a0\u00a0\u00a0\u00a0\u00a0\u00a0\u00a0\u00a0\u00a0\u00a0\u00a0\u00a0\u00a0\u00a0\u00a0\u00a0\u00a0\u00a0\u00a0\u00a0\u00a0\u00a0\u00a0\u00a0\u00a0\u00a0\u00a0\u00a0\u00a0\u00a0\u00a0\u00a0\u00a0\u00a0\u00a0\u00a0\u00a0\u00a0\u00a0\u00a0\u00a0\u00a0\u00a0\u00a0\u00a0\u00a0\u00a0\u00a0\u00a0\u00a0\u00a0\u00a0\u00a0\u00a0\u00a0\u00a0\u00a0\u00a0\u00a0\u00a0\u00a0\u00a0\u00a0\u00a0\u00a0\u00a0\u00a0\u00a0\u00a0\u00a0\u00a0\u00a0\u00a0 Von Samira<\/strong><\/p>\n<p><strong>\u00a0<\/strong><strong>Wer ist dieser Mann? \u2026fragt sich Heinrich Peter:<\/strong><\/p>\n<p>Ich habe einen Steckbrief gefunden, als ich Donald Trump recherchiert habe. Ich denke, ich habe viele Informationen rausgesucht, die euch interessieren k\u00f6nnten<\/p>\n<p><strong>Steckbrief:<\/strong><\/p>\n<ul>\n<li><strong> Name: Donald John Trump<\/strong><\/li>\n<li><strong> Geburtsdatum: 14. Juni 1946<\/strong><\/li>\n<li><strong> Geburtstort: New York in USA<\/strong><\/li>\n<li><strong> Nationalit\u00e4t: US-amerikanisch<\/strong><\/li>\n<li><strong> Sternzeichen: Zwillinge<\/strong><\/li>\n<li><strong> Gr\u00f6\u00dfe des K\u00f6rper: 1,88 Meter<\/strong><\/li>\n<li><strong> Spitzname: The Donald, The Don, Trumpster, DJT<\/strong><\/li>\n<li><strong> Haarfarbe: Blond<\/strong><\/li>\n<li><strong> Augenfarbe: blau<\/strong><\/li>\n<li><strong> Religion: Christ<\/strong><\/li>\n<li><strong> Beruf: Unternehmer und Politiker<\/strong><\/li>\n<li><strong> Partei: Republikaner<\/strong><\/li>\n<li><strong> Ehefrauen:<\/strong><\/li>\n<\/ul>\n<p><strong>o\u00a0\u00a0\u00a0\u00a0\u00a0\u00a0 -Ivana Marie Zeln\u00ed\u010dkov\u00e1 (1977-1992)<br \/>\n<\/strong><strong>o\u00a0\u00a0\u00a0\u00a0\u00a0\u00a0 -Marla Maples (1993-1999)<br \/>\n<\/strong><strong>o\u00a0\u00a0\u00a0\u00a0\u00a0\u00a0 -Melania Knauss (seit 2005)<\/strong><\/p>\n<ul>\n<li><strong> Kinder:<br \/>\n<\/strong><strong>o\u00a0\u00a0\u00a0\u00a0\u00a0\u00a0 -Don (1977)<br \/>\n<\/strong><strong>o\u00a0\u00a0\u00a0\u00a0\u00a0\u00a0 -Eric (1984)<br \/>\n<\/strong><strong>o\u00a0\u00a0\u00a0\u00a0\u00a0\u00a0 -Ivanka (1981)<br \/>\n<\/strong><strong>o\u00a0\u00a0\u00a0\u00a0\u00a0\u00a0 -Tiffany (1993)<br \/>\n<\/strong><strong>o\u00a0\u00a0\u00a0\u00a0\u00a0\u00a0 -Barron William (2006)<\/strong><\/li>\n<\/ul>\n<ul>\n<li><strong> Studium: Wirtschaftswissenschaften (Bachelor)<\/strong><\/li>\n<li><strong> Verm\u00f6gen: 3,7 Milliarden Dollar<\/strong><\/li>\n<li><strong> Alter: 70 Jahre alt<\/strong><\/li>\n<\/ul>\n","protected":false},"excerpt":{"rendered":"<p>Auch der Pr\u00e4sident kann nicht alles! Vor einigen Monaten haben wenige geglaubt, dass der reiche Gesch\u00e4ftsmann Trump zum neuen Pr\u00e4sident der Vereinigten Staaten\u00a0gew\u00e4hlt wird. Der 70j\u00e4hriger Donald Trump wird 45. US-Pr\u00e4sident von der Republikanischen Partei und Nachfolger von Barack Obama. Am 20. Januar 2017 wird Trump als neuer US-Pr\u00e4sident vereidigt und damit wird seine Amtszeit &hellip; <a href=\"https:\/\/elbschule.hamburg.de\/?page_id=1131\" class=\"more-link\"><span class=\"screen-reader-text\">Donald Trump<\/span> weiterlesen <span class=\"meta-nav\">&rarr;<\/span><\/a><\/p>\n","protected":false},"author":207,"featured_media":0,"parent":0,"menu_order":0,"comment_status":"closed","ping_status":"closed","template":"","meta":{"_acf_changed":false,"footnotes":""},"class_list":["post-1131","page","type-page","status-publish","hentry"],"acf":[],"_links":{"self":[{"href":"https:\/\/elbschule.hamburg.de\/index.php?rest_route=\/wp\/v2\/pages\/1131","targetHints":{"allow":["GET"]}}],"collection":[{"href":"https:\/\/elbschule.hamburg.de\/index.php?rest_route=\/wp\/v2\/pages"}],"about":[{"href":"https:\/\/elbschule.hamburg.de\/index.php?rest_route=\/wp\/v2\/types\/page"}],"author":[{"embeddable":true,"href":"https:\/\/elbschule.hamburg.de\/index.php?rest_route=\/wp\/v2\/users\/207"}],"replies":[{"embeddable":true,"href":"https:\/\/elbschule.hamburg.de\/index.php?rest_route=%2Fwp%2Fv2%2Fcomments&post=1131"}],"version-history":[{"count":0,"href":"https:\/\/elbschule.hamburg.de\/index.php?rest_route=\/wp\/v2\/pages\/1131\/revisions"}],"wp:attachment":[{"href":"https:\/\/elbschule.hamburg.de\/index.php?rest_route=%2Fwp%2Fv2%2Fmedia&parent=1131"}],"curies":[{"name":"wp","href":"https:\/\/api.w.org\/{rel}","templated":true}]}}